{"id":100033,"date":"2026-01-03T19:42:15","date_gmt":"2026-01-03T19:42:15","guid":{"rendered":"https:\/\/alekeskus.eu\/?post_type=product&#038;p=100033"},"modified":"2026-03-03T19:58:23","modified_gmt":"2026-03-03T19:58:23","slug":"aiakuur-vilano-46-alekeskus","status":"publish","type":"product","link":"https:\/\/alekeskus.eu\/et\/toode\/aiakuur-vilano-46-alekeskus\/","title":{"rendered":"Aiakuur Vilano 4,6 m\u00b2 + katusealune ja t\u00f6\u00f6riistakapp"},"content":{"rendered":"<p>V\u00c4RVIMISE TEENUSE KIRJELDUS:<\/p>\n<p>Sein v\u00e4rvitakse 3-st k\u00fcljest, ka punnsooned. 4 standardv\u00e4rvi: rootsi punane, s\u00fcsihall, helehall, roheline. Sisepind j\u00e4\u00e4b naturaalseks. Maja nurgad on v\u00e4rvitud igast k\u00fcljest. V\u00e4rvitakse 2 kihti. \u27a2 P\u00f5randa- ja laelauad ning p\u00e4rlinid j\u00e4\u00e4vad v\u00e4rvimata. \u27a2 Aknad ja uksed v\u00e4rvitakse valgeks igast k\u00fcljest. \u27a2 K\u00f5ik v\u00e4lised liistud (viilulauad ja liistud) v\u00e4rvitakse valgeks. \u27a2 Kvaliteetne v\u00e4rv tuntud Saksa tootjalt OSMO<\/p>\n<p>V\u00e4rvitud tootel on pikem tellimisaeg viimistlemata tootest.<\/p>\n","protected":false},"excerpt":{"rendered":"<p>V\u00e4lism\u00f5\u00f5dud: <strong>2,2<\/strong><b> x 2,2 m + katusealune ja t\u00f6\u00f6riistakapp. <\/b>Harja\u00a0k\u00f5rgus<strong> 228 cm,<\/strong> seina k\u00f5rgus<strong> 194 cm.\u00a0<\/strong><\/p>\n<ul>\n<li>tuuletapiga freespalk <strong>19 mm<\/strong>, tormitugevdused<\/li>\n<li>punnitud katuselauad 15,5 mm, 44 x 95 mm katuse p\u00e4rlinid<\/li>\n<li>katusealuse postid 44 x 44 mm 3 tk<\/li>\n<li>punnitud p\u00f5randalauad 15,5 mm, s\u00fcvaimmutatud p\u00f5randatalad 45 x 45 mm<\/li>\n<li>silinderlukuga pleksiklaasiga paarisuks 125 x 178 cm ja lukuta kapi uks 125 x 149 mm<\/li>\n<li>\n<div class=\"spec-name\">r\u00e4\u00e4stas ees 50 cm, katuse kalle 20\u00b0, katuse pindala 12 m<sup>2<\/sup><\/div>\n<\/li>\n<li>\n<div class=\"spec-name\">kinnitusvahendid, paigaldusjuhend<\/div>\n<\/li>\n<li>tellitav v\u00e4ljast v\u00e4rvituna +800\u20ac(hele-ja tumehall, punane v\u00f5i roheline, avat\u00e4ited-liistud \u00fcleni valged; loe alt kirjeldust; tellimisaeg 3-4 n\u00e4dalat pikem)<\/li>\n<li>bituumensindel 5 pakki lisahinnaga<\/li>\n<li>tehase garantii 2 aastat<\/li>\n<li>ilmastikukindel pakend<\/li>\n<li>Eesti toode<\/li>\n<li>peegelpildis paigaldatav<\/li>\n<\/ul>\n<p>Vedu mandri Eestis 100\u20ac v\u00f5i kraana-autoga 350\u20ac(suursaartele vastavalt 180\u20ac ja 590\u20ac).<\/p>\n<p>K\u00fcsi ka paigaldust!<\/p>\n","protected":false},"featured_media":100049,"template":"","meta":{"_monsterinsights_skip_tracking":false,"_monsterinsights_sitenote_active":false,"_monsterinsights_sitenote_note":"","_monsterinsights_sitenote_category":0},"pwb-brand":[],"product_brand":[],"product_cat":[17182,13540,13600],"product_tag":[17443,13987,18630,14252,18636,14264,18637,14265,14277,15833,15842,13813],"class_list":{"0":"post-100033","1":"product","2":"type-product","3":"status-publish","4":"has-post-thumbnail","6":"product_cat-suvekoogid-alekeskus","7":"product_cat-hooned-alekeskus","8":"product_cat-kuurid-aidad-kioskid","9":"product_tag-tyokaluvaja","10":"product_tag-puukuur","11":"product_tag-aiatooriistade-kuur","12":"product_tag-suvemaja","13":"product_tag-halgude-hoidla","14":"product_tag-aiakuur","15":"product_tag-kutteladu","16":"product_tag-pihavaja","17":"product_tag-freespalk","18":"product_tag-klapilato","19":"product_tag-tooriistakuur","20":"product_tag-aiamaja","21":"product_shipping_class-30-300kg","22":"pa_garantii-2-aastat","23":"pa_kohaletoimetamine-veohind-mandri-eestis-alekeskus","24":"pa_laoasukoht-tartumaa","25":"pa_pindalam-15918","26":"pa_seinapaksus-19127","27":"pa_tellimisaeg-tilausaika-alekeskus","28":"pa_varv-viimistlemata","29":"pa_veame-eesti-ja-soome","31":"first","32":"instock","33":"taxable","34":"shipping-taxable","35":"purchasable","36":"product-type-simple"},"yoast_head":"<!-- This site is optimized with the Yoast SEO plugin v27.3 - https:\/\/yoast.com\/product\/yoast-seo-wordpress\/ -->\n<title>Aiakuur Vilano 4,6 m\u00b2 + katusealune ja t\u00f6\u00f6riistakapp - Alekeskus<\/title>\n<meta name=\"description\" content=\"Avar freespalgist aiakuur halgude hoidlaga.\" \/>\n<meta name=\"robots\" content=\"index, follow, max-snippet:-1, max-image-preview:large, max-video-preview:-1\" \/>\n<link rel=\"canonical\" href=\"https:\/\/alekeskus.eu\/et\/toode\/aiakuur-vilano-46-alekeskus\/\" \/>\n<meta property=\"og:locale\" content=\"et_EE\" \/>\n<meta property=\"og:type\" content=\"article\" \/>\n<meta property=\"og:title\" content=\"Aiakuur Vilano 4,6 m\u00b2 + katusealune ja t\u00f6\u00f6riistakapp - Alekeskus\" \/>\n<meta property=\"og:description\" content=\"Avar freespalgist aiakuur halgude hoidlaga.\" \/>\n<meta property=\"og:url\" content=\"https:\/\/alekeskus.eu\/et\/toode\/aiakuur-vilano-46-alekeskus\/\" \/>\n<meta property=\"og:site_name\" content=\"Alekeskus\" \/>\n<meta property=\"article:modified_time\" content=\"2026-03-03T19:58:23+00:00\" \/>\n<meta property=\"og:image\" content=\"https:\/\/alekeskus.eu\/wp-content\/uploads\/2026\/03\/Vilano2_loodus2-scaled.jpg\" \/>\n\t<meta property=\"og:image:width\" content=\"2560\" \/>\n\t<meta property=\"og:image:height\" content=\"1707\" \/>\n\t<meta property=\"og:image:type\" content=\"image\/jpeg\" \/>\n<meta name=\"twitter:card\" content=\"summary_large_image\" \/>\n<meta name=\"twitter:label1\" content=\"Est. reading time\" \/>\n\t<meta name=\"twitter:data1\" content=\"1 minut\" \/>\n<script type=\"application\/ld+json\" class=\"yoast-schema-graph\">{\"@context\":\"https:\\\/\\\/schema.org\",\"@graph\":[{\"@type\":\"WebPage\",\"@id\":\"https:\\\/\\\/alekeskus.eu\\\/et\\\/toode\\\/aiakuur-vilano-46-alekeskus\\\/\",\"url\":\"https:\\\/\\\/alekeskus.eu\\\/et\\\/toode\\\/aiakuur-vilano-46-alekeskus\\\/\",\"name\":\"Aiakuur Vilano 4,6 m\u00b2 + katusealune ja t\u00f6\u00f6riistakapp - Alekeskus\",\"isPartOf\":{\"@id\":\"https:\\\/\\\/alekeskus.eu\\\/#website\"},\"primaryImageOfPage\":{\"@id\":\"https:\\\/\\\/alekeskus.eu\\\/et\\\/toode\\\/aiakuur-vilano-46-alekeskus\\\/#primaryimage\"},\"image\":{\"@id\":\"https:\\\/\\\/alekeskus.eu\\\/et\\\/toode\\\/aiakuur-vilano-46-alekeskus\\\/#primaryimage\"},\"thumbnailUrl\":\"https:\\\/\\\/alekeskus.eu\\\/wp-content\\\/uploads\\\/2026\\\/03\\\/Vilano2_loodus2-scaled.jpg\",\"datePublished\":\"2026-01-03T19:42:15+00:00\",\"dateModified\":\"2026-03-03T19:58:23+00:00\",\"description\":\"Avar freespalgist aiakuur halgude hoidlaga.\",\"breadcrumb\":{\"@id\":\"https:\\\/\\\/alekeskus.eu\\\/et\\\/toode\\\/aiakuur-vilano-46-alekeskus\\\/#breadcrumb\"},\"inLanguage\":\"et\",\"potentialAction\":[{\"@type\":\"ReadAction\",\"target\":[\"https:\\\/\\\/alekeskus.eu\\\/et\\\/toode\\\/aiakuur-vilano-46-alekeskus\\\/\"]}]},{\"@type\":\"ImageObject\",\"inLanguage\":\"et\",\"@id\":\"https:\\\/\\\/alekeskus.eu\\\/et\\\/toode\\\/aiakuur-vilano-46-alekeskus\\\/#primaryimage\",\"url\":\"https:\\\/\\\/alekeskus.eu\\\/wp-content\\\/uploads\\\/2026\\\/03\\\/Vilano2_loodus2-scaled.jpg\",\"contentUrl\":\"https:\\\/\\\/alekeskus.eu\\\/wp-content\\\/uploads\\\/2026\\\/03\\\/Vilano2_loodus2-scaled.jpg\",\"width\":2560,\"height\":1707},{\"@type\":\"BreadcrumbList\",\"@id\":\"https:\\\/\\\/alekeskus.eu\\\/et\\\/toode\\\/aiakuur-vilano-46-alekeskus\\\/#breadcrumb\",\"itemListElement\":[{\"@type\":\"ListItem\",\"position\":1,\"name\":\"Avaleht\",\"item\":\"https:\\\/\\\/alekeskus.eu\\\/et\\\/\"},{\"@type\":\"ListItem\",\"position\":2,\"name\":\"Pood\",\"item\":\"https:\\\/\\\/alekeskus.eu\\\/pood\\\/\"},{\"@type\":\"ListItem\",\"position\":3,\"name\":\"Aiakuur Vilano 4,6 m\u00b2 + katusealune ja t\u00f6\u00f6riistakapp\"}]},{\"@type\":\"WebSite\",\"@id\":\"https:\\\/\\\/alekeskus.eu\\\/#website\",\"url\":\"https:\\\/\\\/alekeskus.eu\\\/\",\"name\":\"Alekeskus\",\"description\":\"Alekeskus.eu\",\"potentialAction\":[{\"@type\":\"SearchAction\",\"target\":{\"@type\":\"EntryPoint\",\"urlTemplate\":\"https:\\\/\\\/alekeskus.eu\\\/?s={search_term_string}\"},\"query-input\":{\"@type\":\"PropertyValueSpecification\",\"valueRequired\":true,\"valueName\":\"search_term_string\"}}],\"inLanguage\":\"et\"}]}<\/script>\n<!-- \/ Yoast SEO plugin. -->","yoast_head_json":{"title":"Aiakuur Vilano 4,6 m\u00b2 + katusealune ja t\u00f6\u00f6riistakapp - Alekeskus","description":"Avar freespalgist aiakuur halgude hoidlaga.","robots":{"index":"index","follow":"follow","max-snippet":"max-snippet:-1","max-image-preview":"max-image-preview:large","max-video-preview":"max-video-preview:-1"},"canonical":"https:\/\/alekeskus.eu\/et\/toode\/aiakuur-vilano-46-alekeskus\/","og_locale":"et_EE","og_type":"article","og_title":"Aiakuur Vilano 4,6 m\u00b2 + katusealune ja t\u00f6\u00f6riistakapp - Alekeskus","og_description":"Avar freespalgist aiakuur halgude hoidlaga.","og_url":"https:\/\/alekeskus.eu\/et\/toode\/aiakuur-vilano-46-alekeskus\/","og_site_name":"Alekeskus","article_modified_time":"2026-03-03T19:58:23+00:00","og_image":[{"width":2560,"height":1707,"url":"https:\/\/alekeskus.eu\/wp-content\/uploads\/2026\/03\/Vilano2_loodus2-scaled.jpg","type":"image\/jpeg"}],"twitter_card":"summary_large_image","twitter_misc":{"Est. reading time":"1 minut"},"schema":{"@context":"https:\/\/schema.org","@graph":[{"@type":"WebPage","@id":"https:\/\/alekeskus.eu\/et\/toode\/aiakuur-vilano-46-alekeskus\/","url":"https:\/\/alekeskus.eu\/et\/toode\/aiakuur-vilano-46-alekeskus\/","name":"Aiakuur Vilano 4,6 m\u00b2 + katusealune ja t\u00f6\u00f6riistakapp - Alekeskus","isPartOf":{"@id":"https:\/\/alekeskus.eu\/#website"},"primaryImageOfPage":{"@id":"https:\/\/alekeskus.eu\/et\/toode\/aiakuur-vilano-46-alekeskus\/#primaryimage"},"image":{"@id":"https:\/\/alekeskus.eu\/et\/toode\/aiakuur-vilano-46-alekeskus\/#primaryimage"},"thumbnailUrl":"https:\/\/alekeskus.eu\/wp-content\/uploads\/2026\/03\/Vilano2_loodus2-scaled.jpg","datePublished":"2026-01-03T19:42:15+00:00","dateModified":"2026-03-03T19:58:23+00:00","description":"Avar freespalgist aiakuur halgude hoidlaga.","breadcrumb":{"@id":"https:\/\/alekeskus.eu\/et\/toode\/aiakuur-vilano-46-alekeskus\/#breadcrumb"},"inLanguage":"et","potentialAction":[{"@type":"ReadAction","target":["https:\/\/alekeskus.eu\/et\/toode\/aiakuur-vilano-46-alekeskus\/"]}]},{"@type":"ImageObject","inLanguage":"et","@id":"https:\/\/alekeskus.eu\/et\/toode\/aiakuur-vilano-46-alekeskus\/#primaryimage","url":"https:\/\/alekeskus.eu\/wp-content\/uploads\/2026\/03\/Vilano2_loodus2-scaled.jpg","contentUrl":"https:\/\/alekeskus.eu\/wp-content\/uploads\/2026\/03\/Vilano2_loodus2-scaled.jpg","width":2560,"height":1707},{"@type":"BreadcrumbList","@id":"https:\/\/alekeskus.eu\/et\/toode\/aiakuur-vilano-46-alekeskus\/#breadcrumb","itemListElement":[{"@type":"ListItem","position":1,"name":"Avaleht","item":"https:\/\/alekeskus.eu\/et\/"},{"@type":"ListItem","position":2,"name":"Pood","item":"https:\/\/alekeskus.eu\/pood\/"},{"@type":"ListItem","position":3,"name":"Aiakuur Vilano 4,6 m\u00b2 + katusealune ja t\u00f6\u00f6riistakapp"}]},{"@type":"WebSite","@id":"https:\/\/alekeskus.eu\/#website","url":"https:\/\/alekeskus.eu\/","name":"Alekeskus","description":"Alekeskus.eu","potentialAction":[{"@type":"SearchAction","target":{"@type":"EntryPoint","urlTemplate":"https:\/\/alekeskus.eu\/?s={search_term_string}"},"query-input":{"@type":"PropertyValueSpecification","valueRequired":true,"valueName":"search_term_string"}}],"inLanguage":"et"}]}},"brands":[],"_links":{"self":[{"href":"https:\/\/alekeskus.eu\/et\/wp-json\/wp\/v2\/product\/100033","targetHints":{"allow":["GET"]}}],"collection":[{"href":"https:\/\/alekeskus.eu\/et\/wp-json\/wp\/v2\/product"}],"about":[{"href":"https:\/\/alekeskus.eu\/et\/wp-json\/wp\/v2\/types\/product"}],"wp:featuredmedia":[{"embeddable":true,"href":"https:\/\/alekeskus.eu\/et\/wp-json\/wp\/v2\/media\/100049"}],"wp:attachment":[{"href":"https:\/\/alekeskus.eu\/et\/wp-json\/wp\/v2\/media?parent=100033"}],"wp:term":[{"taxonomy":"pwb-brand","embeddable":true,"href":"https:\/\/alekeskus.eu\/et\/wp-json\/wp\/v2\/pwb-brand?post=100033"},{"taxonomy":"product_brand","embeddable":true,"href":"https:\/\/alekeskus.eu\/et\/wp-json\/wp\/v2\/product_brand?post=100033"},{"taxonomy":"product_cat","embeddable":true,"href":"https:\/\/alekeskus.eu\/et\/wp-json\/wp\/v2\/product_cat?post=100033"},{"taxonomy":"product_tag","embeddable":true,"href":"https:\/\/alekeskus.eu\/et\/wp-json\/wp\/v2\/product_tag?post=100033"}],"curies":[{"name":"wp","href":"https:\/\/api.w.org\/{rel}","templated":true}]}}

Aiakuur Vilano 4,6 m² + katusealune ja tööriistakapp

<p>VÄRVIMISE TEENUSE KIRJELDUS:</p>
<p>Sein värvitakse 3-st küljest, ka punnsooned. 4 standardvärvi: rootsi punane, süsihall, helehall, roheline. Sisepind jääb naturaalseks. Maja nurgad on värvitud igast küljest. Värvitakse 2 kihti. ➢ Põranda- ja laelauad ning pärlinid jäävad värvimata. ➢ Aknad ja uksed värvitakse valgeks igast küljest. ➢ Kõik välised liistud (viilulauad ja liistud) värvitakse valgeks. ➢ Kvaliteetne värv tuntud Saksa tootjalt OSMO</p>
<p>Värvitud tootel on pikem tellimisaeg viimistlemata tootest.</p>

<p>Välismõõdud: <strong>2,2</strong><b> x 2,2 m + katusealune ja tööriistakapp. </b>Harja kõrgus<strong> 228 cm,</strong> seina kõrgus<strong> 194 cm. </strong></p>
<ul>
<li>tuuletapiga freespalk <strong>19 mm</strong>, tormitugevdused</li>
<li>punnitud katuselauad 15,5 mm, 44 x 95 mm katuse pärlinid</li>
<li>katusealuse postid 44 x 44 mm 3 tk</li>
<li>punnitud põrandalauad 15,5 mm, süvaimmutatud põrandatalad 45 x 45 mm</li>
<li>silinderlukuga pleksiklaasiga paarisuks 125 x 178 cm ja lukuta kapi uks 125 x 149 mm</li>
<li>
<div class="spec-name">räästas ees 50 cm, katuse kalle 20°, katuse pindala 12 m<sup>2</sup></div>
</li>
<li>
<div class="spec-name">kinnitusvahendid, paigaldusjuhend</div>
</li>
<li>tellitav väljast värvituna +800€(hele-ja tumehall, punane või roheline, avatäited-liistud üleni valged; loe alt kirjeldust; tellimisaeg 3-4 nädalat pikem)</li>
<li>bituumensindel 5 pakki lisahinnaga</li>
<li>tehase garantii 2 aastat</li>
<li>ilmastikukindel pakend</li>
<li>Eesti toode</li>
<li>peegelpildis paigaldatav</li>
</ul>
<p>Vedu mandri Eestis 100€ või kraana-autoga 350€(suursaartele vastavalt 180€ ja 590€).</p>
<p>Küsi ka paigaldust!</p>

<!-- This site is optimized with the Yoast SEO plugin v27.3 - https://yoast.com/product/yoast-seo-wordpress/ -->
<title>Aiakuur Vilano 4,6 m² + katusealune ja tööriistakapp - Alekeskus</title>
<meta name="description" content="Avar freespalgist aiakuur halgude hoidlaga." />
<meta name="robots" content="index, follow, max-snippet:-1, max-image-preview:large, max-video-preview:-1" />
<link rel="canonical" href="https://alekeskus.eu/et/toode/aiakuur-vilano-46-alekeskus/" />
<meta property="og:locale" content="et_EE" />
<meta property="og:type" content="article" />
<meta property="og:title" content="Aiakuur Vilano 4,6 m² + katusealune ja tööriistakapp - Alekeskus" />
<meta property="og:description" content="Avar freespalgist aiakuur halgude hoidlaga." />
<meta property="og:url" content="https://alekeskus.eu/et/toode/aiakuur-vilano-46-alekeskus/" />
<meta property="og:site_name" content="Alekeskus" />
<meta property="article:modified_time" content="2026-03-03T19:58:23+00:00" />
<meta property="og:image" content="https://alekeskus.eu/wp-content/uploads/2026/03/Vilano2_loodus2-scaled.jpg" />
	<meta property="og:image:width" content="2560" />
	<meta property="og:image:height" content="1707" />
	<meta property="og:image:type" content="image/jpeg" />
<meta name="twitter:card" content="summary_large_image" />
<meta name="twitter:label1" content="Est. reading time" />
	<meta name="twitter:data1" content="1 minut" />
<script type="application/ld+json" class="yoast-schema-graph">{"@context":"https:\/\/schema.org","@graph":[{"@type":"WebPage","@id":"https:\/\/alekeskus.eu\/et\/toode\/aiakuur-vilano-46-alekeskus\/","url":"https:\/\/alekeskus.eu\/et\/toode\/aiakuur-vilano-46-alekeskus\/","name":"Aiakuur Vilano 4,6 m² + katusealune ja tööriistakapp - Alekeskus","isPartOf":{"@id":"https:\/\/alekeskus.eu\/#website"},"primaryImageOfPage":{"@id":"https:\/\/alekeskus.eu\/et\/toode\/aiakuur-vilano-46-alekeskus\/#primaryimage"},"image":{"@id":"https:\/\/alekeskus.eu\/et\/toode\/aiakuur-vilano-46-alekeskus\/#primaryimage"},"thumbnailUrl":"https:\/\/alekeskus.eu\/wp-content\/uploads\/2026\/03\/Vilano2_loodus2-scaled.jpg","datePublished":"2026-01-03T19:42:15+00:00","dateModified":"2026-03-03T19:58:23+00:00","description":"Avar freespalgist aiakuur halgude hoidlaga.","breadcrumb":{"@id":"https:\/\/alekeskus.eu\/et\/toode\/aiakuur-vilano-46-alekeskus\/#breadcrumb"},"inLanguage":"et","potentialAction":[{"@type":"ReadAction","target":["https:\/\/alekeskus.eu\/et\/toode\/aiakuur-vilano-46-alekeskus\/"]}]},{"@type":"ImageObject","inLanguage":"et","@id":"https:\/\/alekeskus.eu\/et\/toode\/aiakuur-vilano-46-alekeskus\/#primaryimage","url":"https:\/\/alekeskus.eu\/wp-content\/uploads\/2026\/03\/Vilano2_loodus2-scaled.jpg","contentUrl":"https:\/\/alekeskus.eu\/wp-content\/uploads\/2026\/03\/Vilano2_loodus2-scaled.jpg","width":2560,"height":1707},{"@type":"BreadcrumbList","@id":"https:\/\/alekeskus.eu\/et\/toode\/aiakuur-vilano-46-alekeskus\/#breadcrumb","itemListElement":[{"@type":"ListItem","position":1,"name":"Avaleht","item":"https:\/\/alekeskus.eu\/et\/"},{"@type":"ListItem","position":2,"name":"Pood","item":"https:\/\/alekeskus.eu\/pood\/"},{"@type":"ListItem","position":3,"name":"Aiakuur Vilano 4,6 m² + katusealune ja tööriistakapp"}]},{"@type":"WebSite","@id":"https:\/\/alekeskus.eu\/#website","url":"https:\/\/alekeskus.eu\/","name":"Alekeskus","description":"Alekeskus.eu","potentialAction":[{"@type":"SearchAction","target":{"@type":"EntryPoint","urlTemplate":"https:\/\/alekeskus.eu\/?s={search_term_string}"},"query-input":{"@type":"PropertyValueSpecification","valueRequired":true,"valueName":"search_term_string"}}],"inLanguage":"et"}]}</script>
<!-- / Yoast SEO plugin. -->

Aiakuur Vilano 4,6 m² + katusealune ja tööriistakapp - Alekeskus
