{"id":100217,"date":"2026-03-08T14:52:35","date_gmt":"2026-03-08T14:52:35","guid":{"rendered":"https:\/\/alekeskus.eu\/?post_type=product&#038;p=100217"},"modified":"2026-03-08T15:31:36","modified_gmt":"2026-03-08T15:31:36","slug":"aiamaja-palermo4-116-alekeskus","status":"publish","type":"product","link":"https:\/\/alekeskus.eu\/et\/toode\/aiamaja-palermo4-116-alekeskus\/","title":{"rendered":"Aiamaja Palermo 11,6 m\u00b2 siledate nurkadega"},"content":{"rendered":"<div class=\"pictogram qtip-additional-element\">\n<div class=\"image\">\n<p>Palermo sari on oma v\u00e4limuselt moderne t\u00e4nu kruvinurk \u00fchendusele ja sulandub t\u00e4iuslikult ridaelamute kui ka modernete majadega k\u00f5rvale. Komplektis alusraam, p\u00f5rand, seinad, uks ja aknad, katuselauad ja kinnitusvahendid. Katusekate on v\u00f5imalik juurde soetada.<\/p>\n<p>V\u00c4RVIMISE TEENUSE KIRJELDUS:<\/p>\n<p>Sein v\u00e4rvitakse 3-st k\u00fcljest, ka punnsooned. 4 standardv\u00e4rvi: rootsi punane, s\u00fcsihall, helehall, roheline. Sisepind j\u00e4\u00e4b naturaalseks. Maja nurgad on v\u00e4rvitud igast k\u00fcljest. V\u00e4rvitakse 2 kihti. \u27a2 P\u00f5randa- ja laelauad ning p\u00e4rlinid j\u00e4\u00e4vad v\u00e4rvimata. \u27a2 Aknad ja uksed v\u00e4rvitakse valgeks igast k\u00fcljest. \u27a2 K\u00f5ik v\u00e4lised liistud (viilulauad ja liistud) v\u00e4rvitakse valgeks. \u27a2 Kvaliteetne v\u00e4rv tuntud Saksa tootjalt OSMO<\/p>\n<p>V\u00e4rvitud tootel 3-4 n\u00e4dalat pikem tellimisaeg.<\/p>\n<p>Pakend:\u00a0 4,5&#215;1,2&#215;0,6m; kaal 830 kg<\/p>\n<\/div>\n<\/div>\n","protected":false},"excerpt":{"rendered":"<p>V\u00e4lism\u00f5\u00f5dud<strong>: 4,0 x 3,0 m<\/strong><\/p>\n<ul>\n<li>tuuletapiga\u00a0<strong>freespalksein 28 mm<\/strong>,<strong> kaasaegne tappideta sile nurgalahendus<\/strong><\/li>\n<li>seina k\u00f5rgus 222 cm<\/li>\n<li>punniga katuselauad 15,5 mm, laetalad 70 x 140 mm<\/li>\n<li>katuse pindala 12 m\u00b2 , kalle 3\u00ba, r\u00e4\u00e4stas puudub<\/li>\n<li>katusekate lisahinnaga(tarve 2 SBS rullkatet)<\/li>\n<li>punniga p\u00f5randalauad 15,5 mm ja s\u00fcvaimmutatud p\u00f5randatalad 45 x 45 mm<\/li>\n<li>klaasitud paarisuks 149 x 185 cm silinderlukuga, liimpuidust ukseleng, metalliga kaetud k\u00fcnnis<\/li>\n<li>2 avatavat akent 56 x 167 cm<\/li>\n<li>tellitav v\u00e4ljast v\u00e4rvituna +1000\u20ac (hele-ja tumehall, rootsi punane, roheline; avat\u00e4ited-liistud \u00fcleni valged; loe alt kirjeldust; tellimisaeg 3-4 n\u00e4dalat pikem)<\/li>\n<li>kinnitusvahendid ja koostejuhend<\/li>\n<li>Eesti toode<\/li>\n<li>garantii 5 aastat<\/li>\n<li>vihmakindel pakend<\/li>\n<\/ul>\n<p>K\u00fcsi ka paigaldust!<\/p>\n<p>Vedu mandril tellijapoolse mahalaadimisega 180\u20ac v\u00f5i kraana-autoga 350\u20ac(suursaartele vastavalt 280\u20ac ja 590\u20ac).<\/p>\n","protected":false},"featured_media":100229,"template":"","meta":{"_monsterinsights_skip_tracking":false,"_monsterinsights_sitenote_active":false,"_monsterinsights_sitenote_note":"","_monsterinsights_sitenote_category":0},"pwb-brand":[],"product_brand":[],"product_cat":[17182,13592,13538,13540,13596,13608],"product_tag":[13813,13899,18537,14264,18909,14283,14310,19088,15276,19143,15510],"class_list":{"0":"post-100217","1":"product","2":"type-product","3":"status-publish","4":"has-post-thumbnail","6":"product_cat-suvekoogid-alekeskus","7":"product_cat-aia-ja-grillmajad","8":"product_cat-ale","9":"product_cat-hooned-alekeskus","10":"product_cat-varjualused-talveaiad-alekeskus","11":"product_cat-kontorid","12":"product_tag-aiamaja","13":"product_tag-garden-house","14":"product_tag-aiamaja-paigaldus","15":"product_tag-aiakuur","16":"product_tag-aiamaja-soodus","17":"product_tag-kotitoimisto","18":"product_tag-kodukontor","19":"product_tag-aiamaja-ehitus","20":"product_tag-pihatoimisto","21":"product_tag-aiamaja-muuk","22":"product_tag-aiakontor","23":"product_shipping_class-alates-1000kg","24":"pa_garantii-5-aastat","25":"pa_kohaletoimetamine-alates-180e","26":"pa_laoasukoht-tartumaa","27":"pa_pindalam-18917","28":"pa_seinapaksus-28-mm","29":"pa_tellimisaeg-tilausaika-alekeskus","30":"pa_varv-roheline","31":"pa_varv-punane","32":"pa_varv-viimistlemata","33":"pa_varv-tumehall","34":"pa_varv-helehall","35":"pa_veame-eesti-ja-soome","37":"first","38":"instock","39":"sale","40":"featured","41":"taxable","42":"shipping-taxable","43":"purchasable","44":"product-type-variable","45":"has-default-attributes"},"yoast_head":"<!-- This site is optimized with the Yoast SEO plugin v27.3 - https:\/\/yoast.com\/product\/yoast-seo-wordpress\/ -->\n<title>Aiamaja Palermo 11,6 m\u00b2 siledate nurkadega - Alekeskus<\/title>\n<meta name=\"description\" content=\"aiamaja lamekatusega ja siledate nurkadega\" \/>\n<meta name=\"robots\" content=\"index, follow, max-snippet:-1, max-image-preview:large, max-video-preview:-1\" \/>\n<link rel=\"canonical\" href=\"https:\/\/alekeskus.eu\/et\/toode\/aiamaja-palermo4-116-alekeskus\/\" \/>\n<meta property=\"og:locale\" content=\"et_EE\" \/>\n<meta property=\"og:type\" content=\"article\" \/>\n<meta property=\"og:title\" content=\"Aiamaja Palermo 11,6 m\u00b2 siledate nurkadega - Alekeskus\" \/>\n<meta property=\"og:description\" content=\"aiamaja lamekatusega ja siledate nurkadega\" \/>\n<meta property=\"og:url\" content=\"https:\/\/alekeskus.eu\/et\/toode\/aiamaja-palermo4-116-alekeskus\/\" \/>\n<meta property=\"og:site_name\" content=\"Alekeskus\" \/>\n<meta property=\"article:modified_time\" content=\"2026-03-08T15:31:36+00:00\" \/>\n<meta property=\"og:image\" content=\"https:\/\/alekeskus.eu\/wp-content\/uploads\/2026\/03\/Palermo4_hh-aias.jpg\" \/>\n\t<meta property=\"og:image:width\" content=\"2500\" \/>\n\t<meta property=\"og:image:height\" content=\"1667\" \/>\n\t<meta property=\"og:image:type\" content=\"image\/jpeg\" \/>\n<meta name=\"twitter:card\" content=\"summary_large_image\" \/>\n<meta name=\"twitter:label1\" content=\"Est. reading time\" \/>\n\t<meta name=\"twitter:data1\" content=\"1 minut\" \/>\n<script type=\"application\/ld+json\" class=\"yoast-schema-graph\">{\"@context\":\"https:\\\/\\\/schema.org\",\"@graph\":[{\"@type\":\"WebPage\",\"@id\":\"https:\\\/\\\/alekeskus.eu\\\/et\\\/toode\\\/aiamaja-palermo4-116-alekeskus\\\/\",\"url\":\"https:\\\/\\\/alekeskus.eu\\\/et\\\/toode\\\/aiamaja-palermo4-116-alekeskus\\\/\",\"name\":\"Aiamaja Palermo 11,6 m\u00b2 siledate nurkadega - Alekeskus\",\"isPartOf\":{\"@id\":\"https:\\\/\\\/alekeskus.eu\\\/#website\"},\"primaryImageOfPage\":{\"@id\":\"https:\\\/\\\/alekeskus.eu\\\/et\\\/toode\\\/aiamaja-palermo4-116-alekeskus\\\/#primaryimage\"},\"image\":{\"@id\":\"https:\\\/\\\/alekeskus.eu\\\/et\\\/toode\\\/aiamaja-palermo4-116-alekeskus\\\/#primaryimage\"},\"thumbnailUrl\":\"https:\\\/\\\/alekeskus.eu\\\/wp-content\\\/uploads\\\/2026\\\/03\\\/Palermo4_hh-aias.jpg\",\"datePublished\":\"2026-03-08T14:52:35+00:00\",\"dateModified\":\"2026-03-08T15:31:36+00:00\",\"description\":\"aiamaja lamekatusega ja siledate nurkadega\",\"breadcrumb\":{\"@id\":\"https:\\\/\\\/alekeskus.eu\\\/et\\\/toode\\\/aiamaja-palermo4-116-alekeskus\\\/#breadcrumb\"},\"inLanguage\":\"et\",\"potentialAction\":[{\"@type\":\"ReadAction\",\"target\":[\"https:\\\/\\\/alekeskus.eu\\\/et\\\/toode\\\/aiamaja-palermo4-116-alekeskus\\\/\"]}]},{\"@type\":\"ImageObject\",\"inLanguage\":\"et\",\"@id\":\"https:\\\/\\\/alekeskus.eu\\\/et\\\/toode\\\/aiamaja-palermo4-116-alekeskus\\\/#primaryimage\",\"url\":\"https:\\\/\\\/alekeskus.eu\\\/wp-content\\\/uploads\\\/2026\\\/03\\\/Palermo4_hh-aias.jpg\",\"contentUrl\":\"https:\\\/\\\/alekeskus.eu\\\/wp-content\\\/uploads\\\/2026\\\/03\\\/Palermo4_hh-aias.jpg\",\"width\":2500,\"height\":1667},{\"@type\":\"BreadcrumbList\",\"@id\":\"https:\\\/\\\/alekeskus.eu\\\/et\\\/toode\\\/aiamaja-palermo4-116-alekeskus\\\/#breadcrumb\",\"itemListElement\":[{\"@type\":\"ListItem\",\"position\":1,\"name\":\"Avaleht\",\"item\":\"https:\\\/\\\/alekeskus.eu\\\/et\\\/\"},{\"@type\":\"ListItem\",\"position\":2,\"name\":\"Pood\",\"item\":\"https:\\\/\\\/alekeskus.eu\\\/pood\\\/\"},{\"@type\":\"ListItem\",\"position\":3,\"name\":\"Aiamaja Palermo 11,6 m\u00b2 siledate nurkadega\"}]},{\"@type\":\"WebSite\",\"@id\":\"https:\\\/\\\/alekeskus.eu\\\/#website\",\"url\":\"https:\\\/\\\/alekeskus.eu\\\/\",\"name\":\"Alekeskus\",\"description\":\"Alekeskus.eu\",\"potentialAction\":[{\"@type\":\"SearchAction\",\"target\":{\"@type\":\"EntryPoint\",\"urlTemplate\":\"https:\\\/\\\/alekeskus.eu\\\/?s={search_term_string}\"},\"query-input\":{\"@type\":\"PropertyValueSpecification\",\"valueRequired\":true,\"valueName\":\"search_term_string\"}}],\"inLanguage\":\"et\"}]}<\/script>\n<!-- \/ Yoast SEO plugin. -->","yoast_head_json":{"title":"Aiamaja Palermo 11,6 m\u00b2 siledate nurkadega - Alekeskus","description":"aiamaja lamekatusega ja siledate nurkadega","robots":{"index":"index","follow":"follow","max-snippet":"max-snippet:-1","max-image-preview":"max-image-preview:large","max-video-preview":"max-video-preview:-1"},"canonical":"https:\/\/alekeskus.eu\/et\/toode\/aiamaja-palermo4-116-alekeskus\/","og_locale":"et_EE","og_type":"article","og_title":"Aiamaja Palermo 11,6 m\u00b2 siledate nurkadega - Alekeskus","og_description":"aiamaja lamekatusega ja siledate nurkadega","og_url":"https:\/\/alekeskus.eu\/et\/toode\/aiamaja-palermo4-116-alekeskus\/","og_site_name":"Alekeskus","article_modified_time":"2026-03-08T15:31:36+00:00","og_image":[{"width":2500,"height":1667,"url":"https:\/\/alekeskus.eu\/wp-content\/uploads\/2026\/03\/Palermo4_hh-aias.jpg","type":"image\/jpeg"}],"twitter_card":"summary_large_image","twitter_misc":{"Est. reading time":"1 minut"},"schema":{"@context":"https:\/\/schema.org","@graph":[{"@type":"WebPage","@id":"https:\/\/alekeskus.eu\/et\/toode\/aiamaja-palermo4-116-alekeskus\/","url":"https:\/\/alekeskus.eu\/et\/toode\/aiamaja-palermo4-116-alekeskus\/","name":"Aiamaja Palermo 11,6 m\u00b2 siledate nurkadega - Alekeskus","isPartOf":{"@id":"https:\/\/alekeskus.eu\/#website"},"primaryImageOfPage":{"@id":"https:\/\/alekeskus.eu\/et\/toode\/aiamaja-palermo4-116-alekeskus\/#primaryimage"},"image":{"@id":"https:\/\/alekeskus.eu\/et\/toode\/aiamaja-palermo4-116-alekeskus\/#primaryimage"},"thumbnailUrl":"https:\/\/alekeskus.eu\/wp-content\/uploads\/2026\/03\/Palermo4_hh-aias.jpg","datePublished":"2026-03-08T14:52:35+00:00","dateModified":"2026-03-08T15:31:36+00:00","description":"aiamaja lamekatusega ja siledate nurkadega","breadcrumb":{"@id":"https:\/\/alekeskus.eu\/et\/toode\/aiamaja-palermo4-116-alekeskus\/#breadcrumb"},"inLanguage":"et","potentialAction":[{"@type":"ReadAction","target":["https:\/\/alekeskus.eu\/et\/toode\/aiamaja-palermo4-116-alekeskus\/"]}]},{"@type":"ImageObject","inLanguage":"et","@id":"https:\/\/alekeskus.eu\/et\/toode\/aiamaja-palermo4-116-alekeskus\/#primaryimage","url":"https:\/\/alekeskus.eu\/wp-content\/uploads\/2026\/03\/Palermo4_hh-aias.jpg","contentUrl":"https:\/\/alekeskus.eu\/wp-content\/uploads\/2026\/03\/Palermo4_hh-aias.jpg","width":2500,"height":1667},{"@type":"BreadcrumbList","@id":"https:\/\/alekeskus.eu\/et\/toode\/aiamaja-palermo4-116-alekeskus\/#breadcrumb","itemListElement":[{"@type":"ListItem","position":1,"name":"Avaleht","item":"https:\/\/alekeskus.eu\/et\/"},{"@type":"ListItem","position":2,"name":"Pood","item":"https:\/\/alekeskus.eu\/pood\/"},{"@type":"ListItem","position":3,"name":"Aiamaja Palermo 11,6 m\u00b2 siledate nurkadega"}]},{"@type":"WebSite","@id":"https:\/\/alekeskus.eu\/#website","url":"https:\/\/alekeskus.eu\/","name":"Alekeskus","description":"Alekeskus.eu","potentialAction":[{"@type":"SearchAction","target":{"@type":"EntryPoint","urlTemplate":"https:\/\/alekeskus.eu\/?s={search_term_string}"},"query-input":{"@type":"PropertyValueSpecification","valueRequired":true,"valueName":"search_term_string"}}],"inLanguage":"et"}]}},"brands":[],"_links":{"self":[{"href":"https:\/\/alekeskus.eu\/et\/wp-json\/wp\/v2\/product\/100217","targetHints":{"allow":["GET"]}}],"collection":[{"href":"https:\/\/alekeskus.eu\/et\/wp-json\/wp\/v2\/product"}],"about":[{"href":"https:\/\/alekeskus.eu\/et\/wp-json\/wp\/v2\/types\/product"}],"wp:featuredmedia":[{"embeddable":true,"href":"https:\/\/alekeskus.eu\/et\/wp-json\/wp\/v2\/media\/100229"}],"wp:attachment":[{"href":"https:\/\/alekeskus.eu\/et\/wp-json\/wp\/v2\/media?parent=100217"}],"wp:term":[{"taxonomy":"pwb-brand","embeddable":true,"href":"https:\/\/alekeskus.eu\/et\/wp-json\/wp\/v2\/pwb-brand?post=100217"},{"taxonomy":"product_brand","embeddable":true,"href":"https:\/\/alekeskus.eu\/et\/wp-json\/wp\/v2\/product_brand?post=100217"},{"taxonomy":"product_cat","embeddable":true,"href":"https:\/\/alekeskus.eu\/et\/wp-json\/wp\/v2\/product_cat?post=100217"},{"taxonomy":"product_tag","embeddable":true,"href":"https:\/\/alekeskus.eu\/et\/wp-json\/wp\/v2\/product_tag?post=100217"}],"curies":[{"name":"wp","href":"https:\/\/api.w.org\/{rel}","templated":true}]}}

<div class="pictogram qtip-additional-element">
<div class="image">
<p>Palermo sari on oma välimuselt moderne tänu kruvinurk ühendusele ja sulandub täiuslikult ridaelamute kui ka modernete majadega kõrvale. Komplektis alusraam, põrand, seinad, uks ja aknad, katuselauad ja kinnitusvahendid. Katusekate on võimalik juurde soetada.</p>
<p>VÄRVIMISE TEENUSE KIRJELDUS:</p>
<p>Sein värvitakse 3-st küljest, ka punnsooned. 4 standardvärvi: rootsi punane, süsihall, helehall, roheline. Sisepind jääb naturaalseks. Maja nurgad on värvitud igast küljest. Värvitakse 2 kihti. ➢ Põranda- ja laelauad ning pärlinid jäävad värvimata. ➢ Aknad ja uksed värvitakse valgeks igast küljest. ➢ Kõik välised liistud (viilulauad ja liistud) värvitakse valgeks. ➢ Kvaliteetne värv tuntud Saksa tootjalt OSMO</p>
<p>Värvitud tootel 3-4 nädalat pikem tellimisaeg.</p>
<p>Pakend:  4,5&#215;1,2&#215;0,6m; kaal 830 kg</p>
</div>
</div>

<p>Välismõõdud<strong>: 4,0 x 3,0 m</strong></p>
<ul>
<li>tuuletapiga <strong>freespalksein 28 mm</strong>,<strong> kaasaegne tappideta sile nurgalahendus</strong></li>
<li>seina kõrgus 222 cm</li>
<li>punniga katuselauad 15,5 mm, laetalad 70 x 140 mm</li>
<li>katuse pindala 12 m² , kalle 3º, räästas puudub</li>
<li>katusekate lisahinnaga(tarve 2 SBS rullkatet)</li>
<li>punniga põrandalauad 15,5 mm ja süvaimmutatud põrandatalad 45 x 45 mm</li>
<li>klaasitud paarisuks 149 x 185 cm silinderlukuga, liimpuidust ukseleng, metalliga kaetud künnis</li>
<li>2 avatavat akent 56 x 167 cm</li>
<li>tellitav väljast värvituna +1000€ (hele-ja tumehall, rootsi punane, roheline; avatäited-liistud üleni valged; loe alt kirjeldust; tellimisaeg 3-4 nädalat pikem)</li>
<li>kinnitusvahendid ja koostejuhend</li>
<li>Eesti toode</li>
<li>garantii 5 aastat</li>
<li>vihmakindel pakend</li>
</ul>
<p>Küsi ka paigaldust!</p>
<p>Vedu mandril tellijapoolse mahalaadimisega 180€ või kraana-autoga 350€(suursaartele vastavalt 280€ ja 590€).</p>
