{"id":62315,"date":"2025-02-05T21:30:51","date_gmt":"2025-02-05T21:30:51","guid":{"rendered":"http:\/\/alekeskus.eu\/product\/aiamaja-vanker-12m%c2%b2-verandaga-ja-pinkidega\/"},"modified":"2025-02-18T17:23:08","modified_gmt":"2025-02-18T17:23:08","slug":"aiamaja-vanker-12m%c2%b2-verandaga-ja-pinkidega-alekeskus","status":"publish","type":"product","link":"https:\/\/alekeskus.eu\/et\/toode\/aiamaja-vanker-12m%c2%b2-verandaga-ja-pinkidega-alekeskus\/","title":{"rendered":"Teisaldatav aiamaja Vanker 12 m\u00b2 verandaga ja pinkidega"},"content":{"rendered":"<div>\n<div>\n<div class=\"gal-text\">Hinnas k\u00f5ik puuosad (k.a. uksed ja aknad, viimased on enamikul juhul juba paigaldatud seinaelementidesse), kinnitusvahendid ning \u00fcksikasjalik koostejuhend. Katusekate ei sisaldu hinnas.<\/div>\n<\/div>\n<\/div>\n<p>Valmiselementide raamide \u00fchendamisel kruvikoostega tekib tugev ja vastupidav raamkonstruktsioon, mis teenib oma peremeest h\u00e4sti pika aja v\u00e4ltel ka p\u00f5hjamaises kliimas.<br \/>\nEhitiste aluspuudeks kasutatakse minimaalselt 44&#215;94 mm ristl\u00f5ikega puitu.<br \/>\nToodete komplekteerimiseks kasutatakse ainult kvaliteetseid tarvikuid, mis tagavad toodete hea toimivuse kogu nende kasutusea jooksul: silinderlukke, reguleeritavaid mantelhingi jne.<\/p>\n<p>Vankri metallosad on enne v\u00e4rvimist ka tsingitud. Maja toetub terastugedele ja rattad ei ole m\u00f5eldud maja vedamiseks, kuid v\u00f5imaldavad \u00f5uealas maja l\u00fckkamist teise kohta.<\/p>\n<div>\n<div id=\"14312619ae67ff11b48e\"><\/div>\n<\/div>\n<div><\/div>\n","protected":false},"excerpt":{"rendered":"<p>M\u00f5\u00f5dud:<strong> 5,0 x 2,4 m. <\/strong><\/p>\n<p>Elementseinad 18 mm. Punnitud p\u00f5randa- ja katuselauad 18 mm. Eristuva teisaldatav aiamaja, kontor, k\u00e4mping v\u00f5i laste m\u00e4ngumaja. S\u00e4\u00e4st vundamendi ehitamiselt, sest seisab muudetava k\u00f5rgusega pulberv\u00e4rvitud terastugedel, millel k\u00fcljes ka veerevad rattad. Vajadusel v\u00f5imalik l\u00fckata Vanker aias teise kohta.<\/p>\n<p>Pendelv\u00e4rav, 1 avanev aken, pakettklaasid, pulberv\u00e4rvitud terasraam, veerevad terasrattad, seadistatavad terasest seisujalad, 2 pinki verandal.<\/p>\n<p>Vedu mandril tellijapoolse mahalaadimisega 180\u20ac v\u00f5i kraana-autoga 350\u20ac(suursaartele vastavalt 280\u20ac ja 590\u20ac).<\/p>\n<p>K\u00fcsi paigaldust!<\/p>\n","protected":false},"featured_media":62295,"template":"","meta":{"_monsterinsights_skip_tracking":false,"_monsterinsights_sitenote_active":false,"_monsterinsights_sitenote_note":"","_monsterinsights_sitenote_category":0},"pwb-brand":[],"product_brand":[],"product_cat":[17182,13592,13538,13594,13540,13602,13604,13608],"product_tag":[13814,13815,13816,13817,13818,13819,13820,13821,13822,13823,13813,13824],"class_list":{"0":"post-62315","1":"product","2":"type-product","3":"status-publish","4":"has-post-thumbnail","6":"product_cat-suvekoogid-alekeskus","7":"product_cat-aia-ja-grillmajad","8":"product_cat-ale","9":"product_cat-mangumajad","10":"product_cat-hooned-alekeskus","11":"product_cat-elementmajad","12":"product_cat-saunad","13":"product_cat-kontorid","14":"product_tag-ouemaja","15":"product_tag-kuur","16":"product_tag-peomaja","17":"product_tag-maja","18":"product_tag-wagon","19":"product_tag-vaja","20":"product_tag-rakennus","21":"product_tag-chipsy","22":"product_tag-vagun","23":"product_tag-piha","24":"product_tag-aiamaja","25":"product_tag-vankkuri","26":"product_shipping_class-alates-1000kg","27":"pa_garantii-2-aastat","28":"pa_kaalkg-13825","29":"pa_kohaletoimetamine-alates-180e","30":"pa_laoasukoht-vorumaa","31":"pa_pindalam-13827","32":"pa_seinapaksus-18-mm","33":"pa_tellimisaeg-tilausaika-alekeskus","34":"pa_varv-viimistlemata","35":"pa_veame-eesti-ja-soome","37":"first","38":"instock","39":"sale","40":"featured","41":"taxable","42":"shipping-taxable","43":"purchasable","44":"product-type-simple"},"yoast_head":"<!-- This site is optimized with the Yoast SEO plugin v27.3 - https:\/\/yoast.com\/product\/yoast-seo-wordpress\/ -->\n<title>Teisaldatav aiamaja Vanker 12 m\u00b2 verandaga ja pinkidega - Alekeskus<\/title>\n<meta name=\"description\" content=\"aiamaja-k\u00e4mping, mida saab liigutada \u00fchest aiaotsast teise.\" \/>\n<meta name=\"robots\" content=\"index, follow, max-snippet:-1, max-image-preview:large, max-video-preview:-1\" \/>\n<link rel=\"canonical\" href=\"https:\/\/alekeskus.eu\/toode\/aiamaja-vanker-12m\u00b2-verandaga-ja-pinkidega-alekeskus\/\" \/>\n<meta property=\"og:locale\" content=\"et_EE\" \/>\n<meta property=\"og:type\" content=\"article\" \/>\n<meta property=\"og:title\" content=\"Teisaldatav aiamaja Vanker 12 m\u00b2 verandaga ja pinkidega - Alekeskus\" \/>\n<meta property=\"og:description\" content=\"aiamaja-k\u00e4mping, mida saab liigutada \u00fchest aiaotsast teise.\" \/>\n<meta property=\"og:url\" content=\"https:\/\/alekeskus.eu\/toode\/aiamaja-vanker-12m\u00b2-verandaga-ja-pinkidega-alekeskus\/\" \/>\n<meta property=\"og:site_name\" content=\"Alekeskus\" \/>\n<meta property=\"article:modified_time\" content=\"2025-02-18T17:23:08+00:00\" \/>\n<meta property=\"og:image\" content=\"https:\/\/alekeskus.eu\/wp-content\/uploads\/2021\/11\/535aiamaja-vanker-12m-verandaga-ja-pinkidega-0.jpg\" \/>\n\t<meta property=\"og:image:width\" content=\"2500\" \/>\n\t<meta property=\"og:image:height\" content=\"1667\" \/>\n\t<meta property=\"og:image:type\" content=\"image\/jpeg\" \/>\n<meta name=\"twitter:card\" content=\"summary_large_image\" \/>\n<meta name=\"twitter:label1\" content=\"Est. reading time\" \/>\n\t<meta name=\"twitter:data1\" content=\"1 minut\" \/>\n<script type=\"application\/ld+json\" class=\"yoast-schema-graph\">{\"@context\":\"https:\\\/\\\/schema.org\",\"@graph\":[{\"@type\":\"WebPage\",\"@id\":\"https:\\\/\\\/alekeskus.eu\\\/toode\\\/aiamaja-vanker-12m%c2%b2-verandaga-ja-pinkidega-alekeskus\\\/\",\"url\":\"https:\\\/\\\/alekeskus.eu\\\/toode\\\/aiamaja-vanker-12m%c2%b2-verandaga-ja-pinkidega-alekeskus\\\/\",\"name\":\"Teisaldatav aiamaja Vanker 12 m\u00b2 verandaga ja pinkidega - Alekeskus\",\"isPartOf\":{\"@id\":\"https:\\\/\\\/alekeskus.eu\\\/#website\"},\"primaryImageOfPage\":{\"@id\":\"https:\\\/\\\/alekeskus.eu\\\/toode\\\/aiamaja-vanker-12m%c2%b2-verandaga-ja-pinkidega-alekeskus\\\/#primaryimage\"},\"image\":{\"@id\":\"https:\\\/\\\/alekeskus.eu\\\/toode\\\/aiamaja-vanker-12m%c2%b2-verandaga-ja-pinkidega-alekeskus\\\/#primaryimage\"},\"thumbnailUrl\":\"https:\\\/\\\/alekeskus.eu\\\/wp-content\\\/uploads\\\/2021\\\/11\\\/535aiamaja-vanker-12m-verandaga-ja-pinkidega-0.jpg\",\"datePublished\":\"2025-02-05T21:30:51+00:00\",\"dateModified\":\"2025-02-18T17:23:08+00:00\",\"description\":\"aiamaja-k\u00e4mping, mida saab liigutada \u00fchest aiaotsast teise.\",\"breadcrumb\":{\"@id\":\"https:\\\/\\\/alekeskus.eu\\\/toode\\\/aiamaja-vanker-12m%c2%b2-verandaga-ja-pinkidega-alekeskus\\\/#breadcrumb\"},\"inLanguage\":\"et\",\"potentialAction\":[{\"@type\":\"ReadAction\",\"target\":[\"https:\\\/\\\/alekeskus.eu\\\/toode\\\/aiamaja-vanker-12m%c2%b2-verandaga-ja-pinkidega-alekeskus\\\/\"]}]},{\"@type\":\"ImageObject\",\"inLanguage\":\"et\",\"@id\":\"https:\\\/\\\/alekeskus.eu\\\/toode\\\/aiamaja-vanker-12m%c2%b2-verandaga-ja-pinkidega-alekeskus\\\/#primaryimage\",\"url\":\"https:\\\/\\\/alekeskus.eu\\\/wp-content\\\/uploads\\\/2021\\\/11\\\/535aiamaja-vanker-12m-verandaga-ja-pinkidega-0.jpg\",\"contentUrl\":\"https:\\\/\\\/alekeskus.eu\\\/wp-content\\\/uploads\\\/2021\\\/11\\\/535aiamaja-vanker-12m-verandaga-ja-pinkidega-0.jpg\",\"width\":1600,\"height\":1067},{\"@type\":\"BreadcrumbList\",\"@id\":\"https:\\\/\\\/alekeskus.eu\\\/toode\\\/aiamaja-vanker-12m%c2%b2-verandaga-ja-pinkidega-alekeskus\\\/#breadcrumb\",\"itemListElement\":[{\"@type\":\"ListItem\",\"position\":1,\"name\":\"Avaleht\",\"item\":\"https:\\\/\\\/alekeskus.eu\\\/et\\\/\"},{\"@type\":\"ListItem\",\"position\":2,\"name\":\"Pood\",\"item\":\"https:\\\/\\\/alekeskus.eu\\\/pood\\\/\"},{\"@type\":\"ListItem\",\"position\":3,\"name\":\"Teisaldatav aiamaja Vanker 12 m\u00b2 verandaga ja pinkidega\"}]},{\"@type\":\"WebSite\",\"@id\":\"https:\\\/\\\/alekeskus.eu\\\/#website\",\"url\":\"https:\\\/\\\/alekeskus.eu\\\/\",\"name\":\"Alekeskus\",\"description\":\"Alekeskus.eu\",\"potentialAction\":[{\"@type\":\"SearchAction\",\"target\":{\"@type\":\"EntryPoint\",\"urlTemplate\":\"https:\\\/\\\/alekeskus.eu\\\/?s={search_term_string}\"},\"query-input\":{\"@type\":\"PropertyValueSpecification\",\"valueRequired\":true,\"valueName\":\"search_term_string\"}}],\"inLanguage\":\"et\"}]}<\/script>\n<!-- \/ Yoast SEO plugin. -->","yoast_head_json":{"title":"Teisaldatav aiamaja Vanker 12 m\u00b2 verandaga ja pinkidega - Alekeskus","description":"aiamaja-k\u00e4mping, mida saab liigutada \u00fchest aiaotsast teise.","robots":{"index":"index","follow":"follow","max-snippet":"max-snippet:-1","max-image-preview":"max-image-preview:large","max-video-preview":"max-video-preview:-1"},"canonical":"https:\/\/alekeskus.eu\/toode\/aiamaja-vanker-12m\u00b2-verandaga-ja-pinkidega-alekeskus\/","og_locale":"et_EE","og_type":"article","og_title":"Teisaldatav aiamaja Vanker 12 m\u00b2 verandaga ja pinkidega - Alekeskus","og_description":"aiamaja-k\u00e4mping, mida saab liigutada \u00fchest aiaotsast teise.","og_url":"https:\/\/alekeskus.eu\/toode\/aiamaja-vanker-12m\u00b2-verandaga-ja-pinkidega-alekeskus\/","og_site_name":"Alekeskus","article_modified_time":"2025-02-18T17:23:08+00:00","og_image":[{"width":2500,"height":1667,"url":"https:\/\/alekeskus.eu\/wp-content\/uploads\/2021\/11\/535aiamaja-vanker-12m-verandaga-ja-pinkidega-0.jpg","type":"image\/jpeg"}],"twitter_card":"summary_large_image","twitter_misc":{"Est. reading time":"1 minut"},"schema":{"@context":"https:\/\/schema.org","@graph":[{"@type":"WebPage","@id":"https:\/\/alekeskus.eu\/toode\/aiamaja-vanker-12m%c2%b2-verandaga-ja-pinkidega-alekeskus\/","url":"https:\/\/alekeskus.eu\/toode\/aiamaja-vanker-12m%c2%b2-verandaga-ja-pinkidega-alekeskus\/","name":"Teisaldatav aiamaja Vanker 12 m\u00b2 verandaga ja pinkidega - Alekeskus","isPartOf":{"@id":"https:\/\/alekeskus.eu\/#website"},"primaryImageOfPage":{"@id":"https:\/\/alekeskus.eu\/toode\/aiamaja-vanker-12m%c2%b2-verandaga-ja-pinkidega-alekeskus\/#primaryimage"},"image":{"@id":"https:\/\/alekeskus.eu\/toode\/aiamaja-vanker-12m%c2%b2-verandaga-ja-pinkidega-alekeskus\/#primaryimage"},"thumbnailUrl":"https:\/\/alekeskus.eu\/wp-content\/uploads\/2021\/11\/535aiamaja-vanker-12m-verandaga-ja-pinkidega-0.jpg","datePublished":"2025-02-05T21:30:51+00:00","dateModified":"2025-02-18T17:23:08+00:00","description":"aiamaja-k\u00e4mping, mida saab liigutada \u00fchest aiaotsast teise.","breadcrumb":{"@id":"https:\/\/alekeskus.eu\/toode\/aiamaja-vanker-12m%c2%b2-verandaga-ja-pinkidega-alekeskus\/#breadcrumb"},"inLanguage":"et","potentialAction":[{"@type":"ReadAction","target":["https:\/\/alekeskus.eu\/toode\/aiamaja-vanker-12m%c2%b2-verandaga-ja-pinkidega-alekeskus\/"]}]},{"@type":"ImageObject","inLanguage":"et","@id":"https:\/\/alekeskus.eu\/toode\/aiamaja-vanker-12m%c2%b2-verandaga-ja-pinkidega-alekeskus\/#primaryimage","url":"https:\/\/alekeskus.eu\/wp-content\/uploads\/2021\/11\/535aiamaja-vanker-12m-verandaga-ja-pinkidega-0.jpg","contentUrl":"https:\/\/alekeskus.eu\/wp-content\/uploads\/2021\/11\/535aiamaja-vanker-12m-verandaga-ja-pinkidega-0.jpg","width":1600,"height":1067},{"@type":"BreadcrumbList","@id":"https:\/\/alekeskus.eu\/toode\/aiamaja-vanker-12m%c2%b2-verandaga-ja-pinkidega-alekeskus\/#breadcrumb","itemListElement":[{"@type":"ListItem","position":1,"name":"Avaleht","item":"https:\/\/alekeskus.eu\/et\/"},{"@type":"ListItem","position":2,"name":"Pood","item":"https:\/\/alekeskus.eu\/pood\/"},{"@type":"ListItem","position":3,"name":"Teisaldatav aiamaja Vanker 12 m\u00b2 verandaga ja pinkidega"}]},{"@type":"WebSite","@id":"https:\/\/alekeskus.eu\/#website","url":"https:\/\/alekeskus.eu\/","name":"Alekeskus","description":"Alekeskus.eu","potentialAction":[{"@type":"SearchAction","target":{"@type":"EntryPoint","urlTemplate":"https:\/\/alekeskus.eu\/?s={search_term_string}"},"query-input":{"@type":"PropertyValueSpecification","valueRequired":true,"valueName":"search_term_string"}}],"inLanguage":"et"}]}},"brands":[],"_links":{"self":[{"href":"https:\/\/alekeskus.eu\/et\/wp-json\/wp\/v2\/product\/62315","targetHints":{"allow":["GET"]}}],"collection":[{"href":"https:\/\/alekeskus.eu\/et\/wp-json\/wp\/v2\/product"}],"about":[{"href":"https:\/\/alekeskus.eu\/et\/wp-json\/wp\/v2\/types\/product"}],"wp:featuredmedia":[{"embeddable":true,"href":"https:\/\/alekeskus.eu\/et\/wp-json\/wp\/v2\/media\/62295"}],"wp:attachment":[{"href":"https:\/\/alekeskus.eu\/et\/wp-json\/wp\/v2\/media?parent=62315"}],"wp:term":[{"taxonomy":"pwb-brand","embeddable":true,"href":"https:\/\/alekeskus.eu\/et\/wp-json\/wp\/v2\/pwb-brand?post=62315"},{"taxonomy":"product_brand","embeddable":true,"href":"https:\/\/alekeskus.eu\/et\/wp-json\/wp\/v2\/product_brand?post=62315"},{"taxonomy":"product_cat","embeddable":true,"href":"https:\/\/alekeskus.eu\/et\/wp-json\/wp\/v2\/product_cat?post=62315"},{"taxonomy":"product_tag","embeddable":true,"href":"https:\/\/alekeskus.eu\/et\/wp-json\/wp\/v2\/product_tag?post=62315"}],"curies":[{"name":"wp","href":"https:\/\/api.w.org\/{rel}","templated":true}]}}

<div>
<div>
<div class="gal-text">Hinnas kõik puuosad (k.a. uksed ja aknad, viimased on enamikul juhul juba paigaldatud seinaelementidesse), kinnitusvahendid ning üksikasjalik koostejuhend. Katusekate ei sisaldu hinnas.</div>
</div>
</div>
<p>Valmiselementide raamide ühendamisel kruvikoostega tekib tugev ja vastupidav raamkonstruktsioon, mis teenib oma peremeest hästi pika aja vältel ka põhjamaises kliimas.<br />
Ehitiste aluspuudeks kasutatakse minimaalselt 44&#215;94 mm ristlõikega puitu.<br />
Toodete komplekteerimiseks kasutatakse ainult kvaliteetseid tarvikuid, mis tagavad toodete hea toimivuse kogu nende kasutusea jooksul: silinderlukke, reguleeritavaid mantelhingi jne.</p>
<p>Vankri metallosad on enne värvimist ka tsingitud. Maja toetub terastugedele ja rattad ei ole mõeldud maja vedamiseks, kuid võimaldavad õuealas maja lükkamist teise kohta.</p>
<div>
<div id="14312619ae67ff11b48e"></div>
</div>
<div></div>

<p>Mõõdud:<strong> 5,0 x 2,4 m. </strong></p>
<p>Elementseinad 18 mm. Punnitud põranda- ja katuselauad 18 mm. Eristuva teisaldatav aiamaja, kontor, kämping või laste mängumaja. Sääst vundamendi ehitamiselt, sest seisab muudetava kõrgusega pulbervärvitud terastugedel, millel küljes ka veerevad rattad. Vajadusel võimalik lükata Vanker aias teise kohta.</p>
<p>Pendelvärav, 1 avanev aken, pakettklaasid, pulbervärvitud terasraam, veerevad terasrattad, seadistatavad terasest seisujalad, 2 pinki verandal.</p>
<p>Vedu mandril tellijapoolse mahalaadimisega 180€ või kraana-autoga 350€(suursaartele vastavalt 280€ ja 590€).</p>
<p>Küsi paigaldust!</p>

<!-- This site is optimized with the Yoast SEO plugin v27.3 - https://yoast.com/product/yoast-seo-wordpress/ -->
<title>Teisaldatav aiamaja Vanker 12 m² verandaga ja pinkidega - Alekeskus</title>
<meta name="description" content="aiamaja-kämping, mida saab liigutada ühest aiaotsast teise." />
<meta name="robots" content="index, follow, max-snippet:-1, max-image-preview:large, max-video-preview:-1" />
<link rel="canonical" href="https://alekeskus.eu/toode/aiamaja-vanker-12m²-verandaga-ja-pinkidega-alekeskus/" />
<meta property="og:locale" content="et_EE" />
<meta property="og:type" content="article" />
<meta property="og:title" content="Teisaldatav aiamaja Vanker 12 m² verandaga ja pinkidega - Alekeskus" />
<meta property="og:description" content="aiamaja-kämping, mida saab liigutada ühest aiaotsast teise." />
<meta property="og:url" content="https://alekeskus.eu/toode/aiamaja-vanker-12m²-verandaga-ja-pinkidega-alekeskus/" />
<meta property="og:site_name" content="Alekeskus" />
<meta property="article:modified_time" content="2025-02-18T17:23:08+00:00" />
<meta property="og:image" content="https://alekeskus.eu/wp-content/uploads/2021/11/535aiamaja-vanker-12m-verandaga-ja-pinkidega-0.jpg" />
	<meta property="og:image:width" content="2500" />
	<meta property="og:image:height" content="1667" />
	<meta property="og:image:type" content="image/jpeg" />
<meta name="twitter:card" content="summary_large_image" />
<meta name="twitter:label1" content="Est. reading time" />
	<meta name="twitter:data1" content="1 minut" />
<script type="application/ld+json" class="yoast-schema-graph">{"@context":"https:\/\/schema.org","@graph":[{"@type":"WebPage","@id":"https:\/\/alekeskus.eu\/toode\/aiamaja-vanker-12m%c2%b2-verandaga-ja-pinkidega-alekeskus\/","url":"https:\/\/alekeskus.eu\/toode\/aiamaja-vanker-12m%c2%b2-verandaga-ja-pinkidega-alekeskus\/","name":"Teisaldatav aiamaja Vanker 12 m² verandaga ja pinkidega - Alekeskus","isPartOf":{"@id":"https:\/\/alekeskus.eu\/#website"},"primaryImageOfPage":{"@id":"https:\/\/alekeskus.eu\/toode\/aiamaja-vanker-12m%c2%b2-verandaga-ja-pinkidega-alekeskus\/#primaryimage"},"image":{"@id":"https:\/\/alekeskus.eu\/toode\/aiamaja-vanker-12m%c2%b2-verandaga-ja-pinkidega-alekeskus\/#primaryimage"},"thumbnailUrl":"https:\/\/alekeskus.eu\/wp-content\/uploads\/2021\/11\/535aiamaja-vanker-12m-verandaga-ja-pinkidega-0.jpg","datePublished":"2025-02-05T21:30:51+00:00","dateModified":"2025-02-18T17:23:08+00:00","description":"aiamaja-kämping, mida saab liigutada ühest aiaotsast teise.","breadcrumb":{"@id":"https:\/\/alekeskus.eu\/toode\/aiamaja-vanker-12m%c2%b2-verandaga-ja-pinkidega-alekeskus\/#breadcrumb"},"inLanguage":"et","potentialAction":[{"@type":"ReadAction","target":["https:\/\/alekeskus.eu\/toode\/aiamaja-vanker-12m%c2%b2-verandaga-ja-pinkidega-alekeskus\/"]}]},{"@type":"ImageObject","inLanguage":"et","@id":"https:\/\/alekeskus.eu\/toode\/aiamaja-vanker-12m%c2%b2-verandaga-ja-pinkidega-alekeskus\/#primaryimage","url":"https:\/\/alekeskus.eu\/wp-content\/uploads\/2021\/11\/535aiamaja-vanker-12m-verandaga-ja-pinkidega-0.jpg","contentUrl":"https:\/\/alekeskus.eu\/wp-content\/uploads\/2021\/11\/535aiamaja-vanker-12m-verandaga-ja-pinkidega-0.jpg","width":1600,"height":1067},{"@type":"BreadcrumbList","@id":"https:\/\/alekeskus.eu\/toode\/aiamaja-vanker-12m%c2%b2-verandaga-ja-pinkidega-alekeskus\/#breadcrumb","itemListElement":[{"@type":"ListItem","position":1,"name":"Avaleht","item":"https:\/\/alekeskus.eu\/et\/"},{"@type":"ListItem","position":2,"name":"Pood","item":"https:\/\/alekeskus.eu\/pood\/"},{"@type":"ListItem","position":3,"name":"Teisaldatav aiamaja Vanker 12 m² verandaga ja pinkidega"}]},{"@type":"WebSite","@id":"https:\/\/alekeskus.eu\/#website","url":"https:\/\/alekeskus.eu\/","name":"Alekeskus","description":"Alekeskus.eu","potentialAction":[{"@type":"SearchAction","target":{"@type":"EntryPoint","urlTemplate":"https:\/\/alekeskus.eu\/?s={search_term_string}"},"query-input":{"@type":"PropertyValueSpecification","valueRequired":true,"valueName":"search_term_string"}}],"inLanguage":"et"}]}</script>
<!-- / Yoast SEO plugin. -->

aiamaja-kämping, mida saab liigutada ühest aiaotsast teise.
