{"id":62423,"date":"2021-11-11T21:31:38","date_gmt":"2021-11-11T21:31:38","guid":{"rendered":"http:\/\/alekeskus.eu\/product\/aiamaja-vanker-11m%c2%b2-kuljele-avanev\/"},"modified":"2021-12-22T12:22:45","modified_gmt":"2021-12-22T12:22:45","slug":"aiamaja-vanker-11m%c2%b2-kuljele-avanev","status":"publish","type":"product","link":"https:\/\/alekeskus.eu\/et\/toode\/aiamaja-vanker-11m%c2%b2-kuljele-avanev\/","title":{"rendered":"Aiamaja Vanker 11m\u00b2 k\u00fcljele avanev"},"content":{"rendered":"<div>Avaneb 1 otsaseina akenendest. Tellida teise otsaakna v\u00f5i pikik\u00fclje akna avatavust 60EUR\/ aken. Akna ja ukse klaasid on 12mm pakett.<\/div>\n<div>Komplekti kuuluvad k\u00f5ik puuosad k.a. uksed ja aknad, kinnitusvahendite komplekt ning koostejuhend. <span style=\"text-decoration: underline;\">Katusekate ei sisaldu hinnas.<\/span><\/div>\n<p>Valmiselementide raamide \u00fchendamisel kruvikoostega tekib tugev ja vastupidav raamkonstruktsioon, mis teenib oma peremeest h\u00e4sti pika aja v\u00e4ltel ka p\u00f5hjamaises kliimas.<br \/>\nEhitiste aluspuudeks kasutatakse minimaalselt 44&#215;94 mm ristl\u00f5ikega puitu.<\/p>\n<p>Vankri metallosad on enne v\u00e4rvimist ka tsingitud. Rattad ei ole m\u00f5eldud aiamaja transportimiseks.<\/p>\n<div><\/div>\n","protected":false},"excerpt":{"rendered":"<p>V\u00e4lism\u00f5\u00f5dud: 4,8 x 2,4 m.<\/p>\n<p>Elementseinad 19mm. Teisaldatav aiamaja, kontor, k\u00e4mping v\u00f5i laste m\u00e4ngumaja. <span style=\"text-decoration: underline;\">S\u00e4\u00e4st vundamendi ehitamiselt<\/span>, sest seisab muudetava k\u00f5rgusega pulberv\u00e4rvitud terastugedel, millel k\u00fcljes ka veerevad rattad.<\/p>\n<p>1 avanev aken, pakettklaasid, uks 1,5x(fotodel vana mall)pulberv\u00e4rvitud teras, veerevad terasrattad, seadistatavad seisujalad.<\/p>\n<p>Garantii 2 aastat. K\u00fcsi paigaldust!<\/p>\n","protected":false},"featured_media":62403,"template":"","meta":{"_monsterinsights_skip_tracking":false,"_monsterinsights_sitenote_active":false,"_monsterinsights_sitenote_note":"","_monsterinsights_sitenote_category":0},"pwb-brand":[],"product_brand":[],"product_cat":[13592,13540,13602],"product_tag":[13840,13846,13849,13907,13908,13909,13813,13910,13818,13911,13912],"class_list":{"0":"post-62423","1":"product","2":"type-product","3":"status-publish","4":"has-post-thumbnail","6":"product_cat-aia-ja-grillmajad","7":"product_cat-hooned-alekeskus","8":"product_cat-elementmajad","9":"product_tag-kontor","10":"product_tag-office","11":"product_tag-shed","12":"product_tag-paviljon","13":"product_tag-vanker","14":"product_tag-kamping","15":"product_tag-aiamaja","16":"product_tag-majutus","17":"product_tag-wagon","18":"product_tag-camping","19":"product_tag-telkla","20":"product_shipping_class-kuni-1000kg","21":"pa_garantii-2-aastat","22":"pa_laoasukoht-vorumaa","23":"pa_pindalam-13827","24":"pa_tellimisaeg-tilausaika-alekeskus","25":"pa_varv-viimistlemata","26":"pa_veame-eesti-ja-soome","28":"first","29":"instock","30":"taxable","31":"shipping-taxable","32":"purchasable","33":"product-type-simple"},"yoast_head":"<!-- This site is optimized with the Yoast SEO plugin v27.3 - https:\/\/yoast.com\/product\/yoast-seo-wordpress\/ -->\n<title>Aiamaja Vanker 11m\u00b2 k\u00fcljele avanev - Alekeskus<\/title>\n<meta name=\"robots\" content=\"index, follow, max-snippet:-1, max-image-preview:large, max-video-preview:-1\" \/>\n<link rel=\"canonical\" href=\"https:\/\/alekeskus.eu\/toode\/aiamaja-vanker-11m\u00b2-kuljele-avanev\/\" \/>\n<meta property=\"og:locale\" content=\"et_EE\" \/>\n<meta property=\"og:type\" content=\"article\" \/>\n<meta property=\"og:title\" content=\"Aiamaja Vanker 11m\u00b2 k\u00fcljele avanev - Alekeskus\" \/>\n<meta property=\"og:description\" content=\"V\u00e4lism\u00f5\u00f5dud: 4,8 x 2,4 m.  Elementseinad 19mm. Teisaldatav aiamaja, kontor, k\u00e4mping v\u00f5i laste m\u00e4ngumaja. S\u00e4\u00e4st vundamendi ehitamiselt, sest seisab muudetava k\u00f5rgusega pulberv\u00e4rvitud terastugedel, millel k\u00fcljes ka veerevad rattad.  1 avanev aken, pakettklaasid, uks 1,5x(fotodel vana mall)pulberv\u00e4rvitud teras, veerevad terasrattad, seadistatavad seisujalad.  Garantii 2 aastat. K\u00fcsi paigaldust!\" \/>\n<meta property=\"og:url\" content=\"https:\/\/alekeskus.eu\/toode\/aiamaja-vanker-11m\u00b2-kuljele-avanev\/\" \/>\n<meta property=\"og:site_name\" content=\"Alekeskus\" \/>\n<meta property=\"article:modified_time\" content=\"2021-12-22T12:22:45+00:00\" \/>\n<meta property=\"og:image\" content=\"https:\/\/alekeskus.eu\/wp-content\/uploads\/2021\/11\/647aiamaja-vanker-11m-k-ljele-avanev-0.jpg\" \/>\n\t<meta property=\"og:image:width\" content=\"1800\" \/>\n\t<meta property=\"og:image:height\" content=\"1200\" \/>\n\t<meta property=\"og:image:type\" content=\"image\/jpeg\" \/>\n<meta name=\"twitter:card\" content=\"summary_large_image\" \/>\n<script type=\"application\/ld+json\" class=\"yoast-schema-graph\">{\"@context\":\"https:\\\/\\\/schema.org\",\"@graph\":[{\"@type\":\"WebPage\",\"@id\":\"https:\\\/\\\/alekeskus.eu\\\/toode\\\/aiamaja-vanker-11m%c2%b2-kuljele-avanev\\\/\",\"url\":\"https:\\\/\\\/alekeskus.eu\\\/toode\\\/aiamaja-vanker-11m%c2%b2-kuljele-avanev\\\/\",\"name\":\"Aiamaja Vanker 11m\u00b2 k\u00fcljele avanev - Alekeskus\",\"isPartOf\":{\"@id\":\"https:\\\/\\\/alekeskus.eu\\\/#website\"},\"primaryImageOfPage\":{\"@id\":\"https:\\\/\\\/alekeskus.eu\\\/toode\\\/aiamaja-vanker-11m%c2%b2-kuljele-avanev\\\/#primaryimage\"},\"image\":{\"@id\":\"https:\\\/\\\/alekeskus.eu\\\/toode\\\/aiamaja-vanker-11m%c2%b2-kuljele-avanev\\\/#primaryimage\"},\"thumbnailUrl\":\"https:\\\/\\\/alekeskus.eu\\\/wp-content\\\/uploads\\\/2021\\\/11\\\/647aiamaja-vanker-11m-k-ljele-avanev-0.jpg\",\"datePublished\":\"2021-11-11T21:31:38+00:00\",\"dateModified\":\"2021-12-22T12:22:45+00:00\",\"breadcrumb\":{\"@id\":\"https:\\\/\\\/alekeskus.eu\\\/toode\\\/aiamaja-vanker-11m%c2%b2-kuljele-avanev\\\/#breadcrumb\"},\"inLanguage\":\"et\",\"potentialAction\":[{\"@type\":\"ReadAction\",\"target\":[\"https:\\\/\\\/alekeskus.eu\\\/toode\\\/aiamaja-vanker-11m%c2%b2-kuljele-avanev\\\/\"]}]},{\"@type\":\"ImageObject\",\"inLanguage\":\"et\",\"@id\":\"https:\\\/\\\/alekeskus.eu\\\/toode\\\/aiamaja-vanker-11m%c2%b2-kuljele-avanev\\\/#primaryimage\",\"url\":\"https:\\\/\\\/alekeskus.eu\\\/wp-content\\\/uploads\\\/2021\\\/11\\\/647aiamaja-vanker-11m-k-ljele-avanev-0.jpg\",\"contentUrl\":\"https:\\\/\\\/alekeskus.eu\\\/wp-content\\\/uploads\\\/2021\\\/11\\\/647aiamaja-vanker-11m-k-ljele-avanev-0.jpg\",\"width\":1600,\"height\":1067},{\"@type\":\"BreadcrumbList\",\"@id\":\"https:\\\/\\\/alekeskus.eu\\\/toode\\\/aiamaja-vanker-11m%c2%b2-kuljele-avanev\\\/#breadcrumb\",\"itemListElement\":[{\"@type\":\"ListItem\",\"position\":1,\"name\":\"Avaleht\",\"item\":\"https:\\\/\\\/alekeskus.eu\\\/et\\\/\"},{\"@type\":\"ListItem\",\"position\":2,\"name\":\"Pood\",\"item\":\"https:\\\/\\\/alekeskus.eu\\\/pood\\\/\"},{\"@type\":\"ListItem\",\"position\":3,\"name\":\"Aiamaja Vanker 11m\u00b2 k\u00fcljele avanev\"}]},{\"@type\":\"WebSite\",\"@id\":\"https:\\\/\\\/alekeskus.eu\\\/#website\",\"url\":\"https:\\\/\\\/alekeskus.eu\\\/\",\"name\":\"Alekeskus\",\"description\":\"Alekeskus.eu\",\"potentialAction\":[{\"@type\":\"SearchAction\",\"target\":{\"@type\":\"EntryPoint\",\"urlTemplate\":\"https:\\\/\\\/alekeskus.eu\\\/?s={search_term_string}\"},\"query-input\":{\"@type\":\"PropertyValueSpecification\",\"valueRequired\":true,\"valueName\":\"search_term_string\"}}],\"inLanguage\":\"et\"}]}<\/script>\n<!-- \/ Yoast SEO plugin. -->","yoast_head_json":{"title":"Aiamaja Vanker 11m\u00b2 k\u00fcljele avanev - Alekeskus","robots":{"index":"index","follow":"follow","max-snippet":"max-snippet:-1","max-image-preview":"max-image-preview:large","max-video-preview":"max-video-preview:-1"},"canonical":"https:\/\/alekeskus.eu\/toode\/aiamaja-vanker-11m\u00b2-kuljele-avanev\/","og_locale":"et_EE","og_type":"article","og_title":"Aiamaja Vanker 11m\u00b2 k\u00fcljele avanev - Alekeskus","og_description":"V\u00e4lism\u00f5\u00f5dud: 4,8 x 2,4 m.  Elementseinad 19mm. Teisaldatav aiamaja, kontor, k\u00e4mping v\u00f5i laste m\u00e4ngumaja. S\u00e4\u00e4st vundamendi ehitamiselt, sest seisab muudetava k\u00f5rgusega pulberv\u00e4rvitud terastugedel, millel k\u00fcljes ka veerevad rattad.  1 avanev aken, pakettklaasid, uks 1,5x(fotodel vana mall)pulberv\u00e4rvitud teras, veerevad terasrattad, seadistatavad seisujalad.  Garantii 2 aastat. K\u00fcsi paigaldust!","og_url":"https:\/\/alekeskus.eu\/toode\/aiamaja-vanker-11m\u00b2-kuljele-avanev\/","og_site_name":"Alekeskus","article_modified_time":"2021-12-22T12:22:45+00:00","og_image":[{"width":1800,"height":1200,"url":"https:\/\/alekeskus.eu\/wp-content\/uploads\/2021\/11\/647aiamaja-vanker-11m-k-ljele-avanev-0.jpg","type":"image\/jpeg"}],"twitter_card":"summary_large_image","schema":{"@context":"https:\/\/schema.org","@graph":[{"@type":"WebPage","@id":"https:\/\/alekeskus.eu\/toode\/aiamaja-vanker-11m%c2%b2-kuljele-avanev\/","url":"https:\/\/alekeskus.eu\/toode\/aiamaja-vanker-11m%c2%b2-kuljele-avanev\/","name":"Aiamaja Vanker 11m\u00b2 k\u00fcljele avanev - Alekeskus","isPartOf":{"@id":"https:\/\/alekeskus.eu\/#website"},"primaryImageOfPage":{"@id":"https:\/\/alekeskus.eu\/toode\/aiamaja-vanker-11m%c2%b2-kuljele-avanev\/#primaryimage"},"image":{"@id":"https:\/\/alekeskus.eu\/toode\/aiamaja-vanker-11m%c2%b2-kuljele-avanev\/#primaryimage"},"thumbnailUrl":"https:\/\/alekeskus.eu\/wp-content\/uploads\/2021\/11\/647aiamaja-vanker-11m-k-ljele-avanev-0.jpg","datePublished":"2021-11-11T21:31:38+00:00","dateModified":"2021-12-22T12:22:45+00:00","breadcrumb":{"@id":"https:\/\/alekeskus.eu\/toode\/aiamaja-vanker-11m%c2%b2-kuljele-avanev\/#breadcrumb"},"inLanguage":"et","potentialAction":[{"@type":"ReadAction","target":["https:\/\/alekeskus.eu\/toode\/aiamaja-vanker-11m%c2%b2-kuljele-avanev\/"]}]},{"@type":"ImageObject","inLanguage":"et","@id":"https:\/\/alekeskus.eu\/toode\/aiamaja-vanker-11m%c2%b2-kuljele-avanev\/#primaryimage","url":"https:\/\/alekeskus.eu\/wp-content\/uploads\/2021\/11\/647aiamaja-vanker-11m-k-ljele-avanev-0.jpg","contentUrl":"https:\/\/alekeskus.eu\/wp-content\/uploads\/2021\/11\/647aiamaja-vanker-11m-k-ljele-avanev-0.jpg","width":1600,"height":1067},{"@type":"BreadcrumbList","@id":"https:\/\/alekeskus.eu\/toode\/aiamaja-vanker-11m%c2%b2-kuljele-avanev\/#breadcrumb","itemListElement":[{"@type":"ListItem","position":1,"name":"Avaleht","item":"https:\/\/alekeskus.eu\/et\/"},{"@type":"ListItem","position":2,"name":"Pood","item":"https:\/\/alekeskus.eu\/pood\/"},{"@type":"ListItem","position":3,"name":"Aiamaja Vanker 11m\u00b2 k\u00fcljele avanev"}]},{"@type":"WebSite","@id":"https:\/\/alekeskus.eu\/#website","url":"https:\/\/alekeskus.eu\/","name":"Alekeskus","description":"Alekeskus.eu","potentialAction":[{"@type":"SearchAction","target":{"@type":"EntryPoint","urlTemplate":"https:\/\/alekeskus.eu\/?s={search_term_string}"},"query-input":{"@type":"PropertyValueSpecification","valueRequired":true,"valueName":"search_term_string"}}],"inLanguage":"et"}]}},"brands":[],"_links":{"self":[{"href":"https:\/\/alekeskus.eu\/et\/wp-json\/wp\/v2\/product\/62423","targetHints":{"allow":["GET"]}}],"collection":[{"href":"https:\/\/alekeskus.eu\/et\/wp-json\/wp\/v2\/product"}],"about":[{"href":"https:\/\/alekeskus.eu\/et\/wp-json\/wp\/v2\/types\/product"}],"wp:featuredmedia":[{"embeddable":true,"href":"https:\/\/alekeskus.eu\/et\/wp-json\/wp\/v2\/media\/62403"}],"wp:attachment":[{"href":"https:\/\/alekeskus.eu\/et\/wp-json\/wp\/v2\/media?parent=62423"}],"wp:term":[{"taxonomy":"pwb-brand","embeddable":true,"href":"https:\/\/alekeskus.eu\/et\/wp-json\/wp\/v2\/pwb-brand?post=62423"},{"taxonomy":"product_brand","embeddable":true,"href":"https:\/\/alekeskus.eu\/et\/wp-json\/wp\/v2\/product_brand?post=62423"},{"taxonomy":"product_cat","embeddable":true,"href":"https:\/\/alekeskus.eu\/et\/wp-json\/wp\/v2\/product_cat?post=62423"},{"taxonomy":"product_tag","embeddable":true,"href":"https:\/\/alekeskus.eu\/et\/wp-json\/wp\/v2\/product_tag?post=62423"}],"curies":[{"name":"wp","href":"https:\/\/api.w.org\/{rel}","templated":true}]}}

Aiamaja Vanker 11m² küljele avanev

<div>Avaneb 1 otsaseina akenendest. Tellida teise otsaakna või pikikülje akna avatavust 60EUR/ aken. Akna ja ukse klaasid on 12mm pakett.</div>
<div>Komplekti kuuluvad kõik puuosad k.a. uksed ja aknad, kinnitusvahendite komplekt ning koostejuhend. <span style="text-decoration: underline;">Katusekate ei sisaldu hinnas.</span></div>
<p>Valmiselementide raamide ühendamisel kruvikoostega tekib tugev ja vastupidav raamkonstruktsioon, mis teenib oma peremeest hästi pika aja vältel ka põhjamaises kliimas.<br />
Ehitiste aluspuudeks kasutatakse minimaalselt 44&#215;94 mm ristlõikega puitu.</p>
<p>Vankri metallosad on enne värvimist ka tsingitud. Rattad ei ole mõeldud aiamaja transportimiseks.</p>
<div></div>

<p>Välismõõdud: 4,8 x 2,4 m.</p>
<p>Elementseinad 19mm. Teisaldatav aiamaja, kontor, kämping või laste mängumaja. <span style="text-decoration: underline;">Sääst vundamendi ehitamiselt</span>, sest seisab muudetava kõrgusega pulbervärvitud terastugedel, millel küljes ka veerevad rattad.</p>
<p>1 avanev aken, pakettklaasid, uks 1,5x(fotodel vana mall)pulbervärvitud teras, veerevad terasrattad, seadistatavad seisujalad.</p>
<p>Garantii 2 aastat. Küsi paigaldust!</p>

<!-- This site is optimized with the Yoast SEO plugin v27.3 - https://yoast.com/product/yoast-seo-wordpress/ -->
<title>Aiamaja Vanker 11m² küljele avanev - Alekeskus</title>
<meta name="robots" content="index, follow, max-snippet:-1, max-image-preview:large, max-video-preview:-1" />
<link rel="canonical" href="https://alekeskus.eu/toode/aiamaja-vanker-11m²-kuljele-avanev/" />
<meta property="og:locale" content="et_EE" />
<meta property="og:type" content="article" />
<meta property="og:title" content="Aiamaja Vanker 11m² küljele avanev - Alekeskus" />
<meta property="og:description" content="Välismõõdud: 4,8 x 2,4 m.  Elementseinad 19mm. Teisaldatav aiamaja, kontor, kämping või laste mängumaja. Sääst vundamendi ehitamiselt, sest seisab muudetava kõrgusega pulbervärvitud terastugedel, millel küljes ka veerevad rattad.  1 avanev aken, pakettklaasid, uks 1,5x(fotodel vana mall)pulbervärvitud teras, veerevad terasrattad, seadistatavad seisujalad.  Garantii 2 aastat. Küsi paigaldust!" />
<meta property="og:url" content="https://alekeskus.eu/toode/aiamaja-vanker-11m²-kuljele-avanev/" />
<meta property="og:site_name" content="Alekeskus" />
<meta property="article:modified_time" content="2021-12-22T12:22:45+00:00" />
<meta property="og:image" content="https://alekeskus.eu/wp-content/uploads/2021/11/647aiamaja-vanker-11m-k-ljele-avanev-0.jpg" />
	<meta property="og:image:width" content="1800" />
	<meta property="og:image:height" content="1200" />
	<meta property="og:image:type" content="image/jpeg" />
<meta name="twitter:card" content="summary_large_image" />
<script type="application/ld+json" class="yoast-schema-graph">{"@context":"https:\/\/schema.org","@graph":[{"@type":"WebPage","@id":"https:\/\/alekeskus.eu\/toode\/aiamaja-vanker-11m%c2%b2-kuljele-avanev\/","url":"https:\/\/alekeskus.eu\/toode\/aiamaja-vanker-11m%c2%b2-kuljele-avanev\/","name":"Aiamaja Vanker 11m² küljele avanev - Alekeskus","isPartOf":{"@id":"https:\/\/alekeskus.eu\/#website"},"primaryImageOfPage":{"@id":"https:\/\/alekeskus.eu\/toode\/aiamaja-vanker-11m%c2%b2-kuljele-avanev\/#primaryimage"},"image":{"@id":"https:\/\/alekeskus.eu\/toode\/aiamaja-vanker-11m%c2%b2-kuljele-avanev\/#primaryimage"},"thumbnailUrl":"https:\/\/alekeskus.eu\/wp-content\/uploads\/2021\/11\/647aiamaja-vanker-11m-k-ljele-avanev-0.jpg","datePublished":"2021-11-11T21:31:38+00:00","dateModified":"2021-12-22T12:22:45+00:00","breadcrumb":{"@id":"https:\/\/alekeskus.eu\/toode\/aiamaja-vanker-11m%c2%b2-kuljele-avanev\/#breadcrumb"},"inLanguage":"et","potentialAction":[{"@type":"ReadAction","target":["https:\/\/alekeskus.eu\/toode\/aiamaja-vanker-11m%c2%b2-kuljele-avanev\/"]}]},{"@type":"ImageObject","inLanguage":"et","@id":"https:\/\/alekeskus.eu\/toode\/aiamaja-vanker-11m%c2%b2-kuljele-avanev\/#primaryimage","url":"https:\/\/alekeskus.eu\/wp-content\/uploads\/2021\/11\/647aiamaja-vanker-11m-k-ljele-avanev-0.jpg","contentUrl":"https:\/\/alekeskus.eu\/wp-content\/uploads\/2021\/11\/647aiamaja-vanker-11m-k-ljele-avanev-0.jpg","width":1600,"height":1067},{"@type":"BreadcrumbList","@id":"https:\/\/alekeskus.eu\/toode\/aiamaja-vanker-11m%c2%b2-kuljele-avanev\/#breadcrumb","itemListElement":[{"@type":"ListItem","position":1,"name":"Avaleht","item":"https:\/\/alekeskus.eu\/et\/"},{"@type":"ListItem","position":2,"name":"Pood","item":"https:\/\/alekeskus.eu\/pood\/"},{"@type":"ListItem","position":3,"name":"Aiamaja Vanker 11m² küljele avanev"}]},{"@type":"WebSite","@id":"https:\/\/alekeskus.eu\/#website","url":"https:\/\/alekeskus.eu\/","name":"Alekeskus","description":"Alekeskus.eu","potentialAction":[{"@type":"SearchAction","target":{"@type":"EntryPoint","urlTemplate":"https:\/\/alekeskus.eu\/?s={search_term_string}"},"query-input":{"@type":"PropertyValueSpecification","valueRequired":true,"valueName":"search_term_string"}}],"inLanguage":"et"}]}</script>
<!-- / Yoast SEO plugin. -->

Aiamaja Vanker 11m² küljele avanev - Alekeskus

Välismõõdud: 4,8 x 2,4 m.  Elementseinad 19mm. Teisaldatav aiamaja, kontor, kämping või laste mängumaja. Sääst vundamendi ehitamiselt, sest seisab muudetava kõrgusega pulbervärvitud terastugedel, millel küljes ka veerevad rattad.  1 avanev aken, pakettklaasid, uks 1,5x(fotodel vana mall)pulbervärvitud teras, veerevad terasrattad, seadistatavad seisujalad.  Garantii 2 aastat. Küsi paigaldust!
