{"id":63108,"date":"2021-11-11T21:43:00","date_gmt":"2021-11-11T21:43:00","guid":{"rendered":"http:\/\/alekeskus.eu\/product\/posti-jalg-70x70mm-valge\/"},"modified":"2025-12-30T22:07:46","modified_gmt":"2025-12-30T22:07:46","slug":"posti-jalg-70x70mm-valge","status":"publish","type":"product","link":"https:\/\/alekeskus.eu\/et\/toode\/posti-jalg-70x70mm-valge\/","title":{"rendered":"Posti jalg 70&#215;70 mm valge k\u00fcljetugedega"},"content":{"rendered":"","protected":false},"excerpt":{"rendered":"<p>Valge postijalg sobib valgete 70&#215;70 mm postide kinnitamiseks n\u00e4iteks terrassile.<\/p>\n<p>M\u00fc\u00fcakse vaid koos postide v\u00f5i aiaelementidega.<\/p>\n","protected":false},"featured_media":95230,"template":"","meta":{"_monsterinsights_skip_tracking":false,"_monsterinsights_sitenote_active":false,"_monsterinsights_sitenote_note":"","_monsterinsights_sitenote_category":0},"pwb-brand":[],"product_brand":[],"product_cat":[13570,13572,13532],"product_tag":[14290,14291],"class_list":{"0":"post-63108","1":"product","2":"type-product","3":"status-publish","4":"has-post-thumbnail","6":"product_cat-aiapaneelid-valmispiirded-ja-varavad","7":"product_cat-aiapostid","8":"product_cat-postid-ja-aiad","9":"product_tag-postijalg","10":"product_tag-prussiking","11":"product_shipping_class-30-300kg","12":"pa_veame-eesti-ja-soome","14":"first","15":"instock","16":"taxable","17":"shipping-taxable","18":"purchasable","19":"product-type-simple"},"yoast_head":"<!-- This site is optimized with the Yoast SEO plugin v27.3 - https:\/\/yoast.com\/product\/yoast-seo-wordpress\/ -->\n<title>Posti jalg 70x70 mm valge k\u00fcljetugedega - Alekeskus<\/title>\n<meta name=\"description\" content=\"postijalg\" \/>\n<meta name=\"robots\" content=\"index, follow, max-snippet:-1, max-image-preview:large, max-video-preview:-1\" \/>\n<link rel=\"canonical\" href=\"https:\/\/alekeskus.eu\/toode\/posti-jalg-70x70mm-valge\/\" \/>\n<meta property=\"og:locale\" content=\"et_EE\" \/>\n<meta property=\"og:type\" content=\"article\" \/>\n<meta property=\"og:title\" content=\"Posti jalg 70x70 mm valge k\u00fcljetugedega - Alekeskus\" \/>\n<meta property=\"og:description\" content=\"postijalg\" \/>\n<meta property=\"og:url\" content=\"https:\/\/alekeskus.eu\/toode\/posti-jalg-70x70mm-valge\/\" \/>\n<meta property=\"og:site_name\" content=\"Alekeskus\" \/>\n<meta property=\"article:modified_time\" content=\"2025-12-30T22:07:46+00:00\" \/>\n<meta property=\"og:image\" content=\"https:\/\/alekeskus.eu\/wp-content\/uploads\/2021\/11\/Post_leg_C-type_Side_support_70x70_white.jpg\" \/>\n\t<meta property=\"og:image:width\" content=\"1179\" \/>\n\t<meta property=\"og:image:height\" content=\"1600\" \/>\n\t<meta property=\"og:image:type\" content=\"image\/jpeg\" \/>\n<meta name=\"twitter:card\" content=\"summary_large_image\" \/>\n<meta name=\"twitter:label1\" content=\"Est. reading time\" \/>\n\t<meta name=\"twitter:data1\" content=\"1 minut\" \/>\n<script type=\"application\/ld+json\" class=\"yoast-schema-graph\">{\"@context\":\"https:\\\/\\\/schema.org\",\"@graph\":[{\"@type\":\"WebPage\",\"@id\":\"https:\\\/\\\/alekeskus.eu\\\/toode\\\/posti-jalg-70x70mm-valge\\\/\",\"url\":\"https:\\\/\\\/alekeskus.eu\\\/toode\\\/posti-jalg-70x70mm-valge\\\/\",\"name\":\"Posti jalg 70x70 mm valge k\u00fcljetugedega - Alekeskus\",\"isPartOf\":{\"@id\":\"https:\\\/\\\/alekeskus.eu\\\/#website\"},\"primaryImageOfPage\":{\"@id\":\"https:\\\/\\\/alekeskus.eu\\\/toode\\\/posti-jalg-70x70mm-valge\\\/#primaryimage\"},\"image\":{\"@id\":\"https:\\\/\\\/alekeskus.eu\\\/toode\\\/posti-jalg-70x70mm-valge\\\/#primaryimage\"},\"thumbnailUrl\":\"https:\\\/\\\/alekeskus.eu\\\/wp-content\\\/uploads\\\/2021\\\/11\\\/Post_leg_C-type_Side_support_70x70_white.jpg\",\"datePublished\":\"2021-11-11T21:43:00+00:00\",\"dateModified\":\"2025-12-30T22:07:46+00:00\",\"description\":\"postijalg\",\"breadcrumb\":{\"@id\":\"https:\\\/\\\/alekeskus.eu\\\/toode\\\/posti-jalg-70x70mm-valge\\\/#breadcrumb\"},\"inLanguage\":\"et\",\"potentialAction\":[{\"@type\":\"ReadAction\",\"target\":[\"https:\\\/\\\/alekeskus.eu\\\/toode\\\/posti-jalg-70x70mm-valge\\\/\"]}]},{\"@type\":\"ImageObject\",\"inLanguage\":\"et\",\"@id\":\"https:\\\/\\\/alekeskus.eu\\\/toode\\\/posti-jalg-70x70mm-valge\\\/#primaryimage\",\"url\":\"https:\\\/\\\/alekeskus.eu\\\/wp-content\\\/uploads\\\/2021\\\/11\\\/Post_leg_C-type_Side_support_70x70_white.jpg\",\"contentUrl\":\"https:\\\/\\\/alekeskus.eu\\\/wp-content\\\/uploads\\\/2021\\\/11\\\/Post_leg_C-type_Side_support_70x70_white.jpg\",\"width\":1179,\"height\":1600},{\"@type\":\"BreadcrumbList\",\"@id\":\"https:\\\/\\\/alekeskus.eu\\\/toode\\\/posti-jalg-70x70mm-valge\\\/#breadcrumb\",\"itemListElement\":[{\"@type\":\"ListItem\",\"position\":1,\"name\":\"Avaleht\",\"item\":\"https:\\\/\\\/alekeskus.eu\\\/et\\\/\"},{\"@type\":\"ListItem\",\"position\":2,\"name\":\"Pood\",\"item\":\"https:\\\/\\\/alekeskus.eu\\\/pood\\\/\"},{\"@type\":\"ListItem\",\"position\":3,\"name\":\"Posti jalg 70&#215;70 mm valge k\u00fcljetugedega\"}]},{\"@type\":\"WebSite\",\"@id\":\"https:\\\/\\\/alekeskus.eu\\\/#website\",\"url\":\"https:\\\/\\\/alekeskus.eu\\\/\",\"name\":\"Alekeskus\",\"description\":\"Alekeskus.eu\",\"potentialAction\":[{\"@type\":\"SearchAction\",\"target\":{\"@type\":\"EntryPoint\",\"urlTemplate\":\"https:\\\/\\\/alekeskus.eu\\\/?s={search_term_string}\"},\"query-input\":{\"@type\":\"PropertyValueSpecification\",\"valueRequired\":true,\"valueName\":\"search_term_string\"}}],\"inLanguage\":\"et\"}]}<\/script>\n<!-- \/ Yoast SEO plugin. -->","yoast_head_json":{"title":"Posti jalg 70x70 mm valge k\u00fcljetugedega - Alekeskus","description":"postijalg","robots":{"index":"index","follow":"follow","max-snippet":"max-snippet:-1","max-image-preview":"max-image-preview:large","max-video-preview":"max-video-preview:-1"},"canonical":"https:\/\/alekeskus.eu\/toode\/posti-jalg-70x70mm-valge\/","og_locale":"et_EE","og_type":"article","og_title":"Posti jalg 70x70 mm valge k\u00fcljetugedega - Alekeskus","og_description":"postijalg","og_url":"https:\/\/alekeskus.eu\/toode\/posti-jalg-70x70mm-valge\/","og_site_name":"Alekeskus","article_modified_time":"2025-12-30T22:07:46+00:00","og_image":[{"width":1179,"height":1600,"url":"https:\/\/alekeskus.eu\/wp-content\/uploads\/2021\/11\/Post_leg_C-type_Side_support_70x70_white.jpg","type":"image\/jpeg"}],"twitter_card":"summary_large_image","twitter_misc":{"Est. reading time":"1 minut"},"schema":{"@context":"https:\/\/schema.org","@graph":[{"@type":"WebPage","@id":"https:\/\/alekeskus.eu\/toode\/posti-jalg-70x70mm-valge\/","url":"https:\/\/alekeskus.eu\/toode\/posti-jalg-70x70mm-valge\/","name":"Posti jalg 70x70 mm valge k\u00fcljetugedega - Alekeskus","isPartOf":{"@id":"https:\/\/alekeskus.eu\/#website"},"primaryImageOfPage":{"@id":"https:\/\/alekeskus.eu\/toode\/posti-jalg-70x70mm-valge\/#primaryimage"},"image":{"@id":"https:\/\/alekeskus.eu\/toode\/posti-jalg-70x70mm-valge\/#primaryimage"},"thumbnailUrl":"https:\/\/alekeskus.eu\/wp-content\/uploads\/2021\/11\/Post_leg_C-type_Side_support_70x70_white.jpg","datePublished":"2021-11-11T21:43:00+00:00","dateModified":"2025-12-30T22:07:46+00:00","description":"postijalg","breadcrumb":{"@id":"https:\/\/alekeskus.eu\/toode\/posti-jalg-70x70mm-valge\/#breadcrumb"},"inLanguage":"et","potentialAction":[{"@type":"ReadAction","target":["https:\/\/alekeskus.eu\/toode\/posti-jalg-70x70mm-valge\/"]}]},{"@type":"ImageObject","inLanguage":"et","@id":"https:\/\/alekeskus.eu\/toode\/posti-jalg-70x70mm-valge\/#primaryimage","url":"https:\/\/alekeskus.eu\/wp-content\/uploads\/2021\/11\/Post_leg_C-type_Side_support_70x70_white.jpg","contentUrl":"https:\/\/alekeskus.eu\/wp-content\/uploads\/2021\/11\/Post_leg_C-type_Side_support_70x70_white.jpg","width":1179,"height":1600},{"@type":"BreadcrumbList","@id":"https:\/\/alekeskus.eu\/toode\/posti-jalg-70x70mm-valge\/#breadcrumb","itemListElement":[{"@type":"ListItem","position":1,"name":"Avaleht","item":"https:\/\/alekeskus.eu\/et\/"},{"@type":"ListItem","position":2,"name":"Pood","item":"https:\/\/alekeskus.eu\/pood\/"},{"@type":"ListItem","position":3,"name":"Posti jalg 70&#215;70 mm valge k\u00fcljetugedega"}]},{"@type":"WebSite","@id":"https:\/\/alekeskus.eu\/#website","url":"https:\/\/alekeskus.eu\/","name":"Alekeskus","description":"Alekeskus.eu","potentialAction":[{"@type":"SearchAction","target":{"@type":"EntryPoint","urlTemplate":"https:\/\/alekeskus.eu\/?s={search_term_string}"},"query-input":{"@type":"PropertyValueSpecification","valueRequired":true,"valueName":"search_term_string"}}],"inLanguage":"et"}]}},"brands":[],"_links":{"self":[{"href":"https:\/\/alekeskus.eu\/et\/wp-json\/wp\/v2\/product\/63108","targetHints":{"allow":["GET"]}}],"collection":[{"href":"https:\/\/alekeskus.eu\/et\/wp-json\/wp\/v2\/product"}],"about":[{"href":"https:\/\/alekeskus.eu\/et\/wp-json\/wp\/v2\/types\/product"}],"wp:featuredmedia":[{"embeddable":true,"href":"https:\/\/alekeskus.eu\/et\/wp-json\/wp\/v2\/media\/95230"}],"wp:attachment":[{"href":"https:\/\/alekeskus.eu\/et\/wp-json\/wp\/v2\/media?parent=63108"}],"wp:term":[{"taxonomy":"pwb-brand","embeddable":true,"href":"https:\/\/alekeskus.eu\/et\/wp-json\/wp\/v2\/pwb-brand?post=63108"},{"taxonomy":"product_brand","embeddable":true,"href":"https:\/\/alekeskus.eu\/et\/wp-json\/wp\/v2\/product_brand?post=63108"},{"taxonomy":"product_cat","embeddable":true,"href":"https:\/\/alekeskus.eu\/et\/wp-json\/wp\/v2\/product_cat?post=63108"},{"taxonomy":"product_tag","embeddable":true,"href":"https:\/\/alekeskus.eu\/et\/wp-json\/wp\/v2\/product_tag?post=63108"}],"curies":[{"name":"wp","href":"https:\/\/api.w.org\/{rel}","templated":true}]}}

Posti jalg 70&#215;70 mm valge küljetugedega

<p>Valge postijalg sobib valgete 70&#215;70 mm postide kinnitamiseks näiteks terrassile.</p>
<p>Müüakse vaid koos postide või aiaelementidega.</p>

<!-- This site is optimized with the Yoast SEO plugin v27.3 - https://yoast.com/product/yoast-seo-wordpress/ -->
<title>Posti jalg 70x70 mm valge küljetugedega - Alekeskus</title>
<meta name="description" content="postijalg" />
<meta name="robots" content="index, follow, max-snippet:-1, max-image-preview:large, max-video-preview:-1" />
<link rel="canonical" href="https://alekeskus.eu/toode/posti-jalg-70x70mm-valge/" />
<meta property="og:locale" content="et_EE" />
<meta property="og:type" content="article" />
<meta property="og:title" content="Posti jalg 70x70 mm valge küljetugedega - Alekeskus" />
<meta property="og:description" content="postijalg" />
<meta property="og:url" content="https://alekeskus.eu/toode/posti-jalg-70x70mm-valge/" />
<meta property="og:site_name" content="Alekeskus" />
<meta property="article:modified_time" content="2025-12-30T22:07:46+00:00" />
<meta property="og:image" content="https://alekeskus.eu/wp-content/uploads/2021/11/Post_leg_C-type_Side_support_70x70_white.jpg" />
	<meta property="og:image:width" content="1179" />
	<meta property="og:image:height" content="1600" />
	<meta property="og:image:type" content="image/jpeg" />
<meta name="twitter:card" content="summary_large_image" />
<meta name="twitter:label1" content="Est. reading time" />
	<meta name="twitter:data1" content="1 minut" />
<script type="application/ld+json" class="yoast-schema-graph">{"@context":"https:\/\/schema.org","@graph":[{"@type":"WebPage","@id":"https:\/\/alekeskus.eu\/toode\/posti-jalg-70x70mm-valge\/","url":"https:\/\/alekeskus.eu\/toode\/posti-jalg-70x70mm-valge\/","name":"Posti jalg 70x70 mm valge küljetugedega - Alekeskus","isPartOf":{"@id":"https:\/\/alekeskus.eu\/#website"},"primaryImageOfPage":{"@id":"https:\/\/alekeskus.eu\/toode\/posti-jalg-70x70mm-valge\/#primaryimage"},"image":{"@id":"https:\/\/alekeskus.eu\/toode\/posti-jalg-70x70mm-valge\/#primaryimage"},"thumbnailUrl":"https:\/\/alekeskus.eu\/wp-content\/uploads\/2021\/11\/Post_leg_C-type_Side_support_70x70_white.jpg","datePublished":"2021-11-11T21:43:00+00:00","dateModified":"2025-12-30T22:07:46+00:00","description":"postijalg","breadcrumb":{"@id":"https:\/\/alekeskus.eu\/toode\/posti-jalg-70x70mm-valge\/#breadcrumb"},"inLanguage":"et","potentialAction":[{"@type":"ReadAction","target":["https:\/\/alekeskus.eu\/toode\/posti-jalg-70x70mm-valge\/"]}]},{"@type":"ImageObject","inLanguage":"et","@id":"https:\/\/alekeskus.eu\/toode\/posti-jalg-70x70mm-valge\/#primaryimage","url":"https:\/\/alekeskus.eu\/wp-content\/uploads\/2021\/11\/Post_leg_C-type_Side_support_70x70_white.jpg","contentUrl":"https:\/\/alekeskus.eu\/wp-content\/uploads\/2021\/11\/Post_leg_C-type_Side_support_70x70_white.jpg","width":1179,"height":1600},{"@type":"BreadcrumbList","@id":"https:\/\/alekeskus.eu\/toode\/posti-jalg-70x70mm-valge\/#breadcrumb","itemListElement":[{"@type":"ListItem","position":1,"name":"Avaleht","item":"https:\/\/alekeskus.eu\/et\/"},{"@type":"ListItem","position":2,"name":"Pood","item":"https:\/\/alekeskus.eu\/pood\/"},{"@type":"ListItem","position":3,"name":"Posti jalg 70&#215;70 mm valge küljetugedega"}]},{"@type":"WebSite","@id":"https:\/\/alekeskus.eu\/#website","url":"https:\/\/alekeskus.eu\/","name":"Alekeskus","description":"Alekeskus.eu","potentialAction":[{"@type":"SearchAction","target":{"@type":"EntryPoint","urlTemplate":"https:\/\/alekeskus.eu\/?s={search_term_string}"},"query-input":{"@type":"PropertyValueSpecification","valueRequired":true,"valueName":"search_term_string"}}],"inLanguage":"et"}]}</script>
<!-- / Yoast SEO plugin. -->

Posti jalg 70x70 mm valge küljetugedega - Alekeskus
