{"id":64252,"date":"2024-11-11T21:59:21","date_gmt":"2024-11-11T21:59:21","guid":{"rendered":"http:\/\/alekeskus.eu\/product\/piknikulaud-artur-rohekast-suvaimmutatud-puidust\/"},"modified":"2026-01-25T20:27:22","modified_gmt":"2026-01-25T20:27:22","slug":"piknikulaud-artur-alekeskus","status":"publish","type":"product","link":"https:\/\/alekeskus.eu\/et\/toode\/piknikulaud-artur-alekeskus\/","title":{"rendered":"Piknikulaud Artur s\u00fcvaimmutatud puidust"},"content":{"rendered":"","protected":false},"excerpt":{"rendered":"<p>Mugav istuda, tugev ja n\u00e4gus 8 inimese aiam\u00f6\u00f6bel. \u00dcldm\u00f5\u00f5dud 2,74 x 2,74 m.<\/p>\n<p>Pingi pikkus 1,29 m. Seljatoe k\u00f5rgus 80 cm. Laua m\u00f5\u00f5dud 1,29 x 1,29 m.<\/p>\n<p>Sobib ka \u00fchiskondlikku kasutusse, kuna on valmistatud tugevast s\u00fcgavimmutatud(rohekas) h\u00f6\u00f6veldatud <span style=\"text-decoration: underline;\">44 mm kuuselauast<\/span>. Eesti toode.<\/p>\n<p>Kaasas koostejuhend <a href=\"https:\/\/alekeskus.eu\/wp-content\/uploads\/2021\/11\/Artur-ohje.pdf\">Artur ohje<\/a> ja kinnitusvahendid.<\/p>\n<p>Vajadusel paigaldus 200EUR + s\u00f5it 0,7EUR\/km.<\/p>\n","protected":false},"featured_media":85392,"template":"","meta":{"_monsterinsights_skip_tracking":false,"_monsterinsights_sitenote_active":false,"_monsterinsights_sitenote_note":"","_monsterinsights_sitenote_category":0},"pwb-brand":[],"product_brand":[],"product_cat":[13564,13538,13530],"product_tag":[14603,14604,14628,14629,18411,14024,14025,14135,14139],"class_list":{"0":"post-64252","1":"product","2":"type-product","3":"status-publish","4":"has-post-thumbnail","6":"product_cat-aiamoobel","7":"product_cat-ale","8":"product_cat-aed-ja-kodu","9":"product_tag-laud","10":"product_tag-soogilaud","11":"product_tag-matkalaud","12":"product_tag-puitlaud","13":"product_tag-ulkokalusteryhma","14":"product_tag-piknikulaud","15":"product_tag-aiamoobel","16":"product_tag-aialaud","17":"product_tag-ulkokaluste","18":"product_shipping_class-30-300kg","19":"pa_garantii-2-aastat","20":"pa_kohaletoimetamine-veohind-mandri-eestis-alekeskus","21":"pa_laoasukoht-poltsamaa","22":"pa_tellimisaeg-tilausaika-alekeskus","23":"pa_varv-roheline","24":"pa_veame-eesti-ja-soome","26":"first","27":"instock","28":"sale","29":"taxable","30":"shipping-taxable","31":"purchasable","32":"product-type-simple"},"yoast_head":"<!-- This site is optimized with the Yoast SEO plugin v27.3 - https:\/\/yoast.com\/product\/yoast-seo-wordpress\/ -->\n<title>Piknikulaud Artur s\u00fcvaimmutatud puidust - Alekeskus<\/title>\n<meta name=\"description\" content=\"piknikulaud s\u00fcvaimmutatud puidust\" \/>\n<meta name=\"robots\" content=\"index, follow, max-snippet:-1, max-image-preview:large, max-video-preview:-1\" \/>\n<link rel=\"canonical\" href=\"https:\/\/alekeskus.eu\/et\/toode\/piknikulaud-artur-alekeskus\/\" \/>\n<meta property=\"og:locale\" content=\"et_EE\" \/>\n<meta property=\"og:type\" content=\"article\" \/>\n<meta property=\"og:title\" content=\"Piknikulaud Artur s\u00fcvaimmutatud puidust - Alekeskus\" \/>\n<meta property=\"og:description\" content=\"piknikulaud s\u00fcvaimmutatud puidust\" \/>\n<meta property=\"og:url\" content=\"https:\/\/alekeskus.eu\/et\/toode\/piknikulaud-artur-alekeskus\/\" \/>\n<meta property=\"og:site_name\" content=\"Alekeskus\" \/>\n<meta property=\"article:modified_time\" content=\"2026-01-25T20:27:22+00:00\" \/>\n<meta property=\"og:image\" content=\"https:\/\/alekeskus.eu\/wp-content\/uploads\/2021\/11\/Arthur_visual_wb-scaled.jpg\" \/>\n\t<meta property=\"og:image:width\" content=\"1600\" \/>\n\t<meta property=\"og:image:height\" content=\"1070\" \/>\n\t<meta property=\"og:image:type\" content=\"image\/jpeg\" \/>\n<meta name=\"twitter:card\" content=\"summary_large_image\" \/>\n<meta name=\"twitter:label1\" content=\"Est. reading time\" \/>\n\t<meta name=\"twitter:data1\" content=\"1 minut\" \/>\n<script type=\"application\/ld+json\" class=\"yoast-schema-graph\">{\"@context\":\"https:\\\/\\\/schema.org\",\"@graph\":[{\"@type\":\"WebPage\",\"@id\":\"https:\\\/\\\/alekeskus.eu\\\/et\\\/toode\\\/piknikulaud-artur-alekeskus\\\/\",\"url\":\"https:\\\/\\\/alekeskus.eu\\\/et\\\/toode\\\/piknikulaud-artur-alekeskus\\\/\",\"name\":\"Piknikulaud Artur s\u00fcvaimmutatud puidust - Alekeskus\",\"isPartOf\":{\"@id\":\"https:\\\/\\\/alekeskus.eu\\\/#website\"},\"primaryImageOfPage\":{\"@id\":\"https:\\\/\\\/alekeskus.eu\\\/et\\\/toode\\\/piknikulaud-artur-alekeskus\\\/#primaryimage\"},\"image\":{\"@id\":\"https:\\\/\\\/alekeskus.eu\\\/et\\\/toode\\\/piknikulaud-artur-alekeskus\\\/#primaryimage\"},\"thumbnailUrl\":\"https:\\\/\\\/alekeskus.eu\\\/wp-content\\\/uploads\\\/2021\\\/11\\\/Arthur_visual_wb-scaled.jpg\",\"datePublished\":\"2024-11-11T21:59:21+00:00\",\"dateModified\":\"2026-01-25T20:27:22+00:00\",\"description\":\"piknikulaud s\u00fcvaimmutatud puidust\",\"breadcrumb\":{\"@id\":\"https:\\\/\\\/alekeskus.eu\\\/et\\\/toode\\\/piknikulaud-artur-alekeskus\\\/#breadcrumb\"},\"inLanguage\":\"et\",\"potentialAction\":[{\"@type\":\"ReadAction\",\"target\":[\"https:\\\/\\\/alekeskus.eu\\\/et\\\/toode\\\/piknikulaud-artur-alekeskus\\\/\"]}]},{\"@type\":\"ImageObject\",\"inLanguage\":\"et\",\"@id\":\"https:\\\/\\\/alekeskus.eu\\\/et\\\/toode\\\/piknikulaud-artur-alekeskus\\\/#primaryimage\",\"url\":\"https:\\\/\\\/alekeskus.eu\\\/wp-content\\\/uploads\\\/2021\\\/11\\\/Arthur_visual_wb-scaled.jpg\",\"contentUrl\":\"https:\\\/\\\/alekeskus.eu\\\/wp-content\\\/uploads\\\/2021\\\/11\\\/Arthur_visual_wb-scaled.jpg\",\"width\":1600,\"height\":1070,\"caption\":\"wooden terrace in a garden with japanese maple foliage\"},{\"@type\":\"BreadcrumbList\",\"@id\":\"https:\\\/\\\/alekeskus.eu\\\/et\\\/toode\\\/piknikulaud-artur-alekeskus\\\/#breadcrumb\",\"itemListElement\":[{\"@type\":\"ListItem\",\"position\":1,\"name\":\"Avaleht\",\"item\":\"https:\\\/\\\/alekeskus.eu\\\/et\\\/\"},{\"@type\":\"ListItem\",\"position\":2,\"name\":\"Pood\",\"item\":\"https:\\\/\\\/alekeskus.eu\\\/pood\\\/\"},{\"@type\":\"ListItem\",\"position\":3,\"name\":\"Piknikulaud Artur s\u00fcvaimmutatud puidust\"}]},{\"@type\":\"WebSite\",\"@id\":\"https:\\\/\\\/alekeskus.eu\\\/#website\",\"url\":\"https:\\\/\\\/alekeskus.eu\\\/\",\"name\":\"Alekeskus\",\"description\":\"Alekeskus.eu\",\"potentialAction\":[{\"@type\":\"SearchAction\",\"target\":{\"@type\":\"EntryPoint\",\"urlTemplate\":\"https:\\\/\\\/alekeskus.eu\\\/?s={search_term_string}\"},\"query-input\":{\"@type\":\"PropertyValueSpecification\",\"valueRequired\":true,\"valueName\":\"search_term_string\"}}],\"inLanguage\":\"et\"}]}<\/script>\n<!-- \/ Yoast SEO plugin. -->","yoast_head_json":{"title":"Piknikulaud Artur s\u00fcvaimmutatud puidust - Alekeskus","description":"piknikulaud s\u00fcvaimmutatud puidust","robots":{"index":"index","follow":"follow","max-snippet":"max-snippet:-1","max-image-preview":"max-image-preview:large","max-video-preview":"max-video-preview:-1"},"canonical":"https:\/\/alekeskus.eu\/et\/toode\/piknikulaud-artur-alekeskus\/","og_locale":"et_EE","og_type":"article","og_title":"Piknikulaud Artur s\u00fcvaimmutatud puidust - Alekeskus","og_description":"piknikulaud s\u00fcvaimmutatud puidust","og_url":"https:\/\/alekeskus.eu\/et\/toode\/piknikulaud-artur-alekeskus\/","og_site_name":"Alekeskus","article_modified_time":"2026-01-25T20:27:22+00:00","og_image":[{"width":1600,"height":1070,"url":"https:\/\/alekeskus.eu\/wp-content\/uploads\/2021\/11\/Arthur_visual_wb-scaled.jpg","type":"image\/jpeg"}],"twitter_card":"summary_large_image","twitter_misc":{"Est. reading time":"1 minut"},"schema":{"@context":"https:\/\/schema.org","@graph":[{"@type":"WebPage","@id":"https:\/\/alekeskus.eu\/et\/toode\/piknikulaud-artur-alekeskus\/","url":"https:\/\/alekeskus.eu\/et\/toode\/piknikulaud-artur-alekeskus\/","name":"Piknikulaud Artur s\u00fcvaimmutatud puidust - Alekeskus","isPartOf":{"@id":"https:\/\/alekeskus.eu\/#website"},"primaryImageOfPage":{"@id":"https:\/\/alekeskus.eu\/et\/toode\/piknikulaud-artur-alekeskus\/#primaryimage"},"image":{"@id":"https:\/\/alekeskus.eu\/et\/toode\/piknikulaud-artur-alekeskus\/#primaryimage"},"thumbnailUrl":"https:\/\/alekeskus.eu\/wp-content\/uploads\/2021\/11\/Arthur_visual_wb-scaled.jpg","datePublished":"2024-11-11T21:59:21+00:00","dateModified":"2026-01-25T20:27:22+00:00","description":"piknikulaud s\u00fcvaimmutatud puidust","breadcrumb":{"@id":"https:\/\/alekeskus.eu\/et\/toode\/piknikulaud-artur-alekeskus\/#breadcrumb"},"inLanguage":"et","potentialAction":[{"@type":"ReadAction","target":["https:\/\/alekeskus.eu\/et\/toode\/piknikulaud-artur-alekeskus\/"]}]},{"@type":"ImageObject","inLanguage":"et","@id":"https:\/\/alekeskus.eu\/et\/toode\/piknikulaud-artur-alekeskus\/#primaryimage","url":"https:\/\/alekeskus.eu\/wp-content\/uploads\/2021\/11\/Arthur_visual_wb-scaled.jpg","contentUrl":"https:\/\/alekeskus.eu\/wp-content\/uploads\/2021\/11\/Arthur_visual_wb-scaled.jpg","width":1600,"height":1070,"caption":"wooden terrace in a garden with japanese maple foliage"},{"@type":"BreadcrumbList","@id":"https:\/\/alekeskus.eu\/et\/toode\/piknikulaud-artur-alekeskus\/#breadcrumb","itemListElement":[{"@type":"ListItem","position":1,"name":"Avaleht","item":"https:\/\/alekeskus.eu\/et\/"},{"@type":"ListItem","position":2,"name":"Pood","item":"https:\/\/alekeskus.eu\/pood\/"},{"@type":"ListItem","position":3,"name":"Piknikulaud Artur s\u00fcvaimmutatud puidust"}]},{"@type":"WebSite","@id":"https:\/\/alekeskus.eu\/#website","url":"https:\/\/alekeskus.eu\/","name":"Alekeskus","description":"Alekeskus.eu","potentialAction":[{"@type":"SearchAction","target":{"@type":"EntryPoint","urlTemplate":"https:\/\/alekeskus.eu\/?s={search_term_string}"},"query-input":{"@type":"PropertyValueSpecification","valueRequired":true,"valueName":"search_term_string"}}],"inLanguage":"et"}]}},"brands":[],"_links":{"self":[{"href":"https:\/\/alekeskus.eu\/et\/wp-json\/wp\/v2\/product\/64252","targetHints":{"allow":["GET"]}}],"collection":[{"href":"https:\/\/alekeskus.eu\/et\/wp-json\/wp\/v2\/product"}],"about":[{"href":"https:\/\/alekeskus.eu\/et\/wp-json\/wp\/v2\/types\/product"}],"wp:featuredmedia":[{"embeddable":true,"href":"https:\/\/alekeskus.eu\/et\/wp-json\/wp\/v2\/media\/85392"}],"wp:attachment":[{"href":"https:\/\/alekeskus.eu\/et\/wp-json\/wp\/v2\/media?parent=64252"}],"wp:term":[{"taxonomy":"pwb-brand","embeddable":true,"href":"https:\/\/alekeskus.eu\/et\/wp-json\/wp\/v2\/pwb-brand?post=64252"},{"taxonomy":"product_brand","embeddable":true,"href":"https:\/\/alekeskus.eu\/et\/wp-json\/wp\/v2\/product_brand?post=64252"},{"taxonomy":"product_cat","embeddable":true,"href":"https:\/\/alekeskus.eu\/et\/wp-json\/wp\/v2\/product_cat?post=64252"},{"taxonomy":"product_tag","embeddable":true,"href":"https:\/\/alekeskus.eu\/et\/wp-json\/wp\/v2\/product_tag?post=64252"}],"curies":[{"name":"wp","href":"https:\/\/api.w.org\/{rel}","templated":true}]}}

Piknikulaud Artur süvaimmutatud puidust

<p>Mugav istuda, tugev ja nägus 8 inimese aiamööbel. Üldmõõdud 2,74 x 2,74 m.</p>
<p>Pingi pikkus 1,29 m. Seljatoe kõrgus 80 cm. Laua mõõdud 1,29 x 1,29 m.</p>
<p>Sobib ka ühiskondlikku kasutusse, kuna on valmistatud tugevast sügavimmutatud(rohekas) hööveldatud <span style="text-decoration: underline;">44 mm kuuselauast</span>. Eesti toode.</p>
<p>Kaasas koostejuhend <a href="https://alekeskus.eu/wp-content/uploads/2021/11/Artur-ohje.pdf">Artur ohje</a> ja kinnitusvahendid.</p>
<p>Vajadusel paigaldus 200EUR + sõit 0,7EUR/km.</p>

<!-- This site is optimized with the Yoast SEO plugin v27.3 - https://yoast.com/product/yoast-seo-wordpress/ -->
<title>Piknikulaud Artur süvaimmutatud puidust - Alekeskus</title>
<meta name="description" content="piknikulaud süvaimmutatud puidust" />
<meta name="robots" content="index, follow, max-snippet:-1, max-image-preview:large, max-video-preview:-1" />
<link rel="canonical" href="https://alekeskus.eu/et/toode/piknikulaud-artur-alekeskus/" />
<meta property="og:locale" content="et_EE" />
<meta property="og:type" content="article" />
<meta property="og:title" content="Piknikulaud Artur süvaimmutatud puidust - Alekeskus" />
<meta property="og:description" content="piknikulaud süvaimmutatud puidust" />
<meta property="og:url" content="https://alekeskus.eu/et/toode/piknikulaud-artur-alekeskus/" />
<meta property="og:site_name" content="Alekeskus" />
<meta property="article:modified_time" content="2026-01-25T20:27:22+00:00" />
<meta property="og:image" content="https://alekeskus.eu/wp-content/uploads/2021/11/Arthur_visual_wb-scaled.jpg" />
	<meta property="og:image:width" content="1600" />
	<meta property="og:image:height" content="1070" />
	<meta property="og:image:type" content="image/jpeg" />
<meta name="twitter:card" content="summary_large_image" />
<meta name="twitter:label1" content="Est. reading time" />
	<meta name="twitter:data1" content="1 minut" />
<script type="application/ld+json" class="yoast-schema-graph">{"@context":"https:\/\/schema.org","@graph":[{"@type":"WebPage","@id":"https:\/\/alekeskus.eu\/et\/toode\/piknikulaud-artur-alekeskus\/","url":"https:\/\/alekeskus.eu\/et\/toode\/piknikulaud-artur-alekeskus\/","name":"Piknikulaud Artur süvaimmutatud puidust - Alekeskus","isPartOf":{"@id":"https:\/\/alekeskus.eu\/#website"},"primaryImageOfPage":{"@id":"https:\/\/alekeskus.eu\/et\/toode\/piknikulaud-artur-alekeskus\/#primaryimage"},"image":{"@id":"https:\/\/alekeskus.eu\/et\/toode\/piknikulaud-artur-alekeskus\/#primaryimage"},"thumbnailUrl":"https:\/\/alekeskus.eu\/wp-content\/uploads\/2021\/11\/Arthur_visual_wb-scaled.jpg","datePublished":"2024-11-11T21:59:21+00:00","dateModified":"2026-01-25T20:27:22+00:00","description":"piknikulaud süvaimmutatud puidust","breadcrumb":{"@id":"https:\/\/alekeskus.eu\/et\/toode\/piknikulaud-artur-alekeskus\/#breadcrumb"},"inLanguage":"et","potentialAction":[{"@type":"ReadAction","target":["https:\/\/alekeskus.eu\/et\/toode\/piknikulaud-artur-alekeskus\/"]}]},{"@type":"ImageObject","inLanguage":"et","@id":"https:\/\/alekeskus.eu\/et\/toode\/piknikulaud-artur-alekeskus\/#primaryimage","url":"https:\/\/alekeskus.eu\/wp-content\/uploads\/2021\/11\/Arthur_visual_wb-scaled.jpg","contentUrl":"https:\/\/alekeskus.eu\/wp-content\/uploads\/2021\/11\/Arthur_visual_wb-scaled.jpg","width":1600,"height":1070,"caption":"wooden terrace in a garden with japanese maple foliage"},{"@type":"BreadcrumbList","@id":"https:\/\/alekeskus.eu\/et\/toode\/piknikulaud-artur-alekeskus\/#breadcrumb","itemListElement":[{"@type":"ListItem","position":1,"name":"Avaleht","item":"https:\/\/alekeskus.eu\/et\/"},{"@type":"ListItem","position":2,"name":"Pood","item":"https:\/\/alekeskus.eu\/pood\/"},{"@type":"ListItem","position":3,"name":"Piknikulaud Artur süvaimmutatud puidust"}]},{"@type":"WebSite","@id":"https:\/\/alekeskus.eu\/#website","url":"https:\/\/alekeskus.eu\/","name":"Alekeskus","description":"Alekeskus.eu","potentialAction":[{"@type":"SearchAction","target":{"@type":"EntryPoint","urlTemplate":"https:\/\/alekeskus.eu\/?s={search_term_string}"},"query-input":{"@type":"PropertyValueSpecification","valueRequired":true,"valueName":"search_term_string"}}],"inLanguage":"et"}]}</script>
<!-- / Yoast SEO plugin. -->

Piknikulaud Artur süvaimmutatud puidust - Alekeskus

piknikulaud süvaimmutatud puidust
