{"id":64450,"date":"2025-06-11T22:02:28","date_gmt":"2025-06-11T22:02:28","guid":{"rendered":"http:\/\/alekeskus.eu\/product\/aiapaneel-laur-180x180cm\/"},"modified":"2025-12-30T19:06:31","modified_gmt":"2025-12-30T19:06:31","slug":"aiapaneel-laur-180x180cm-alekeskus","status":"publish","type":"product","link":"https:\/\/alekeskus.eu\/et\/toode\/aiapaneel-laur-180x180cm-alekeskus\/","title":{"rendered":"Aiaelement Laur 180&#215;180 cm hall s\u00fcvaimmutus v\u00f5i must ja valge v\u00e4rv"},"content":{"rendered":"","protected":false},"excerpt":{"rendered":"<p>M\u00f5\u00f5dud: <strong>180 x 180 cm<\/strong><\/p>\n<p>Raam 45 x 45 mm, latid 19 x 70 mm.<\/p>\n<p>Kestev tehase viimistlus:<\/p>\n<ul>\n<li>krunt + 2 kihti must v\u00f5i valge v\u00e4rv<\/li>\n<li>hall s\u00fcvaimmutus<\/li>\n<\/ul>\n<p>Eesti toode.<\/p>\n","protected":false},"featured_media":95203,"template":"","meta":{"_monsterinsights_skip_tracking":false,"_monsterinsights_sitenote_active":false,"_monsterinsights_sitenote_note":"","_monsterinsights_sitenote_category":0},"pwb-brand":[18577],"product_brand":[],"product_cat":[13570,13532],"product_tag":[14258,14261,14673,14675,14818,14819,14155,14256,14257],"class_list":{"0":"post-64450","1":"product","2":"type-product","3":"status-publish","4":"has-post-thumbnail","6":"pwb-brand-eesti","7":"product_cat-aiapaneelid-valmispiirded-ja-varavad","8":"product_cat-postid-ja-aiad","9":"product_tag-aiaelement","10":"product_tag-aitauselementti","11":"product_tag-aiapaneel","12":"product_tag-aitaelementti","13":"product_tag-kilp","14":"product_tag-eraldatud","15":"product_tag-aiakujundus","16":"product_tag-aed","17":"product_tag-piire","18":"product_shipping_class-30-300kg","19":"pa_garantii-2-aastat","20":"pa_kohaletoimetamine-veohind-mandri-eestis-alekeskus","21":"pa_laoasukoht-poltsamaa","22":"pa_tellimisaeg-tilausaika-alekeskus","23":"pa_varv-hall-suvaimmutus","24":"pa_varv-valge","25":"pa_varv-must","26":"pa_veame-eesti-ja-soome","28":"first","29":"instock","30":"taxable","31":"shipping-taxable","32":"purchasable","33":"product-type-variable","34":"has-default-attributes"},"yoast_head":"<!-- This site is optimized with the Yoast SEO plugin v27.3 - https:\/\/yoast.com\/product\/yoast-seo-wordpress\/ -->\n<title>Aiaelement Laur 180x180 cm hall s\u00fcvaimmutus v\u00f5i must ja valge v\u00e4rv - Alekeskus<\/title>\n<meta name=\"description\" content=\"aiaelement puidust\" \/>\n<meta name=\"robots\" content=\"index, follow, max-snippet:-1, max-image-preview:large, max-video-preview:-1\" \/>\n<link rel=\"canonical\" href=\"https:\/\/alekeskus.eu\/toode\/aiapaneel-laur-180x180cm-alekeskus\/\" \/>\n<meta property=\"og:locale\" content=\"et_EE\" \/>\n<meta property=\"og:type\" content=\"article\" \/>\n<meta property=\"og:title\" content=\"Aiaelement Laur 180x180 cm hall s\u00fcvaimmutus v\u00f5i must ja valge v\u00e4rv - Alekeskus\" \/>\n<meta property=\"og:description\" content=\"aiaelement puidust\" \/>\n<meta property=\"og:url\" content=\"https:\/\/alekeskus.eu\/toode\/aiapaneel-laur-180x180cm-alekeskus\/\" \/>\n<meta property=\"og:site_name\" content=\"Alekeskus\" \/>\n<meta property=\"article:modified_time\" content=\"2025-12-30T19:06:31+00:00\" \/>\n<meta property=\"og:image\" content=\"https:\/\/alekeskus.eu\/wp-content\/uploads\/2022\/11\/Laureen_WTPNT12-2026.jpg\" \/>\n\t<meta property=\"og:image:width\" content=\"1600\" \/>\n\t<meta property=\"og:image:height\" content=\"1131\" \/>\n\t<meta property=\"og:image:type\" content=\"image\/jpeg\" \/>\n<meta name=\"twitter:card\" content=\"summary_large_image\" \/>\n<meta name=\"twitter:label1\" content=\"Est. reading time\" \/>\n\t<meta name=\"twitter:data1\" content=\"1 minut\" \/>\n<script type=\"application\/ld+json\" class=\"yoast-schema-graph\">{\"@context\":\"https:\\\/\\\/schema.org\",\"@graph\":[{\"@type\":\"WebPage\",\"@id\":\"https:\\\/\\\/alekeskus.eu\\\/toode\\\/aiapaneel-laur-180x180cm-alekeskus\\\/\",\"url\":\"https:\\\/\\\/alekeskus.eu\\\/toode\\\/aiapaneel-laur-180x180cm-alekeskus\\\/\",\"name\":\"Aiaelement Laur 180x180 cm hall s\u00fcvaimmutus v\u00f5i must ja valge v\u00e4rv - Alekeskus\",\"isPartOf\":{\"@id\":\"https:\\\/\\\/alekeskus.eu\\\/#website\"},\"primaryImageOfPage\":{\"@id\":\"https:\\\/\\\/alekeskus.eu\\\/toode\\\/aiapaneel-laur-180x180cm-alekeskus\\\/#primaryimage\"},\"image\":{\"@id\":\"https:\\\/\\\/alekeskus.eu\\\/toode\\\/aiapaneel-laur-180x180cm-alekeskus\\\/#primaryimage\"},\"thumbnailUrl\":\"https:\\\/\\\/alekeskus.eu\\\/wp-content\\\/uploads\\\/2022\\\/11\\\/Laureen_WTPNT12-2026.jpg\",\"datePublished\":\"2025-06-11T22:02:28+00:00\",\"dateModified\":\"2025-12-30T19:06:31+00:00\",\"description\":\"aiaelement puidust\",\"breadcrumb\":{\"@id\":\"https:\\\/\\\/alekeskus.eu\\\/toode\\\/aiapaneel-laur-180x180cm-alekeskus\\\/#breadcrumb\"},\"inLanguage\":\"et\",\"potentialAction\":[{\"@type\":\"ReadAction\",\"target\":[\"https:\\\/\\\/alekeskus.eu\\\/toode\\\/aiapaneel-laur-180x180cm-alekeskus\\\/\"]}]},{\"@type\":\"ImageObject\",\"inLanguage\":\"et\",\"@id\":\"https:\\\/\\\/alekeskus.eu\\\/toode\\\/aiapaneel-laur-180x180cm-alekeskus\\\/#primaryimage\",\"url\":\"https:\\\/\\\/alekeskus.eu\\\/wp-content\\\/uploads\\\/2022\\\/11\\\/Laureen_WTPNT12-2026.jpg\",\"contentUrl\":\"https:\\\/\\\/alekeskus.eu\\\/wp-content\\\/uploads\\\/2022\\\/11\\\/Laureen_WTPNT12-2026.jpg\",\"width\":1600,\"height\":1131},{\"@type\":\"BreadcrumbList\",\"@id\":\"https:\\\/\\\/alekeskus.eu\\\/toode\\\/aiapaneel-laur-180x180cm-alekeskus\\\/#breadcrumb\",\"itemListElement\":[{\"@type\":\"ListItem\",\"position\":1,\"name\":\"Avaleht\",\"item\":\"https:\\\/\\\/alekeskus.eu\\\/et\\\/\"},{\"@type\":\"ListItem\",\"position\":2,\"name\":\"Pood\",\"item\":\"https:\\\/\\\/alekeskus.eu\\\/pood\\\/\"},{\"@type\":\"ListItem\",\"position\":3,\"name\":\"Aiaelement Laur 180&#215;180 cm hall s\u00fcvaimmutus v\u00f5i must ja valge v\u00e4rv\"}]},{\"@type\":\"WebSite\",\"@id\":\"https:\\\/\\\/alekeskus.eu\\\/#website\",\"url\":\"https:\\\/\\\/alekeskus.eu\\\/\",\"name\":\"Alekeskus\",\"description\":\"Alekeskus.eu\",\"potentialAction\":[{\"@type\":\"SearchAction\",\"target\":{\"@type\":\"EntryPoint\",\"urlTemplate\":\"https:\\\/\\\/alekeskus.eu\\\/?s={search_term_string}\"},\"query-input\":{\"@type\":\"PropertyValueSpecification\",\"valueRequired\":true,\"valueName\":\"search_term_string\"}}],\"inLanguage\":\"et\"}]}<\/script>\n<!-- \/ Yoast SEO plugin. -->","yoast_head_json":{"title":"Aiaelement Laur 180x180 cm hall s\u00fcvaimmutus v\u00f5i must ja valge v\u00e4rv - Alekeskus","description":"aiaelement puidust","robots":{"index":"index","follow":"follow","max-snippet":"max-snippet:-1","max-image-preview":"max-image-preview:large","max-video-preview":"max-video-preview:-1"},"canonical":"https:\/\/alekeskus.eu\/toode\/aiapaneel-laur-180x180cm-alekeskus\/","og_locale":"et_EE","og_type":"article","og_title":"Aiaelement Laur 180x180 cm hall s\u00fcvaimmutus v\u00f5i must ja valge v\u00e4rv - Alekeskus","og_description":"aiaelement puidust","og_url":"https:\/\/alekeskus.eu\/toode\/aiapaneel-laur-180x180cm-alekeskus\/","og_site_name":"Alekeskus","article_modified_time":"2025-12-30T19:06:31+00:00","og_image":[{"width":1600,"height":1131,"url":"https:\/\/alekeskus.eu\/wp-content\/uploads\/2022\/11\/Laureen_WTPNT12-2026.jpg","type":"image\/jpeg"}],"twitter_card":"summary_large_image","twitter_misc":{"Est. reading time":"1 minut"},"schema":{"@context":"https:\/\/schema.org","@graph":[{"@type":"WebPage","@id":"https:\/\/alekeskus.eu\/toode\/aiapaneel-laur-180x180cm-alekeskus\/","url":"https:\/\/alekeskus.eu\/toode\/aiapaneel-laur-180x180cm-alekeskus\/","name":"Aiaelement Laur 180x180 cm hall s\u00fcvaimmutus v\u00f5i must ja valge v\u00e4rv - Alekeskus","isPartOf":{"@id":"https:\/\/alekeskus.eu\/#website"},"primaryImageOfPage":{"@id":"https:\/\/alekeskus.eu\/toode\/aiapaneel-laur-180x180cm-alekeskus\/#primaryimage"},"image":{"@id":"https:\/\/alekeskus.eu\/toode\/aiapaneel-laur-180x180cm-alekeskus\/#primaryimage"},"thumbnailUrl":"https:\/\/alekeskus.eu\/wp-content\/uploads\/2022\/11\/Laureen_WTPNT12-2026.jpg","datePublished":"2025-06-11T22:02:28+00:00","dateModified":"2025-12-30T19:06:31+00:00","description":"aiaelement puidust","breadcrumb":{"@id":"https:\/\/alekeskus.eu\/toode\/aiapaneel-laur-180x180cm-alekeskus\/#breadcrumb"},"inLanguage":"et","potentialAction":[{"@type":"ReadAction","target":["https:\/\/alekeskus.eu\/toode\/aiapaneel-laur-180x180cm-alekeskus\/"]}]},{"@type":"ImageObject","inLanguage":"et","@id":"https:\/\/alekeskus.eu\/toode\/aiapaneel-laur-180x180cm-alekeskus\/#primaryimage","url":"https:\/\/alekeskus.eu\/wp-content\/uploads\/2022\/11\/Laureen_WTPNT12-2026.jpg","contentUrl":"https:\/\/alekeskus.eu\/wp-content\/uploads\/2022\/11\/Laureen_WTPNT12-2026.jpg","width":1600,"height":1131},{"@type":"BreadcrumbList","@id":"https:\/\/alekeskus.eu\/toode\/aiapaneel-laur-180x180cm-alekeskus\/#breadcrumb","itemListElement":[{"@type":"ListItem","position":1,"name":"Avaleht","item":"https:\/\/alekeskus.eu\/et\/"},{"@type":"ListItem","position":2,"name":"Pood","item":"https:\/\/alekeskus.eu\/pood\/"},{"@type":"ListItem","position":3,"name":"Aiaelement Laur 180&#215;180 cm hall s\u00fcvaimmutus v\u00f5i must ja valge v\u00e4rv"}]},{"@type":"WebSite","@id":"https:\/\/alekeskus.eu\/#website","url":"https:\/\/alekeskus.eu\/","name":"Alekeskus","description":"Alekeskus.eu","potentialAction":[{"@type":"SearchAction","target":{"@type":"EntryPoint","urlTemplate":"https:\/\/alekeskus.eu\/?s={search_term_string}"},"query-input":{"@type":"PropertyValueSpecification","valueRequired":true,"valueName":"search_term_string"}}],"inLanguage":"et"}]}},"brands":[{"id":18577,"name":"Eesti","slug":"eesti"}],"_links":{"self":[{"href":"https:\/\/alekeskus.eu\/et\/wp-json\/wp\/v2\/product\/64450","targetHints":{"allow":["GET"]}}],"collection":[{"href":"https:\/\/alekeskus.eu\/et\/wp-json\/wp\/v2\/product"}],"about":[{"href":"https:\/\/alekeskus.eu\/et\/wp-json\/wp\/v2\/types\/product"}],"wp:featuredmedia":[{"embeddable":true,"href":"https:\/\/alekeskus.eu\/et\/wp-json\/wp\/v2\/media\/95203"}],"wp:attachment":[{"href":"https:\/\/alekeskus.eu\/et\/wp-json\/wp\/v2\/media?parent=64450"}],"wp:term":[{"taxonomy":"pwb-brand","embeddable":true,"href":"https:\/\/alekeskus.eu\/et\/wp-json\/wp\/v2\/pwb-brand?post=64450"},{"taxonomy":"product_brand","embeddable":true,"href":"https:\/\/alekeskus.eu\/et\/wp-json\/wp\/v2\/product_brand?post=64450"},{"taxonomy":"product_cat","embeddable":true,"href":"https:\/\/alekeskus.eu\/et\/wp-json\/wp\/v2\/product_cat?post=64450"},{"taxonomy":"product_tag","embeddable":true,"href":"https:\/\/alekeskus.eu\/et\/wp-json\/wp\/v2\/product_tag?post=64450"}],"curies":[{"name":"wp","href":"https:\/\/api.w.org\/{rel}","templated":true}]}}

Aiaelement Laur 180&#215;180 cm hall süvaimmutus või must ja valge värv

<p>Mõõdud: <strong>180 x 180 cm</strong></p>
<p>Raam 45 x 45 mm, latid 19 x 70 mm.</p>
<p>Kestev tehase viimistlus:</p>
<ul>
<li>krunt + 2 kihti must või valge värv</li>
<li>hall süvaimmutus</li>
</ul>
<p>Eesti toode.</p>

<!-- This site is optimized with the Yoast SEO plugin v27.3 - https://yoast.com/product/yoast-seo-wordpress/ -->
<title>Aiaelement Laur 180x180 cm hall süvaimmutus või must ja valge värv - Alekeskus</title>
<meta name="description" content="aiaelement puidust" />
<meta name="robots" content="index, follow, max-snippet:-1, max-image-preview:large, max-video-preview:-1" />
<link rel="canonical" href="https://alekeskus.eu/toode/aiapaneel-laur-180x180cm-alekeskus/" />
<meta property="og:locale" content="et_EE" />
<meta property="og:type" content="article" />
<meta property="og:title" content="Aiaelement Laur 180x180 cm hall süvaimmutus või must ja valge värv - Alekeskus" />
<meta property="og:description" content="aiaelement puidust" />
<meta property="og:url" content="https://alekeskus.eu/toode/aiapaneel-laur-180x180cm-alekeskus/" />
<meta property="og:site_name" content="Alekeskus" />
<meta property="article:modified_time" content="2025-12-30T19:06:31+00:00" />
<meta property="og:image" content="https://alekeskus.eu/wp-content/uploads/2022/11/Laureen_WTPNT12-2026.jpg" />
	<meta property="og:image:width" content="1600" />
	<meta property="og:image:height" content="1131" />
	<meta property="og:image:type" content="image/jpeg" />
<meta name="twitter:card" content="summary_large_image" />
<meta name="twitter:label1" content="Est. reading time" />
	<meta name="twitter:data1" content="1 minut" />
<script type="application/ld+json" class="yoast-schema-graph">{"@context":"https:\/\/schema.org","@graph":[{"@type":"WebPage","@id":"https:\/\/alekeskus.eu\/toode\/aiapaneel-laur-180x180cm-alekeskus\/","url":"https:\/\/alekeskus.eu\/toode\/aiapaneel-laur-180x180cm-alekeskus\/","name":"Aiaelement Laur 180x180 cm hall süvaimmutus või must ja valge värv - Alekeskus","isPartOf":{"@id":"https:\/\/alekeskus.eu\/#website"},"primaryImageOfPage":{"@id":"https:\/\/alekeskus.eu\/toode\/aiapaneel-laur-180x180cm-alekeskus\/#primaryimage"},"image":{"@id":"https:\/\/alekeskus.eu\/toode\/aiapaneel-laur-180x180cm-alekeskus\/#primaryimage"},"thumbnailUrl":"https:\/\/alekeskus.eu\/wp-content\/uploads\/2022\/11\/Laureen_WTPNT12-2026.jpg","datePublished":"2025-06-11T22:02:28+00:00","dateModified":"2025-12-30T19:06:31+00:00","description":"aiaelement puidust","breadcrumb":{"@id":"https:\/\/alekeskus.eu\/toode\/aiapaneel-laur-180x180cm-alekeskus\/#breadcrumb"},"inLanguage":"et","potentialAction":[{"@type":"ReadAction","target":["https:\/\/alekeskus.eu\/toode\/aiapaneel-laur-180x180cm-alekeskus\/"]}]},{"@type":"ImageObject","inLanguage":"et","@id":"https:\/\/alekeskus.eu\/toode\/aiapaneel-laur-180x180cm-alekeskus\/#primaryimage","url":"https:\/\/alekeskus.eu\/wp-content\/uploads\/2022\/11\/Laureen_WTPNT12-2026.jpg","contentUrl":"https:\/\/alekeskus.eu\/wp-content\/uploads\/2022\/11\/Laureen_WTPNT12-2026.jpg","width":1600,"height":1131},{"@type":"BreadcrumbList","@id":"https:\/\/alekeskus.eu\/toode\/aiapaneel-laur-180x180cm-alekeskus\/#breadcrumb","itemListElement":[{"@type":"ListItem","position":1,"name":"Avaleht","item":"https:\/\/alekeskus.eu\/et\/"},{"@type":"ListItem","position":2,"name":"Pood","item":"https:\/\/alekeskus.eu\/pood\/"},{"@type":"ListItem","position":3,"name":"Aiaelement Laur 180&#215;180 cm hall süvaimmutus või must ja valge värv"}]},{"@type":"WebSite","@id":"https:\/\/alekeskus.eu\/#website","url":"https:\/\/alekeskus.eu\/","name":"Alekeskus","description":"Alekeskus.eu","potentialAction":[{"@type":"SearchAction","target":{"@type":"EntryPoint","urlTemplate":"https:\/\/alekeskus.eu\/?s={search_term_string}"},"query-input":{"@type":"PropertyValueSpecification","valueRequired":true,"valueName":"search_term_string"}}],"inLanguage":"et"}]}</script>
<!-- / Yoast SEO plugin. -->

Aiaelement Laur 180x180 cm hall süvaimmutus või must ja valge värv - Alekeskus
