{"id":66508,"date":"2023-09-11T22:32:56","date_gmt":"2023-09-11T22:32:56","guid":{"rendered":"http:\/\/alekeskus.eu\/product\/aiamaja-iris-111m%c2%b2\/"},"modified":"2026-01-06T16:37:52","modified_gmt":"2026-01-06T16:37:52","slug":"aiamaja-iiris-111m-alekeskus","status":"publish","type":"product","link":"https:\/\/alekeskus.eu\/et\/toode\/aiamaja-iiris-111m-alekeskus\/","title":{"rendered":"Aiamaja Iiris 11,1 m\u00b2"},"content":{"rendered":"<div class=\"pictogram qtip-additional-element\">\n<div class=\"image\">\n<div class=\"pictogram qtip-additional-element\">Pakend: 4,5&#215;1,2&#215;0,8 m, kaal 1050 kg<\/div>\n<\/div>\n<\/div>\n","protected":false},"excerpt":{"rendered":"<p>V\u00e4lism\u00f5\u00f5dud: <strong>3,9 x 3,0 m. <\/strong><\/p>\n<p><strong>TASUTA VEDU JA MAHALAADIMINE EESTIS(ka suursaared)!\u00a0<\/strong><\/p>\n<ul>\n<li>tuuletapiga<strong> freespalk 44 mm<\/strong>, tormikinnitused<\/li>\n<li>seina k\u00f5rgus 211 cm, harja k\u00f5rgus 245 cm<\/li>\n<li>punnsoonega katuselauad 19 mm, katuse pindala 15 m\u00b2 ja kalle 13\u00ba; r\u00e4\u00e4stas ees ja taga 32 cm<\/li>\n<li>katusekate lisahinnaga(7 pakki bituumensindlit, 5 rulli SBS-bituumekatet)<\/li>\n<li>katusekandurid 70 x 140 mm<\/li>\n<li>punnsoonega p\u00f5randalauad 19 mm, puidukaitsega t\u00f6\u00f6deldud p\u00f5randatalad 45 x 70 mm<\/li>\n<li><strong>karastatud pakettklaasiga<\/strong> paarisuks 151 x 175 cm, liimpuidust ukseleng, madal metalliga kaetud l\u00e4vepakk, silinderlukk, klaasi iluliistud<\/li>\n<li>2 p\u00f6\u00f6rd-kaldavanevat puidust tilganinaga <strong>karastatud pakettakent<\/strong> 60 x 111 cm; klaasi iluliistud<\/li>\n<li>tellitav puidukaitsevahendisse kastetuna +600\u20ac (pruun, hall v\u00f5i valkjas), tellimisaeg u 1 kuu<strong>\u00a0:\u00a0<img decoding=\"async\" class=\"\" src=\"https:\/\/www.palmako.ee\/sites\/default\/files\/styles\/product_list_item\/public\/2020-06\/BNDIP.jpg?itok=_LQkkeHM\" width=\"66\" height=\"66\" \/><img decoding=\"async\" class=\"\" src=\"https:\/\/www.palmako.ee\/sites\/default\/files\/styles\/product_list_item\/public\/2020-06\/GYDIP.jpg?itok=RrYf7KTV\" width=\"66\" height=\"66\" \/><img decoding=\"async\" class=\"\" src=\"https:\/\/www.palmako.ee\/sites\/default\/files\/styles\/product_list_item\/public\/2020-06\/WTDIP.jpg?itok=D9U46coI\" width=\"67\" height=\"67\" \/><\/strong>v\u00f5i v\u00e4ljast v\u00e4rvituna +1200\u20ac(hele- v\u00f5i tumehall sein mustade v\u00f5i valgete liistudega), tellimisaeg 2-4 n\u00e4dalat pikem<\/li>\n<li>kinnitusvahendid ja koostejuhend<\/li>\n<li>5-aastane tehase garantii<\/li>\n<li>Eesti toode<\/li>\n<li>vihmakindel pakend<\/li>\n<\/ul>\n<p>K\u00fcsi ka paigaldust!<\/p>\n","protected":false},"featured_media":96007,"template":"","meta":{"_monsterinsights_skip_tracking":false,"_monsterinsights_sitenote_active":false,"_monsterinsights_sitenote_note":"","_monsterinsights_sitenote_category":0},"pwb-brand":[18577],"product_brand":[],"product_cat":[17182,13592,13540,13604,13608],"product_tag":[15254,13899,15255,13913,13970,13978,18330,14252,18565,13813,14310,13815,15216,15221],"class_list":{"0":"post-66508","1":"product","2":"type-product","3":"status-publish","4":"has-post-thumbnail","6":"pwb-brand-eesti","7":"product_cat-suvekoogid-alekeskus","8":"product_cat-aia-ja-grillmajad","9":"product_cat-hooned-alekeskus","10":"product_cat-saunad","11":"product_cat-kontorid","12":"product_tag-iiris","13":"product_tag-garden-house","14":"product_tag-tootuba","15":"product_tag-vierasmaja","16":"product_tag-suvila","17":"product_tag-huvila","18":"product_tag-palmako-vierasmaja","19":"product_tag-suvemaja","20":"product_tag-etatyotila-2","21":"product_tag-aiamaja","22":"product_tag-kodukontor","23":"product_tag-kuur","24":"product_tag-ait","25":"product_tag-iris","26":"product_shipping_class-tasuta-transport-alates-1000kg","27":"pa_garantii-5-aastat","28":"pa_kohaletoimetamine-eestis-tasuta-alekeskus","29":"pa_laoasukoht-tartumaa","30":"pa_pindalam-13981","31":"pa_seinapaksus-17405","32":"pa_tellimisaeg-tilausaika-alekeskus","33":"pa_varv-viimistlemata","34":"pa_varv-pruunikas-puidukaitse","35":"pa_varv-hallikas-puidukaitse","36":"pa_varv-valkjas-puidukaitse","37":"pa_veame-eesti-ja-soome","39":"first","40":"instock","41":"taxable","42":"shipping-taxable","43":"purchasable","44":"product-type-variable","45":"has-default-attributes"},"yoast_head":"<!-- This site is optimized with the Yoast SEO plugin v27.3 - https:\/\/yoast.com\/product\/yoast-seo-wordpress\/ -->\n<title>Aiamaja Iiris 11,1 m\u00b2 - Alekeskus<\/title>\n<meta name=\"description\" content=\"freespalgist aiamaja pakettakendega\" \/>\n<meta name=\"robots\" content=\"index, follow, max-snippet:-1, max-image-preview:large, max-video-preview:-1\" \/>\n<link rel=\"canonical\" href=\"https:\/\/alekeskus.eu\/toode\/aiamaja-iiris-111m-alekeskus\/\" \/>\n<meta property=\"og:locale\" content=\"et_EE\" \/>\n<meta property=\"og:type\" content=\"article\" \/>\n<meta property=\"og:title\" content=\"Aiamaja Iiris 11,1 m\u00b2 - Alekeskus\" \/>\n<meta property=\"og:description\" content=\"freespalgist aiamaja pakettakendega\" \/>\n<meta property=\"og:url\" content=\"https:\/\/alekeskus.eu\/toode\/aiamaja-iiris-111m-alekeskus\/\" \/>\n<meta property=\"og:site_name\" content=\"Alekeskus\" \/>\n<meta property=\"article:modified_time\" content=\"2026-01-06T16:37:52+00:00\" \/>\n<meta property=\"og:image\" content=\"https:\/\/alekeskus.eu\/wp-content\/uploads\/2023\/09\/Iris_11.1_NATURAL-aias-2025.jpg\" \/>\n\t<meta property=\"og:image:width\" content=\"1600\" \/>\n\t<meta property=\"og:image:height\" content=\"1200\" \/>\n\t<meta property=\"og:image:type\" content=\"image\/jpeg\" \/>\n<meta name=\"twitter:card\" content=\"summary_large_image\" \/>\n<meta name=\"twitter:label1\" content=\"Est. reading time\" \/>\n\t<meta name=\"twitter:data1\" content=\"1 minut\" \/>\n<script type=\"application\/ld+json\" class=\"yoast-schema-graph\">{\"@context\":\"https:\\\/\\\/schema.org\",\"@graph\":[{\"@type\":\"WebPage\",\"@id\":\"https:\\\/\\\/alekeskus.eu\\\/toode\\\/aiamaja-iiris-111m-alekeskus\\\/\",\"url\":\"https:\\\/\\\/alekeskus.eu\\\/toode\\\/aiamaja-iiris-111m-alekeskus\\\/\",\"name\":\"Aiamaja Iiris 11,1 m\u00b2 - Alekeskus\",\"isPartOf\":{\"@id\":\"https:\\\/\\\/alekeskus.eu\\\/#website\"},\"primaryImageOfPage\":{\"@id\":\"https:\\\/\\\/alekeskus.eu\\\/toode\\\/aiamaja-iiris-111m-alekeskus\\\/#primaryimage\"},\"image\":{\"@id\":\"https:\\\/\\\/alekeskus.eu\\\/toode\\\/aiamaja-iiris-111m-alekeskus\\\/#primaryimage\"},\"thumbnailUrl\":\"https:\\\/\\\/alekeskus.eu\\\/wp-content\\\/uploads\\\/2023\\\/09\\\/Iris_11.1_NATURAL-aias-2025.jpg\",\"datePublished\":\"2023-09-11T22:32:56+00:00\",\"dateModified\":\"2026-01-06T16:37:52+00:00\",\"description\":\"freespalgist aiamaja pakettakendega\",\"breadcrumb\":{\"@id\":\"https:\\\/\\\/alekeskus.eu\\\/toode\\\/aiamaja-iiris-111m-alekeskus\\\/#breadcrumb\"},\"inLanguage\":\"et\",\"potentialAction\":[{\"@type\":\"ReadAction\",\"target\":[\"https:\\\/\\\/alekeskus.eu\\\/toode\\\/aiamaja-iiris-111m-alekeskus\\\/\"]}]},{\"@type\":\"ImageObject\",\"inLanguage\":\"et\",\"@id\":\"https:\\\/\\\/alekeskus.eu\\\/toode\\\/aiamaja-iiris-111m-alekeskus\\\/#primaryimage\",\"url\":\"https:\\\/\\\/alekeskus.eu\\\/wp-content\\\/uploads\\\/2023\\\/09\\\/Iris_11.1_NATURAL-aias-2025.jpg\",\"contentUrl\":\"https:\\\/\\\/alekeskus.eu\\\/wp-content\\\/uploads\\\/2023\\\/09\\\/Iris_11.1_NATURAL-aias-2025.jpg\",\"width\":1600,\"height\":1200},{\"@type\":\"BreadcrumbList\",\"@id\":\"https:\\\/\\\/alekeskus.eu\\\/toode\\\/aiamaja-iiris-111m-alekeskus\\\/#breadcrumb\",\"itemListElement\":[{\"@type\":\"ListItem\",\"position\":1,\"name\":\"Avaleht\",\"item\":\"https:\\\/\\\/alekeskus.eu\\\/et\\\/\"},{\"@type\":\"ListItem\",\"position\":2,\"name\":\"Pood\",\"item\":\"https:\\\/\\\/alekeskus.eu\\\/pood\\\/\"},{\"@type\":\"ListItem\",\"position\":3,\"name\":\"Aiamaja Iiris 11,1 m\u00b2\"}]},{\"@type\":\"WebSite\",\"@id\":\"https:\\\/\\\/alekeskus.eu\\\/#website\",\"url\":\"https:\\\/\\\/alekeskus.eu\\\/\",\"name\":\"Alekeskus\",\"description\":\"Alekeskus.eu\",\"potentialAction\":[{\"@type\":\"SearchAction\",\"target\":{\"@type\":\"EntryPoint\",\"urlTemplate\":\"https:\\\/\\\/alekeskus.eu\\\/?s={search_term_string}\"},\"query-input\":{\"@type\":\"PropertyValueSpecification\",\"valueRequired\":true,\"valueName\":\"search_term_string\"}}],\"inLanguage\":\"et\"}]}<\/script>\n<!-- \/ Yoast SEO plugin. -->","yoast_head_json":{"title":"Aiamaja Iiris 11,1 m\u00b2 - Alekeskus","description":"freespalgist aiamaja pakettakendega","robots":{"index":"index","follow":"follow","max-snippet":"max-snippet:-1","max-image-preview":"max-image-preview:large","max-video-preview":"max-video-preview:-1"},"canonical":"https:\/\/alekeskus.eu\/toode\/aiamaja-iiris-111m-alekeskus\/","og_locale":"et_EE","og_type":"article","og_title":"Aiamaja Iiris 11,1 m\u00b2 - Alekeskus","og_description":"freespalgist aiamaja pakettakendega","og_url":"https:\/\/alekeskus.eu\/toode\/aiamaja-iiris-111m-alekeskus\/","og_site_name":"Alekeskus","article_modified_time":"2026-01-06T16:37:52+00:00","og_image":[{"width":1600,"height":1200,"url":"https:\/\/alekeskus.eu\/wp-content\/uploads\/2023\/09\/Iris_11.1_NATURAL-aias-2025.jpg","type":"image\/jpeg"}],"twitter_card":"summary_large_image","twitter_misc":{"Est. reading time":"1 minut"},"schema":{"@context":"https:\/\/schema.org","@graph":[{"@type":"WebPage","@id":"https:\/\/alekeskus.eu\/toode\/aiamaja-iiris-111m-alekeskus\/","url":"https:\/\/alekeskus.eu\/toode\/aiamaja-iiris-111m-alekeskus\/","name":"Aiamaja Iiris 11,1 m\u00b2 - Alekeskus","isPartOf":{"@id":"https:\/\/alekeskus.eu\/#website"},"primaryImageOfPage":{"@id":"https:\/\/alekeskus.eu\/toode\/aiamaja-iiris-111m-alekeskus\/#primaryimage"},"image":{"@id":"https:\/\/alekeskus.eu\/toode\/aiamaja-iiris-111m-alekeskus\/#primaryimage"},"thumbnailUrl":"https:\/\/alekeskus.eu\/wp-content\/uploads\/2023\/09\/Iris_11.1_NATURAL-aias-2025.jpg","datePublished":"2023-09-11T22:32:56+00:00","dateModified":"2026-01-06T16:37:52+00:00","description":"freespalgist aiamaja pakettakendega","breadcrumb":{"@id":"https:\/\/alekeskus.eu\/toode\/aiamaja-iiris-111m-alekeskus\/#breadcrumb"},"inLanguage":"et","potentialAction":[{"@type":"ReadAction","target":["https:\/\/alekeskus.eu\/toode\/aiamaja-iiris-111m-alekeskus\/"]}]},{"@type":"ImageObject","inLanguage":"et","@id":"https:\/\/alekeskus.eu\/toode\/aiamaja-iiris-111m-alekeskus\/#primaryimage","url":"https:\/\/alekeskus.eu\/wp-content\/uploads\/2023\/09\/Iris_11.1_NATURAL-aias-2025.jpg","contentUrl":"https:\/\/alekeskus.eu\/wp-content\/uploads\/2023\/09\/Iris_11.1_NATURAL-aias-2025.jpg","width":1600,"height":1200},{"@type":"BreadcrumbList","@id":"https:\/\/alekeskus.eu\/toode\/aiamaja-iiris-111m-alekeskus\/#breadcrumb","itemListElement":[{"@type":"ListItem","position":1,"name":"Avaleht","item":"https:\/\/alekeskus.eu\/et\/"},{"@type":"ListItem","position":2,"name":"Pood","item":"https:\/\/alekeskus.eu\/pood\/"},{"@type":"ListItem","position":3,"name":"Aiamaja Iiris 11,1 m\u00b2"}]},{"@type":"WebSite","@id":"https:\/\/alekeskus.eu\/#website","url":"https:\/\/alekeskus.eu\/","name":"Alekeskus","description":"Alekeskus.eu","potentialAction":[{"@type":"SearchAction","target":{"@type":"EntryPoint","urlTemplate":"https:\/\/alekeskus.eu\/?s={search_term_string}"},"query-input":{"@type":"PropertyValueSpecification","valueRequired":true,"valueName":"search_term_string"}}],"inLanguage":"et"}]}},"brands":[{"id":18577,"name":"Eesti","slug":"eesti"}],"_links":{"self":[{"href":"https:\/\/alekeskus.eu\/et\/wp-json\/wp\/v2\/product\/66508","targetHints":{"allow":["GET"]}}],"collection":[{"href":"https:\/\/alekeskus.eu\/et\/wp-json\/wp\/v2\/product"}],"about":[{"href":"https:\/\/alekeskus.eu\/et\/wp-json\/wp\/v2\/types\/product"}],"wp:featuredmedia":[{"embeddable":true,"href":"https:\/\/alekeskus.eu\/et\/wp-json\/wp\/v2\/media\/96007"}],"wp:attachment":[{"href":"https:\/\/alekeskus.eu\/et\/wp-json\/wp\/v2\/media?parent=66508"}],"wp:term":[{"taxonomy":"pwb-brand","embeddable":true,"href":"https:\/\/alekeskus.eu\/et\/wp-json\/wp\/v2\/pwb-brand?post=66508"},{"taxonomy":"product_brand","embeddable":true,"href":"https:\/\/alekeskus.eu\/et\/wp-json\/wp\/v2\/product_brand?post=66508"},{"taxonomy":"product_cat","embeddable":true,"href":"https:\/\/alekeskus.eu\/et\/wp-json\/wp\/v2\/product_cat?post=66508"},{"taxonomy":"product_tag","embeddable":true,"href":"https:\/\/alekeskus.eu\/et\/wp-json\/wp\/v2\/product_tag?post=66508"}],"curies":[{"name":"wp","href":"https:\/\/api.w.org\/{rel}","templated":true}]}}

<p>Välismõõdud: <strong>3,9 x 3,0 m. </strong></p>
<p><strong>TASUTA VEDU JA MAHALAADIMINE EESTIS(ka suursaared)! </strong></p>
<ul>
<li>tuuletapiga<strong> freespalk 44 mm</strong>, tormikinnitused</li>
<li>seina kõrgus 211 cm, harja kõrgus 245 cm</li>
<li>punnsoonega katuselauad 19 mm, katuse pindala 15 m² ja kalle 13º; räästas ees ja taga 32 cm</li>
<li>katusekate lisahinnaga(7 pakki bituumensindlit, 5 rulli SBS-bituumekatet)</li>
<li>katusekandurid 70 x 140 mm</li>
<li>punnsoonega põrandalauad 19 mm, puidukaitsega töödeldud põrandatalad 45 x 70 mm</li>
<li><strong>karastatud pakettklaasiga</strong> paarisuks 151 x 175 cm, liimpuidust ukseleng, madal metalliga kaetud lävepakk, silinderlukk, klaasi iluliistud</li>
<li>2 pöörd-kaldavanevat puidust tilganinaga <strong>karastatud pakettakent</strong> 60 x 111 cm; klaasi iluliistud</li>
<li>tellitav puidukaitsevahendisse kastetuna +600€ (pruun, hall või valkjas), tellimisaeg u 1 kuu<strong> : <img decoding="async" class="" src="https://www.palmako.ee/sites/default/files/styles/product_list_item/public/2020-06/BNDIP.jpg?itok=_LQkkeHM" width="66" height="66" /><img decoding="async" class="" src="https://www.palmako.ee/sites/default/files/styles/product_list_item/public/2020-06/GYDIP.jpg?itok=RrYf7KTV" width="66" height="66" /><img decoding="async" class="" src="https://www.palmako.ee/sites/default/files/styles/product_list_item/public/2020-06/WTDIP.jpg?itok=D9U46coI" width="67" height="67" /></strong>või väljast värvituna +1200€(hele- või tumehall sein mustade või valgete liistudega), tellimisaeg 2-4 nädalat pikem</li>
<li>kinnitusvahendid ja koostejuhend</li>
<li>5-aastane tehase garantii</li>
<li>Eesti toode</li>
<li>vihmakindel pakend</li>
</ul>
<p>Küsi ka paigaldust!</p>
