{"id":67427,"date":"2024-11-11T22:43:27","date_gmt":"2021-11-11T22:43:27","guid":{"rendered":"http:\/\/alekeskus.eu\/product\/pihamaja-lara-84-m%c2%b2\/"},"modified":"2025-01-12T15:50:28","modified_gmt":"2025-01-12T15:50:28","slug":"pihavaja-lara-84-alekeskus","status":"publish","type":"product","link":"https:\/\/alekeskus.eu\/et\/toode\/pihavaja-lara-84-alekeskus\/","title":{"rendered":"Pihavaja Lara 8,4 m\u00b2"},"content":{"rendered":"<div class=\"pictogram qtip-additional-element\">\n<div class=\"image\">\n<div class=\"pictogram qtip-additional-element\">\n<div class=\"image\">\n<p><strong>Lis\u00e4hintaan:<\/strong><\/p>\n<p><strong>&#8211; SBS-bitumikermi 2 rll<\/strong><\/p>\n<p><strong>&#8211; lattialaudat 19mm ja kyll\u00e4stetyt lattianiskat<\/strong><\/p>\n<div class=\"pictogram qtip-additional-element\">\n<div class=\"image\">\n<p><strong>&#8211; r\u00e4yst\u00e4skourut<\/strong><\/p>\n<p><strong>&#8211; mittatarkka EPDM tasakattokate ja saumaliima\u00a0<\/strong><\/p>\n<\/div>\n<\/div>\n<\/div>\n<\/div>\n<div class=\"pictogram qtip-additional-element\">\n<div class=\"image\">Rahtipakkaus: 4,5&#215;1,2&#215;0,5 m; rahtipaino 650 kg<\/div>\n<\/div>\n<div class=\"pictogram qtip-additional-element\"><\/div>\n<\/div>\n<\/div>\n","protected":false},"excerpt":{"rendered":"<p>Ulkosein\u00e4mitat:<strong> 3,5 x 2,5 m. <\/strong><\/p>\n<ul>\n<li><strong>kevythirsirakenne 28 mm tuulitapeilla,<\/strong>\u00a0<strong>sile\u00e4 ruuvattava kulmarakenne<\/strong><\/li>\n<li>kattokorkeus 221 cm, r\u00e4yst\u00e4skorkeus 197 cm<\/li>\n<li>katon pinta-ala 12 m\u00b2 ja kaltevuus 1\u00ba<\/li>\n<li>pontatut kattolaudat 16 mm<\/li>\n<li>kattokate lis\u00e4hintaan(tarve 2 rll SBS-bitumikermia tai mittatarkka EPDMkumikate asennusliimalla)<\/li>\n<li>lasitettu sylinterilukollinen pariovi 140 x 180 cm, karmi sormijatkettua massiivipuuta, kynnys metallip\u00e4\u00e4llysteell\u00e4<\/li>\n<li>lattialaudat 19 mm ja kyll\u00e4stetyt lattianiskat lis\u00e4hintaan<\/li>\n<li>kasausohje ja kiinnikkeet<\/li>\n<li>5-vuoden tehtaan takuu<\/li>\n<li>tehty Eestiss\u00e4<\/li>\n<li>voidaan asentaa peilikuvassa<\/li>\n<li>sateentiivis rahtipakkaus<\/li>\n<\/ul>\n<p>Asennusohje:\u00a0 <a href=\"https:\/\/alekeskus.eu\/wp-content\/uploads\/2021\/11\/Lara84-ohje.pdf\">Lara8,4 ohje<\/a><\/p>\n","protected":false},"featured_media":67417,"template":"","meta":{"_monsterinsights_skip_tracking":false,"_monsterinsights_sitenote_active":false,"_monsterinsights_sitenote_note":"","_monsterinsights_sitenote_category":0},"pwb-brand":[18577],"product_brand":[],"product_cat":[13593,13541,13601],"product_tag":[17851,17937,17173,17175,17225,16361,17277,17300,17370,17434,17444],"class_list":{"0":"post-67427","1":"product","2":"type-product","3":"status-publish","4":"has-post-thumbnail","6":"pwb-brand-eesti","7":"product_cat-vierasmajat-alekeskus","8":"product_cat-rakennukset","9":"product_cat-vajat-aitat-kioskit","10":"product_tag-pihamaja-fi-5","11":"product_tag-pihavarasto-fi","12":"product_tag-pihamaja-fi-2","13":"product_tag-pihavaja-fi","14":"product_tag-huvila-fi","15":"product_tag-vaja-fi","16":"product_tag-mokki-fi","17":"product_tag-katos-fi-3","18":"product_tag-pihavaja-fi-3","19":"product_tag-piharakennus-fi","20":"product_tag-tyokaluvaja-fi","21":"product_shipping_class-tasuta-transport-kuni-1000kg-fi","22":"pa_garantii-5-vuotta-fi","23":"pa_kohaletoimetamine-alkaen-299e-alekeskus","24":"pa_laoasukoht-tartumaa-fi","25":"pa_pindalam-84-fi","26":"pa_seinapaksus-28-mm-fi","27":"pa_tellimisaeg-1-3-viikossa","28":"pa_valilisad-ilma-porandata-fi","29":"pa_valilisad-lattialaudat-fi","30":"pa_varv-puuvalmis-fi","31":"pa_veame-eesti-ja-suomi","33":"first","34":"instock","35":"featured","36":"taxable","37":"shipping-taxable","38":"purchasable","39":"product-type-variable","40":"has-default-attributes"},"yoast_head":"<!-- This site is optimized with the Yoast SEO plugin v27.3 - https:\/\/yoast.com\/product\/yoast-seo-wordpress\/ -->\n<title>Pihavaja Lara 8,4 m\u00b2 - Alekeskus<\/title>\n<meta name=\"description\" content=\"pihavaja Lara tasakatolla ja sileill\u00e4 ulkokulmilla\" \/>\n<meta name=\"robots\" content=\"index, follow, max-snippet:-1, max-image-preview:large, max-video-preview:-1\" \/>\n<link rel=\"canonical\" href=\"https:\/\/alekeskus.eu\/fi\/tuote\/pihavaja-lara-84-alekeskus\/\" \/>\n<meta property=\"og:locale\" content=\"et_EE\" \/>\n<meta property=\"og:type\" content=\"article\" \/>\n<meta property=\"og:title\" content=\"Pihavaja Lara 8,4 m\u00b2 - Alekeskus\" \/>\n<meta property=\"og:description\" content=\"nykyaikainen h\u00f6yl\u00e4hirsihuvimaja sile\u00e4ll\u00e4 ruuvattavalla ulkokulmalla\" \/>\n<meta property=\"og:url\" content=\"https:\/\/alekeskus.eu\/fi\/tuote\/pihavaja-lara-84-alekeskus\/\" \/>\n<meta property=\"og:site_name\" content=\"Alekeskus\" \/>\n<meta property=\"article:modified_time\" content=\"2025-01-12T15:50:28+00:00\" \/>\n<meta property=\"og:image\" content=\"https:\/\/alekeskus.eu\/wp-content\/uploads\/2021\/11\/709aiamaja-lara-8-4-m-0.jpg\" \/>\n\t<meta property=\"og:image:width\" content=\"900\" \/>\n\t<meta property=\"og:image:height\" content=\"675\" \/>\n\t<meta property=\"og:image:type\" content=\"image\/jpeg\" \/>\n<meta name=\"twitter:card\" content=\"summary_large_image\" \/>\n<meta name=\"twitter:label1\" content=\"Est. reading time\" \/>\n\t<meta name=\"twitter:data1\" content=\"1 minut\" \/>\n<script type=\"application\/ld+json\" class=\"yoast-schema-graph\">{\"@context\":\"https:\\\/\\\/schema.org\",\"@graph\":[{\"@type\":\"WebPage\",\"@id\":\"https:\\\/\\\/alekeskus.eu\\\/fi\\\/tuote\\\/pihavaja-lara-84-alekeskus\\\/\",\"url\":\"https:\\\/\\\/alekeskus.eu\\\/fi\\\/tuote\\\/pihavaja-lara-84-alekeskus\\\/\",\"name\":\"Pihavaja Lara 8,4 m\u00b2 - Alekeskus\",\"isPartOf\":{\"@id\":\"https:\\\/\\\/alekeskus.eu\\\/#website\"},\"primaryImageOfPage\":{\"@id\":\"https:\\\/\\\/alekeskus.eu\\\/fi\\\/tuote\\\/pihavaja-lara-84-alekeskus\\\/#primaryimage\"},\"image\":{\"@id\":\"https:\\\/\\\/alekeskus.eu\\\/fi\\\/tuote\\\/pihavaja-lara-84-alekeskus\\\/#primaryimage\"},\"thumbnailUrl\":\"https:\\\/\\\/alekeskus.eu\\\/wp-content\\\/uploads\\\/2021\\\/11\\\/709aiamaja-lara-8-4-m-0.jpg\",\"datePublished\":\"2021-11-11T22:43:27+00:00\",\"dateModified\":\"2025-01-12T15:50:28+00:00\",\"description\":\"pihavaja Lara tasakatolla ja sileill\u00e4 ulkokulmilla\",\"breadcrumb\":{\"@id\":\"https:\\\/\\\/alekeskus.eu\\\/fi\\\/tuote\\\/pihavaja-lara-84-alekeskus\\\/#breadcrumb\"},\"inLanguage\":\"et\",\"potentialAction\":[{\"@type\":\"ReadAction\",\"target\":[\"https:\\\/\\\/alekeskus.eu\\\/fi\\\/tuote\\\/pihavaja-lara-84-alekeskus\\\/\"]}]},{\"@type\":\"ImageObject\",\"inLanguage\":\"et\",\"@id\":\"https:\\\/\\\/alekeskus.eu\\\/fi\\\/tuote\\\/pihavaja-lara-84-alekeskus\\\/#primaryimage\",\"url\":\"https:\\\/\\\/alekeskus.eu\\\/wp-content\\\/uploads\\\/2021\\\/11\\\/709aiamaja-lara-8-4-m-0.jpg\",\"contentUrl\":\"https:\\\/\\\/alekeskus.eu\\\/wp-content\\\/uploads\\\/2021\\\/11\\\/709aiamaja-lara-8-4-m-0.jpg\",\"width\":900,\"height\":675},{\"@type\":\"BreadcrumbList\",\"@id\":\"https:\\\/\\\/alekeskus.eu\\\/fi\\\/tuote\\\/pihavaja-lara-84-alekeskus\\\/#breadcrumb\",\"itemListElement\":[{\"@type\":\"ListItem\",\"position\":1,\"name\":\"Avaleht\",\"item\":\"https:\\\/\\\/alekeskus.eu\\\/et\\\/\"},{\"@type\":\"ListItem\",\"position\":2,\"name\":\"Pood\",\"item\":\"https:\\\/\\\/alekeskus.eu\\\/pood\\\/\"},{\"@type\":\"ListItem\",\"position\":3,\"name\":\"Pihavaja Lara 8,4 m\u00b2\"}]},{\"@type\":\"WebSite\",\"@id\":\"https:\\\/\\\/alekeskus.eu\\\/#website\",\"url\":\"https:\\\/\\\/alekeskus.eu\\\/\",\"name\":\"Alekeskus\",\"description\":\"Alekeskus.eu\",\"potentialAction\":[{\"@type\":\"SearchAction\",\"target\":{\"@type\":\"EntryPoint\",\"urlTemplate\":\"https:\\\/\\\/alekeskus.eu\\\/?s={search_term_string}\"},\"query-input\":{\"@type\":\"PropertyValueSpecification\",\"valueRequired\":true,\"valueName\":\"search_term_string\"}}],\"inLanguage\":\"et\"}]}<\/script>\n<!-- \/ Yoast SEO plugin. -->","yoast_head_json":{"title":"Pihavaja Lara 8,4 m\u00b2 - Alekeskus","description":"pihavaja Lara tasakatolla ja sileill\u00e4 ulkokulmilla","robots":{"index":"index","follow":"follow","max-snippet":"max-snippet:-1","max-image-preview":"max-image-preview:large","max-video-preview":"max-video-preview:-1"},"canonical":"https:\/\/alekeskus.eu\/fi\/tuote\/pihavaja-lara-84-alekeskus\/","og_locale":"et_EE","og_type":"article","og_title":"Pihavaja Lara 8,4 m\u00b2 - Alekeskus","og_description":"nykyaikainen h\u00f6yl\u00e4hirsihuvimaja sile\u00e4ll\u00e4 ruuvattavalla ulkokulmalla","og_url":"https:\/\/alekeskus.eu\/fi\/tuote\/pihavaja-lara-84-alekeskus\/","og_site_name":"Alekeskus","article_modified_time":"2025-01-12T15:50:28+00:00","og_image":[{"width":900,"height":675,"url":"https:\/\/alekeskus.eu\/wp-content\/uploads\/2021\/11\/709aiamaja-lara-8-4-m-0.jpg","type":"image\/jpeg"}],"twitter_card":"summary_large_image","twitter_misc":{"Est. reading time":"1 minut"},"schema":{"@context":"https:\/\/schema.org","@graph":[{"@type":"WebPage","@id":"https:\/\/alekeskus.eu\/fi\/tuote\/pihavaja-lara-84-alekeskus\/","url":"https:\/\/alekeskus.eu\/fi\/tuote\/pihavaja-lara-84-alekeskus\/","name":"Pihavaja Lara 8,4 m\u00b2 - Alekeskus","isPartOf":{"@id":"https:\/\/alekeskus.eu\/#website"},"primaryImageOfPage":{"@id":"https:\/\/alekeskus.eu\/fi\/tuote\/pihavaja-lara-84-alekeskus\/#primaryimage"},"image":{"@id":"https:\/\/alekeskus.eu\/fi\/tuote\/pihavaja-lara-84-alekeskus\/#primaryimage"},"thumbnailUrl":"https:\/\/alekeskus.eu\/wp-content\/uploads\/2021\/11\/709aiamaja-lara-8-4-m-0.jpg","datePublished":"2021-11-11T22:43:27+00:00","dateModified":"2025-01-12T15:50:28+00:00","description":"pihavaja Lara tasakatolla ja sileill\u00e4 ulkokulmilla","breadcrumb":{"@id":"https:\/\/alekeskus.eu\/fi\/tuote\/pihavaja-lara-84-alekeskus\/#breadcrumb"},"inLanguage":"et","potentialAction":[{"@type":"ReadAction","target":["https:\/\/alekeskus.eu\/fi\/tuote\/pihavaja-lara-84-alekeskus\/"]}]},{"@type":"ImageObject","inLanguage":"et","@id":"https:\/\/alekeskus.eu\/fi\/tuote\/pihavaja-lara-84-alekeskus\/#primaryimage","url":"https:\/\/alekeskus.eu\/wp-content\/uploads\/2021\/11\/709aiamaja-lara-8-4-m-0.jpg","contentUrl":"https:\/\/alekeskus.eu\/wp-content\/uploads\/2021\/11\/709aiamaja-lara-8-4-m-0.jpg","width":900,"height":675},{"@type":"BreadcrumbList","@id":"https:\/\/alekeskus.eu\/fi\/tuote\/pihavaja-lara-84-alekeskus\/#breadcrumb","itemListElement":[{"@type":"ListItem","position":1,"name":"Avaleht","item":"https:\/\/alekeskus.eu\/et\/"},{"@type":"ListItem","position":2,"name":"Pood","item":"https:\/\/alekeskus.eu\/pood\/"},{"@type":"ListItem","position":3,"name":"Pihavaja Lara 8,4 m\u00b2"}]},{"@type":"WebSite","@id":"https:\/\/alekeskus.eu\/#website","url":"https:\/\/alekeskus.eu\/","name":"Alekeskus","description":"Alekeskus.eu","potentialAction":[{"@type":"SearchAction","target":{"@type":"EntryPoint","urlTemplate":"https:\/\/alekeskus.eu\/?s={search_term_string}"},"query-input":{"@type":"PropertyValueSpecification","valueRequired":true,"valueName":"search_term_string"}}],"inLanguage":"et"}]}},"brands":[{"id":18577,"name":"Eesti","slug":"eesti"}],"_links":{"self":[{"href":"https:\/\/alekeskus.eu\/et\/wp-json\/wp\/v2\/product\/67427","targetHints":{"allow":["GET"]}}],"collection":[{"href":"https:\/\/alekeskus.eu\/et\/wp-json\/wp\/v2\/product"}],"about":[{"href":"https:\/\/alekeskus.eu\/et\/wp-json\/wp\/v2\/types\/product"}],"wp:featuredmedia":[{"embeddable":true,"href":"https:\/\/alekeskus.eu\/et\/wp-json\/wp\/v2\/media\/67417"}],"wp:attachment":[{"href":"https:\/\/alekeskus.eu\/et\/wp-json\/wp\/v2\/media?parent=67427"}],"wp:term":[{"taxonomy":"pwb-brand","embeddable":true,"href":"https:\/\/alekeskus.eu\/et\/wp-json\/wp\/v2\/pwb-brand?post=67427"},{"taxonomy":"product_brand","embeddable":true,"href":"https:\/\/alekeskus.eu\/et\/wp-json\/wp\/v2\/product_brand?post=67427"},{"taxonomy":"product_cat","embeddable":true,"href":"https:\/\/alekeskus.eu\/et\/wp-json\/wp\/v2\/product_cat?post=67427"},{"taxonomy":"product_tag","embeddable":true,"href":"https:\/\/alekeskus.eu\/et\/wp-json\/wp\/v2\/product_tag?post=67427"}],"curies":[{"name":"wp","href":"https:\/\/api.w.org\/{rel}","templated":true}]}}

<div class="pictogram qtip-additional-element">
<div class="image">
<div class="pictogram qtip-additional-element">
<div class="image">
<p><strong>Lisähintaan:</strong></p>
<p><strong>&#8211; SBS-bitumikermi 2 rll</strong></p>
<p><strong>&#8211; lattialaudat 19mm ja kyllästetyt lattianiskat</strong></p>
<div class="pictogram qtip-additional-element">
<div class="image">
<p><strong>&#8211; räystäskourut</strong></p>
<p><strong>&#8211; mittatarkka EPDM tasakattokate ja saumaliima </strong></p>
</div>
</div>
</div>
</div>
<div class="pictogram qtip-additional-element">
<div class="image">Rahtipakkaus: 4,5&#215;1,2&#215;0,5 m; rahtipaino 650 kg</div>
</div>
<div class="pictogram qtip-additional-element"></div>
</div>
</div>

<p>Ulkoseinämitat:<strong> 3,5 x 2,5 m. </strong></p>
<ul>
<li><strong>kevythirsirakenne 28 mm tuulitapeilla,</strong> <strong>sileä ruuvattava kulmarakenne</strong></li>
<li>kattokorkeus 221 cm, räystäskorkeus 197 cm</li>
<li>katon pinta-ala 12 m² ja kaltevuus 1º</li>
<li>pontatut kattolaudat 16 mm</li>
<li>kattokate lisähintaan(tarve 2 rll SBS-bitumikermia tai mittatarkka EPDMkumikate asennusliimalla)</li>
<li>lasitettu sylinterilukollinen pariovi 140 x 180 cm, karmi sormijatkettua massiivipuuta, kynnys metallipäällysteellä</li>
<li>lattialaudat 19 mm ja kyllästetyt lattianiskat lisähintaan</li>
<li>kasausohje ja kiinnikkeet</li>
<li>5-vuoden tehtaan takuu</li>
<li>tehty Eestissä</li>
<li>voidaan asentaa peilikuvassa</li>
<li>sateentiivis rahtipakkaus</li>
</ul>
<p>Asennusohje:  <a href="https://alekeskus.eu/wp-content/uploads/2021/11/Lara84-ohje.pdf">Lara8,4 ohje</a></p>

<!-- This site is optimized with the Yoast SEO plugin v27.3 - https://yoast.com/product/yoast-seo-wordpress/ -->
<title>Pihavaja Lara 8,4 m² - Alekeskus</title>
<meta name="description" content="pihavaja Lara tasakatolla ja sileillä ulkokulmilla" />
<meta name="robots" content="index, follow, max-snippet:-1, max-image-preview:large, max-video-preview:-1" />
<link rel="canonical" href="https://alekeskus.eu/fi/tuote/pihavaja-lara-84-alekeskus/" />
<meta property="og:locale" content="et_EE" />
<meta property="og:type" content="article" />
<meta property="og:title" content="Pihavaja Lara 8,4 m² - Alekeskus" />
<meta property="og:description" content="nykyaikainen höylähirsihuvimaja sileällä ruuvattavalla ulkokulmalla" />
<meta property="og:url" content="https://alekeskus.eu/fi/tuote/pihavaja-lara-84-alekeskus/" />
<meta property="og:site_name" content="Alekeskus" />
<meta property="article:modified_time" content="2025-01-12T15:50:28+00:00" />
<meta property="og:image" content="https://alekeskus.eu/wp-content/uploads/2021/11/709aiamaja-lara-8-4-m-0.jpg" />
	<meta property="og:image:width" content="900" />
	<meta property="og:image:height" content="675" />
	<meta property="og:image:type" content="image/jpeg" />
<meta name="twitter:card" content="summary_large_image" />
<meta name="twitter:label1" content="Est. reading time" />
	<meta name="twitter:data1" content="1 minut" />
<script type="application/ld+json" class="yoast-schema-graph">{"@context":"https:\/\/schema.org","@graph":[{"@type":"WebPage","@id":"https:\/\/alekeskus.eu\/fi\/tuote\/pihavaja-lara-84-alekeskus\/","url":"https:\/\/alekeskus.eu\/fi\/tuote\/pihavaja-lara-84-alekeskus\/","name":"Pihavaja Lara 8,4 m² - Alekeskus","isPartOf":{"@id":"https:\/\/alekeskus.eu\/#website"},"primaryImageOfPage":{"@id":"https:\/\/alekeskus.eu\/fi\/tuote\/pihavaja-lara-84-alekeskus\/#primaryimage"},"image":{"@id":"https:\/\/alekeskus.eu\/fi\/tuote\/pihavaja-lara-84-alekeskus\/#primaryimage"},"thumbnailUrl":"https:\/\/alekeskus.eu\/wp-content\/uploads\/2021\/11\/709aiamaja-lara-8-4-m-0.jpg","datePublished":"2021-11-11T22:43:27+00:00","dateModified":"2025-01-12T15:50:28+00:00","description":"pihavaja Lara tasakatolla ja sileillä ulkokulmilla","breadcrumb":{"@id":"https:\/\/alekeskus.eu\/fi\/tuote\/pihavaja-lara-84-alekeskus\/#breadcrumb"},"inLanguage":"et","potentialAction":[{"@type":"ReadAction","target":["https:\/\/alekeskus.eu\/fi\/tuote\/pihavaja-lara-84-alekeskus\/"]}]},{"@type":"ImageObject","inLanguage":"et","@id":"https:\/\/alekeskus.eu\/fi\/tuote\/pihavaja-lara-84-alekeskus\/#primaryimage","url":"https:\/\/alekeskus.eu\/wp-content\/uploads\/2021\/11\/709aiamaja-lara-8-4-m-0.jpg","contentUrl":"https:\/\/alekeskus.eu\/wp-content\/uploads\/2021\/11\/709aiamaja-lara-8-4-m-0.jpg","width":900,"height":675},{"@type":"BreadcrumbList","@id":"https:\/\/alekeskus.eu\/fi\/tuote\/pihavaja-lara-84-alekeskus\/#breadcrumb","itemListElement":[{"@type":"ListItem","position":1,"name":"Avaleht","item":"https:\/\/alekeskus.eu\/et\/"},{"@type":"ListItem","position":2,"name":"Pood","item":"https:\/\/alekeskus.eu\/pood\/"},{"@type":"ListItem","position":3,"name":"Pihavaja Lara 8,4 m²"}]},{"@type":"WebSite","@id":"https:\/\/alekeskus.eu\/#website","url":"https:\/\/alekeskus.eu\/","name":"Alekeskus","description":"Alekeskus.eu","potentialAction":[{"@type":"SearchAction","target":{"@type":"EntryPoint","urlTemplate":"https:\/\/alekeskus.eu\/?s={search_term_string}"},"query-input":{"@type":"PropertyValueSpecification","valueRequired":true,"valueName":"search_term_string"}}],"inLanguage":"et"}]}</script>
<!-- / Yoast SEO plugin. -->

pihavaja Lara tasakatolla ja sileillä ulkokulmilla

nykyaikainen höylähirsihuvimaja sileällä ruuvattavalla ulkokulmalla
