{"id":67540,"date":"2024-04-11T22:43:57","date_gmt":"2024-04-11T22:43:57","guid":{"rendered":"http:\/\/alekeskus.eu\/product\/aiamaja-emma-46m%c2%b2\/"},"modified":"2026-01-21T17:23:38","modified_gmt":"2026-01-21T17:23:38","slug":"aiakuur-emmi-46m-alekeskus","status":"publish","type":"product","link":"https:\/\/alekeskus.eu\/et\/toode\/aiakuur-emmi-46m-alekeskus\/","title":{"rendered":"Aiakuur Emmi 4,6 m\u00b2"},"content":{"rendered":"<div class=\"pictogram qtip-additional-element\">\n<div class=\"image\">Pakend: 3,2&#215;1,2&#215;0,6m ; kaal\u00a0 600 kg<\/div>\n<\/div>\n<div class=\"pictogram qtip-additional-element\">\n<div class=\"description\">\n<p><strong>Telli juurde:<\/strong><\/p>\n<p><strong>&#8211; bituumensindel 4 pakki\u00a0<\/strong><\/p>\n<p><strong>&#8211; ajutine <\/strong><strong>katusepapp v\u00f5i <\/strong><strong>SBS-bituumenkate 2 rulli\u00a0<\/strong><\/p>\n<p><strong>&#8211; vihmavees\u00fcsteem\u00a0<\/strong><\/p>\n<p><strong>&#8211; puidukaitsevahendisse kastmine<strong>:\u00a0 pruunikas<strong>, hallikas, valkjas\u00a0<\/strong><\/strong><\/strong><\/p>\n<\/div>\n<\/div>\n","protected":false},"excerpt":{"rendered":"<p>V\u00e4lism\u00f5\u00f5dud:<strong> 2,4 x 2,0 m.<\/strong><\/p>\n<p><strong>TASUTA VEDU JA MAHALAADIMINE(ka suursaartel)!\u00a0\u00a0<\/strong><\/p>\n<ul>\n<li>tuuletapiga freespalksein <strong>28 mm<\/strong>, tormikinnitused<\/li>\n<li>harja k\u00f5rgus 229 cm ja seina k\u00f5rgus 194 cm<\/li>\n<li>puidukaitsega t\u00f6\u00f6deldud p\u00f5randatalad ja punniga p\u00f5randalauad 19 mm<\/li>\n<li>katusekate ei sisaldu hinnas(tarve 4 pakki sindlit v\u00f5i katusepappi\/SBS-bituumenkatet 2 rulli)<\/li>\n<li>katus 7,4 m\u00b2 \/ 14\u00ba, punniga katuselauad 19 mm<\/li>\n<li>r\u00e4\u00e4stas ees <strong>42 cm<\/strong><\/li>\n<li>liimpuidust ukselengiga klaasiga uks 73 x 175 cm, madal metalliga kaetud k\u00fcnnis, silinderlukk<\/li>\n<li>\u00fchekordse klaasiga aken 66 x 89 cm p\u00f6\u00f6rd-kaldavanemisega ja tilganinaga<\/li>\n<li>tellitav puidukaitsevahendisse kastetuna +300\u20ac (pruun, hall v\u00f5i valkjas), tellimisaeg 2-4 n\u00e4dalat pikem<strong>\u00a0<img decoding=\"async\" class=\"\" src=\"https:\/\/www.palmako.ee\/sites\/default\/files\/styles\/product_list_item\/public\/2020-06\/BNDIP.jpg?itok=_LQkkeHM\" width=\"66\" height=\"66\" \/><img decoding=\"async\" class=\"\" src=\"https:\/\/www.palmako.ee\/sites\/default\/files\/styles\/product_list_item\/public\/2020-06\/GYDIP.jpg?itok=RrYf7KTV\" width=\"66\" height=\"66\" \/><img decoding=\"async\" class=\"\" src=\"https:\/\/www.palmako.ee\/sites\/default\/files\/styles\/product_list_item\/public\/2020-06\/WTDIP.jpg?itok=D9U46coI\" width=\"67\" height=\"67\" \/><\/strong><\/li>\n<li>paigaldusjuhend ja kinnitusvahendid<\/li>\n<li>tehase garantii 5 aastat<\/li>\n<li>ilmastikukindel pakend<\/li>\n<li>Eesti toode<\/li>\n<\/ul>\n<p>K\u00fcsi ka paigaldust!<\/p>\n","protected":false},"featured_media":97086,"template":"","meta":{"_monsterinsights_skip_tracking":false,"_monsterinsights_sitenote_active":false,"_monsterinsights_sitenote_note":"","_monsterinsights_sitenote_category":0},"pwb-brand":[],"product_brand":[],"product_cat":[13592,13540,13594,13600],"product_tag":[15413,15842,13813,13815,13899,14264,15216],"class_list":{"0":"post-67540","1":"product","2":"type-product","3":"status-publish","4":"has-post-thumbnail","6":"product_cat-aia-ja-grillmajad","7":"product_cat-hooned-alekeskus","8":"product_cat-mangumajad","9":"product_cat-kuurid-aidad-kioskid","10":"product_tag-emma","11":"product_tag-tooriistakuur","12":"product_tag-aiamaja","13":"product_tag-kuur","14":"product_tag-garden-house","15":"product_tag-aiakuur","16":"product_tag-ait","17":"product_shipping_class-tasuta-transport-kuni-1000kg","18":"pa_garantii-5-aastat","19":"pa_kohaletoimetamine-eestis-tasuta-alekeskus","20":"pa_laoasukoht-tartumaa","21":"pa_pindalam-15317","22":"pa_seinapaksus-28-mm","23":"pa_tellimisaeg-2-10-toopaeva","24":"pa_varv-viimistlemata","25":"pa_varv-pruunikas-puidukaitse","26":"pa_varv-hallikas-puidukaitse","27":"pa_varv-valkjas-puidukaitse","28":"pa_veame-eesti-ja-soome","30":"first","31":"instock","32":"featured","33":"taxable","34":"shipping-taxable","35":"purchasable","36":"product-type-variable","37":"has-default-attributes"},"yoast_head":"<!-- This site is optimized with the Yoast SEO plugin v27.3 - https:\/\/yoast.com\/product\/yoast-seo-wordpress\/ -->\n<title>Aiakuur Emmi 4,6 m\u00b2 - Alekeskus<\/title>\n<meta name=\"description\" content=\"aiakuur akna ja klaasitud uksega\" \/>\n<meta name=\"robots\" content=\"index, follow, max-snippet:-1, max-image-preview:large, max-video-preview:-1\" \/>\n<link rel=\"canonical\" href=\"https:\/\/alekeskus.eu\/toode\/aiakuur-emmi-46m-alekeskus\/\" \/>\n<meta property=\"og:locale\" content=\"et_EE\" \/>\n<meta property=\"og:type\" content=\"article\" \/>\n<meta property=\"og:title\" content=\"Aiakuur Emmi 4,6 m\u00b2 - Alekeskus\" \/>\n<meta property=\"og:description\" content=\"aiakuur akna ja klaasitud uksega\" \/>\n<meta property=\"og:url\" content=\"https:\/\/alekeskus.eu\/toode\/aiakuur-emmi-46m-alekeskus\/\" \/>\n<meta property=\"og:site_name\" content=\"Alekeskus\" \/>\n<meta property=\"article:modified_time\" content=\"2026-01-21T17:23:38+00:00\" \/>\n<meta property=\"og:image\" content=\"https:\/\/alekeskus.eu\/wp-content\/uploads\/2021\/11\/Emmi_4.6_m2_NATURAL_wb.jpg\" \/>\n\t<meta property=\"og:image:width\" content=\"1600\" \/>\n\t<meta property=\"og:image:height\" content=\"1200\" \/>\n\t<meta property=\"og:image:type\" content=\"image\/jpeg\" \/>\n<meta name=\"twitter:card\" content=\"summary_large_image\" \/>\n<meta name=\"twitter:label1\" content=\"Est. reading time\" \/>\n\t<meta name=\"twitter:data1\" content=\"1 minut\" \/>\n<script type=\"application\/ld+json\" class=\"yoast-schema-graph\">{\"@context\":\"https:\\\/\\\/schema.org\",\"@graph\":[{\"@type\":\"WebPage\",\"@id\":\"https:\\\/\\\/alekeskus.eu\\\/toode\\\/aiakuur-emmi-46m-alekeskus\\\/\",\"url\":\"https:\\\/\\\/alekeskus.eu\\\/toode\\\/aiakuur-emmi-46m-alekeskus\\\/\",\"name\":\"Aiakuur Emmi 4,6 m\u00b2 - Alekeskus\",\"isPartOf\":{\"@id\":\"https:\\\/\\\/alekeskus.eu\\\/#website\"},\"primaryImageOfPage\":{\"@id\":\"https:\\\/\\\/alekeskus.eu\\\/toode\\\/aiakuur-emmi-46m-alekeskus\\\/#primaryimage\"},\"image\":{\"@id\":\"https:\\\/\\\/alekeskus.eu\\\/toode\\\/aiakuur-emmi-46m-alekeskus\\\/#primaryimage\"},\"thumbnailUrl\":\"https:\\\/\\\/alekeskus.eu\\\/wp-content\\\/uploads\\\/2021\\\/11\\\/Emmi_4.6_m2_NATURAL_wb.jpg\",\"datePublished\":\"2024-04-11T22:43:57+00:00\",\"dateModified\":\"2026-01-21T17:23:38+00:00\",\"description\":\"aiakuur akna ja klaasitud uksega\",\"breadcrumb\":{\"@id\":\"https:\\\/\\\/alekeskus.eu\\\/toode\\\/aiakuur-emmi-46m-alekeskus\\\/#breadcrumb\"},\"inLanguage\":\"et\",\"potentialAction\":[{\"@type\":\"ReadAction\",\"target\":[\"https:\\\/\\\/alekeskus.eu\\\/toode\\\/aiakuur-emmi-46m-alekeskus\\\/\"]}]},{\"@type\":\"ImageObject\",\"inLanguage\":\"et\",\"@id\":\"https:\\\/\\\/alekeskus.eu\\\/toode\\\/aiakuur-emmi-46m-alekeskus\\\/#primaryimage\",\"url\":\"https:\\\/\\\/alekeskus.eu\\\/wp-content\\\/uploads\\\/2021\\\/11\\\/Emmi_4.6_m2_NATURAL_wb.jpg\",\"contentUrl\":\"https:\\\/\\\/alekeskus.eu\\\/wp-content\\\/uploads\\\/2021\\\/11\\\/Emmi_4.6_m2_NATURAL_wb.jpg\",\"width\":1600,\"height\":1200},{\"@type\":\"BreadcrumbList\",\"@id\":\"https:\\\/\\\/alekeskus.eu\\\/toode\\\/aiakuur-emmi-46m-alekeskus\\\/#breadcrumb\",\"itemListElement\":[{\"@type\":\"ListItem\",\"position\":1,\"name\":\"Avaleht\",\"item\":\"https:\\\/\\\/alekeskus.eu\\\/et\\\/\"},{\"@type\":\"ListItem\",\"position\":2,\"name\":\"Pood\",\"item\":\"https:\\\/\\\/alekeskus.eu\\\/pood\\\/\"},{\"@type\":\"ListItem\",\"position\":3,\"name\":\"Aiakuur Emmi 4,6 m\u00b2\"}]},{\"@type\":\"WebSite\",\"@id\":\"https:\\\/\\\/alekeskus.eu\\\/#website\",\"url\":\"https:\\\/\\\/alekeskus.eu\\\/\",\"name\":\"Alekeskus\",\"description\":\"Alekeskus.eu\",\"potentialAction\":[{\"@type\":\"SearchAction\",\"target\":{\"@type\":\"EntryPoint\",\"urlTemplate\":\"https:\\\/\\\/alekeskus.eu\\\/?s={search_term_string}\"},\"query-input\":{\"@type\":\"PropertyValueSpecification\",\"valueRequired\":true,\"valueName\":\"search_term_string\"}}],\"inLanguage\":\"et\"}]}<\/script>\n<!-- \/ Yoast SEO plugin. -->","yoast_head_json":{"title":"Aiakuur Emmi 4,6 m\u00b2 - Alekeskus","description":"aiakuur akna ja klaasitud uksega","robots":{"index":"index","follow":"follow","max-snippet":"max-snippet:-1","max-image-preview":"max-image-preview:large","max-video-preview":"max-video-preview:-1"},"canonical":"https:\/\/alekeskus.eu\/toode\/aiakuur-emmi-46m-alekeskus\/","og_locale":"et_EE","og_type":"article","og_title":"Aiakuur Emmi 4,6 m\u00b2 - Alekeskus","og_description":"aiakuur akna ja klaasitud uksega","og_url":"https:\/\/alekeskus.eu\/toode\/aiakuur-emmi-46m-alekeskus\/","og_site_name":"Alekeskus","article_modified_time":"2026-01-21T17:23:38+00:00","og_image":[{"width":1600,"height":1200,"url":"https:\/\/alekeskus.eu\/wp-content\/uploads\/2021\/11\/Emmi_4.6_m2_NATURAL_wb.jpg","type":"image\/jpeg"}],"twitter_card":"summary_large_image","twitter_misc":{"Est. reading time":"1 minut"},"schema":{"@context":"https:\/\/schema.org","@graph":[{"@type":"WebPage","@id":"https:\/\/alekeskus.eu\/toode\/aiakuur-emmi-46m-alekeskus\/","url":"https:\/\/alekeskus.eu\/toode\/aiakuur-emmi-46m-alekeskus\/","name":"Aiakuur Emmi 4,6 m\u00b2 - Alekeskus","isPartOf":{"@id":"https:\/\/alekeskus.eu\/#website"},"primaryImageOfPage":{"@id":"https:\/\/alekeskus.eu\/toode\/aiakuur-emmi-46m-alekeskus\/#primaryimage"},"image":{"@id":"https:\/\/alekeskus.eu\/toode\/aiakuur-emmi-46m-alekeskus\/#primaryimage"},"thumbnailUrl":"https:\/\/alekeskus.eu\/wp-content\/uploads\/2021\/11\/Emmi_4.6_m2_NATURAL_wb.jpg","datePublished":"2024-04-11T22:43:57+00:00","dateModified":"2026-01-21T17:23:38+00:00","description":"aiakuur akna ja klaasitud uksega","breadcrumb":{"@id":"https:\/\/alekeskus.eu\/toode\/aiakuur-emmi-46m-alekeskus\/#breadcrumb"},"inLanguage":"et","potentialAction":[{"@type":"ReadAction","target":["https:\/\/alekeskus.eu\/toode\/aiakuur-emmi-46m-alekeskus\/"]}]},{"@type":"ImageObject","inLanguage":"et","@id":"https:\/\/alekeskus.eu\/toode\/aiakuur-emmi-46m-alekeskus\/#primaryimage","url":"https:\/\/alekeskus.eu\/wp-content\/uploads\/2021\/11\/Emmi_4.6_m2_NATURAL_wb.jpg","contentUrl":"https:\/\/alekeskus.eu\/wp-content\/uploads\/2021\/11\/Emmi_4.6_m2_NATURAL_wb.jpg","width":1600,"height":1200},{"@type":"BreadcrumbList","@id":"https:\/\/alekeskus.eu\/toode\/aiakuur-emmi-46m-alekeskus\/#breadcrumb","itemListElement":[{"@type":"ListItem","position":1,"name":"Avaleht","item":"https:\/\/alekeskus.eu\/et\/"},{"@type":"ListItem","position":2,"name":"Pood","item":"https:\/\/alekeskus.eu\/pood\/"},{"@type":"ListItem","position":3,"name":"Aiakuur Emmi 4,6 m\u00b2"}]},{"@type":"WebSite","@id":"https:\/\/alekeskus.eu\/#website","url":"https:\/\/alekeskus.eu\/","name":"Alekeskus","description":"Alekeskus.eu","potentialAction":[{"@type":"SearchAction","target":{"@type":"EntryPoint","urlTemplate":"https:\/\/alekeskus.eu\/?s={search_term_string}"},"query-input":{"@type":"PropertyValueSpecification","valueRequired":true,"valueName":"search_term_string"}}],"inLanguage":"et"}]}},"brands":[],"_links":{"self":[{"href":"https:\/\/alekeskus.eu\/et\/wp-json\/wp\/v2\/product\/67540","targetHints":{"allow":["GET"]}}],"collection":[{"href":"https:\/\/alekeskus.eu\/et\/wp-json\/wp\/v2\/product"}],"about":[{"href":"https:\/\/alekeskus.eu\/et\/wp-json\/wp\/v2\/types\/product"}],"wp:featuredmedia":[{"embeddable":true,"href":"https:\/\/alekeskus.eu\/et\/wp-json\/wp\/v2\/media\/97086"}],"wp:attachment":[{"href":"https:\/\/alekeskus.eu\/et\/wp-json\/wp\/v2\/media?parent=67540"}],"wp:term":[{"taxonomy":"pwb-brand","embeddable":true,"href":"https:\/\/alekeskus.eu\/et\/wp-json\/wp\/v2\/pwb-brand?post=67540"},{"taxonomy":"product_brand","embeddable":true,"href":"https:\/\/alekeskus.eu\/et\/wp-json\/wp\/v2\/product_brand?post=67540"},{"taxonomy":"product_cat","embeddable":true,"href":"https:\/\/alekeskus.eu\/et\/wp-json\/wp\/v2\/product_cat?post=67540"},{"taxonomy":"product_tag","embeddable":true,"href":"https:\/\/alekeskus.eu\/et\/wp-json\/wp\/v2\/product_tag?post=67540"}],"curies":[{"name":"wp","href":"https:\/\/api.w.org\/{rel}","templated":true}]}}

<div class="pictogram qtip-additional-element">
<div class="image">Pakend: 3,2&#215;1,2&#215;0,6m ; kaal  600 kg</div>
</div>
<div class="pictogram qtip-additional-element">
<div class="description">
<p><strong>Telli juurde:</strong></p>
<p><strong>&#8211; bituumensindel 4 pakki </strong></p>
<p><strong>&#8211; ajutine </strong><strong>katusepapp või </strong><strong>SBS-bituumenkate 2 rulli </strong></p>
<p><strong>&#8211; vihmaveesüsteem </strong></p>
<p><strong>&#8211; puidukaitsevahendisse kastmine<strong>:  pruunikas<strong>, hallikas, valkjas </strong></strong></strong></p>
</div>
</div>

<p>Välismõõdud:<strong> 2,4 x 2,0 m.</strong></p>
<p><strong>TASUTA VEDU JA MAHALAADIMINE(ka suursaartel)!  </strong></p>
<ul>
<li>tuuletapiga freespalksein <strong>28 mm</strong>, tormikinnitused</li>
<li>harja kõrgus 229 cm ja seina kõrgus 194 cm</li>
<li>puidukaitsega töödeldud põrandatalad ja punniga põrandalauad 19 mm</li>
<li>katusekate ei sisaldu hinnas(tarve 4 pakki sindlit või katusepappi/SBS-bituumenkatet 2 rulli)</li>
<li>katus 7,4 m² / 14º, punniga katuselauad 19 mm</li>
<li>räästas ees <strong>42 cm</strong></li>
<li>liimpuidust ukselengiga klaasiga uks 73 x 175 cm, madal metalliga kaetud künnis, silinderlukk</li>
<li>ühekordse klaasiga aken 66 x 89 cm pöörd-kaldavanemisega ja tilganinaga</li>
<li>tellitav puidukaitsevahendisse kastetuna +300€ (pruun, hall või valkjas), tellimisaeg 2-4 nädalat pikem<strong> <img decoding="async" class="" src="https://www.palmako.ee/sites/default/files/styles/product_list_item/public/2020-06/BNDIP.jpg?itok=_LQkkeHM" width="66" height="66" /><img decoding="async" class="" src="https://www.palmako.ee/sites/default/files/styles/product_list_item/public/2020-06/GYDIP.jpg?itok=RrYf7KTV" width="66" height="66" /><img decoding="async" class="" src="https://www.palmako.ee/sites/default/files/styles/product_list_item/public/2020-06/WTDIP.jpg?itok=D9U46coI" width="67" height="67" /></strong></li>
<li>paigaldusjuhend ja kinnitusvahendid</li>
<li>tehase garantii 5 aastat</li>
<li>ilmastikukindel pakend</li>
<li>Eesti toode</li>
</ul>
<p>Küsi ka paigaldust!</p>
