{"id":67672,"date":"2023-11-11T22:44:38","date_gmt":"2023-11-11T22:44:38","guid":{"rendered":"http:\/\/alekeskus.eu\/product\/aiamaja-vanker-145m%c2%b2\/"},"modified":"2024-12-03T15:25:20","modified_gmt":"2024-12-03T15:25:20","slug":"aiamaja-vanker-145m-alekeskus","status":"publish","type":"product","link":"https:\/\/alekeskus.eu\/et\/toode\/aiamaja-vanker-145m-alekeskus\/","title":{"rendered":"Teisaldatav aiamaja Vanker 14,5 m\u00b2"},"content":{"rendered":"<div>\n<div><\/div>\n<div>\n<div class=\"gal-text\">Hinnas k\u00f5ik puuosad (k.a. uksed ja aknad, viimased on enamikul juhul juba paigaldatud seinaelementidesse), kinnitusvahendid ning \u00fcksikasjalik koostejuhend. <span style=\"text-decoration: underline;\">Katusekate ei sisaldu tarnes.<\/span><\/div>\n<\/div>\n<\/div>\n<p>Valmiselementide raamide \u00fchendamisel kruvikoostega tekib tugev ja vastupidav raamkonstruktsioon, mis teenib oma peremeest h\u00e4sti pika aja v\u00e4ltel ka p\u00f5hjamaises kliimas.<br \/>\nEhitiste aluspuudeks kasutatakse minimaalselt 44&#215;94 mm ristl\u00f5ikega puitu.<br \/>\nToodete komplekteerimiseks kasutatakse ainult kvaliteetseid tarvikuid, mis tagavad toodete hea toimivuse kogu nende kasutusea jooksul: silinderlukke, reguleeritavaid mantelhingi jne.<\/p>\n<p>Vankri metallosad on enne v\u00e4rvimist ka tsingitud. <span style=\"text-decoration: underline;\">Maja toetub terastugedele ja rattad ei ole m\u00f5eldud maja vedamiseks, kuid v\u00f5imaldavad \u00f5uealas maja l\u00fckkamist teise kohta.<\/span><\/p>\n<div>\n<div id=\"14312619ae67ff11b48e\"><\/div>\n<\/div>\n<div><\/div>\n","protected":false},"excerpt":{"rendered":"<p>V\u00e4lism\u00f5\u00f5dud: <strong>6,0 x 2,4 m<\/strong>.<\/p>\n<p>Eristuv teisaldatav aiamaja, kontor, k\u00e4mping v\u00f5i laste m\u00e4ngumaja, mis <strong>ei vaja vundamenti<\/strong>. Maja seisab muudetava k\u00f5rgusega pulberv\u00e4rvitud terastugedel, millel on k\u00fcljes ka veerevad rattad, mis v\u00f5imaldavad veeretada maja teise kohta.<\/p>\n<p>Elementseinad 18 mm voodrilauaga, p\u00f5randa- ja katuselauad 18 mm. P\u00f5randatalad 44 x 120 mm.<\/p>\n<p>1 avanev aken(asukoht valitava paigaldades), pakettklaasid, uks(asukoht valitav otsa- v\u00f5i k\u00fclgseina), pulberv\u00e4rvitud terasraam, veerevad terasrattad, muudetava k\u00f5rgusega terasseisujalad.<\/p>\n<p>Kinnitusvahendid ja koostejuhend. Eesti toode.<\/p>\n<p>Vedu mandril tellijapoolse mahalaadimisega 180\u20ac v\u00f5i kraana-autoga 350\u20ac(suursaartele vastavalt 280\u20ac ja 590\u20ac).<\/p>\n<p>K\u00fcsi paigaldust!<\/p>\n","protected":false},"featured_media":67668,"template":"","meta":{"_monsterinsights_skip_tracking":false,"_monsterinsights_sitenote_active":false,"_monsterinsights_sitenote_note":"","_monsterinsights_sitenote_category":0},"pwb-brand":[],"product_brand":[],"product_cat":[13592,13540,13600,13602,13604,13608],"product_tag":[13824,13813,13814,13864,13815,13913,13816,15276,13817,13818,13819,13820,13822],"class_list":{"0":"post-67672","1":"product","2":"type-product","3":"status-publish","4":"has-post-thumbnail","6":"product_cat-aia-ja-grillmajad","7":"product_cat-hooned-alekeskus","8":"product_cat-kuurid-aidad-kioskid","9":"product_cat-elementmajad","10":"product_cat-saunad","11":"product_cat-kontorid","12":"product_tag-vankkuri","13":"product_tag-aiamaja","14":"product_tag-ouemaja","15":"product_tag-huvimaja","16":"product_tag-kuur","17":"product_tag-vierasmaja","18":"product_tag-peomaja","19":"product_tag-pihatoimisto","20":"product_tag-maja","21":"product_tag-wagon","22":"product_tag-vaja","23":"product_tag-rakennus","24":"product_tag-vagun","25":"product_shipping_class-alates-1000kg","26":"pa_garantii-2-aastat","27":"pa_kaalkg-15354","28":"pa_kohaletoimetamine-alates-180e","29":"pa_laoasukoht-vorumaa","30":"pa_pakendimoodud-400-x-120-x-105-cm-ja-400-x-60-x-75-cm","31":"pa_pindalam-15432","32":"pa_tellimisaeg-tilausaika-alekeskus","33":"pa_varv-viimistlemata","34":"pa_veame-eesti-ja-soome","36":"first","37":"instock","38":"taxable","39":"shipping-taxable","40":"purchasable","41":"product-type-simple"},"yoast_head":"<!-- This site is optimized with the Yoast SEO plugin v27.3 - https:\/\/yoast.com\/product\/yoast-seo-wordpress\/ -->\n<title>Teisaldatav aiamaja Vanker 14,5 m\u00b2 - Alekeskus<\/title>\n<meta name=\"description\" content=\"teisaldatav aiamaja Vanker\" \/>\n<meta name=\"robots\" content=\"index, follow, max-snippet:-1, max-image-preview:large, max-video-preview:-1\" \/>\n<link rel=\"canonical\" href=\"https:\/\/alekeskus.eu\/toode\/aiamaja-vanker-145m-alekeskus\/\" \/>\n<meta property=\"og:locale\" content=\"et_EE\" \/>\n<meta property=\"og:type\" content=\"article\" \/>\n<meta property=\"og:title\" content=\"Teisaldatav aiamaja Vanker 14,5 m\u00b2 - Alekeskus\" \/>\n<meta property=\"og:description\" content=\"teisaldatav aiamaja Vanker\" \/>\n<meta property=\"og:url\" content=\"https:\/\/alekeskus.eu\/toode\/aiamaja-vanker-145m-alekeskus\/\" \/>\n<meta property=\"og:site_name\" content=\"Alekeskus\" \/>\n<meta property=\"article:modified_time\" content=\"2024-12-03T15:25:20+00:00\" \/>\n<meta property=\"og:image\" content=\"https:\/\/alekeskus.eu\/wp-content\/uploads\/2021\/11\/858aiamaja-vanker-14-5m-0.jpg\" \/>\n\t<meta property=\"og:image:width\" content=\"600\" \/>\n\t<meta property=\"og:image:height\" content=\"400\" \/>\n\t<meta property=\"og:image:type\" content=\"image\/jpeg\" \/>\n<meta name=\"twitter:card\" content=\"summary_large_image\" \/>\n<meta name=\"twitter:label1\" content=\"Est. reading time\" \/>\n\t<meta name=\"twitter:data1\" content=\"1 minut\" \/>\n<script type=\"application\/ld+json\" class=\"yoast-schema-graph\">{\"@context\":\"https:\\\/\\\/schema.org\",\"@graph\":[{\"@type\":\"WebPage\",\"@id\":\"https:\\\/\\\/alekeskus.eu\\\/toode\\\/aiamaja-vanker-145m-alekeskus\\\/\",\"url\":\"https:\\\/\\\/alekeskus.eu\\\/toode\\\/aiamaja-vanker-145m-alekeskus\\\/\",\"name\":\"Teisaldatav aiamaja Vanker 14,5 m\u00b2 - Alekeskus\",\"isPartOf\":{\"@id\":\"https:\\\/\\\/alekeskus.eu\\\/#website\"},\"primaryImageOfPage\":{\"@id\":\"https:\\\/\\\/alekeskus.eu\\\/toode\\\/aiamaja-vanker-145m-alekeskus\\\/#primaryimage\"},\"image\":{\"@id\":\"https:\\\/\\\/alekeskus.eu\\\/toode\\\/aiamaja-vanker-145m-alekeskus\\\/#primaryimage\"},\"thumbnailUrl\":\"https:\\\/\\\/alekeskus.eu\\\/wp-content\\\/uploads\\\/2021\\\/11\\\/858aiamaja-vanker-14-5m-0.jpg\",\"datePublished\":\"2023-11-11T22:44:38+00:00\",\"dateModified\":\"2024-12-03T15:25:20+00:00\",\"description\":\"teisaldatav aiamaja Vanker\",\"breadcrumb\":{\"@id\":\"https:\\\/\\\/alekeskus.eu\\\/toode\\\/aiamaja-vanker-145m-alekeskus\\\/#breadcrumb\"},\"inLanguage\":\"et\",\"potentialAction\":[{\"@type\":\"ReadAction\",\"target\":[\"https:\\\/\\\/alekeskus.eu\\\/toode\\\/aiamaja-vanker-145m-alekeskus\\\/\"]}]},{\"@type\":\"ImageObject\",\"inLanguage\":\"et\",\"@id\":\"https:\\\/\\\/alekeskus.eu\\\/toode\\\/aiamaja-vanker-145m-alekeskus\\\/#primaryimage\",\"url\":\"https:\\\/\\\/alekeskus.eu\\\/wp-content\\\/uploads\\\/2021\\\/11\\\/858aiamaja-vanker-14-5m-0.jpg\",\"contentUrl\":\"https:\\\/\\\/alekeskus.eu\\\/wp-content\\\/uploads\\\/2021\\\/11\\\/858aiamaja-vanker-14-5m-0.jpg\",\"width\":600,\"height\":400},{\"@type\":\"BreadcrumbList\",\"@id\":\"https:\\\/\\\/alekeskus.eu\\\/toode\\\/aiamaja-vanker-145m-alekeskus\\\/#breadcrumb\",\"itemListElement\":[{\"@type\":\"ListItem\",\"position\":1,\"name\":\"Avaleht\",\"item\":\"https:\\\/\\\/alekeskus.eu\\\/et\\\/\"},{\"@type\":\"ListItem\",\"position\":2,\"name\":\"Pood\",\"item\":\"https:\\\/\\\/alekeskus.eu\\\/pood\\\/\"},{\"@type\":\"ListItem\",\"position\":3,\"name\":\"Teisaldatav aiamaja Vanker 14,5 m\u00b2\"}]},{\"@type\":\"WebSite\",\"@id\":\"https:\\\/\\\/alekeskus.eu\\\/#website\",\"url\":\"https:\\\/\\\/alekeskus.eu\\\/\",\"name\":\"Alekeskus\",\"description\":\"Alekeskus.eu\",\"potentialAction\":[{\"@type\":\"SearchAction\",\"target\":{\"@type\":\"EntryPoint\",\"urlTemplate\":\"https:\\\/\\\/alekeskus.eu\\\/?s={search_term_string}\"},\"query-input\":{\"@type\":\"PropertyValueSpecification\",\"valueRequired\":true,\"valueName\":\"search_term_string\"}}],\"inLanguage\":\"et\"}]}<\/script>\n<!-- \/ Yoast SEO plugin. -->","yoast_head_json":{"title":"Teisaldatav aiamaja Vanker 14,5 m\u00b2 - Alekeskus","description":"teisaldatav aiamaja Vanker","robots":{"index":"index","follow":"follow","max-snippet":"max-snippet:-1","max-image-preview":"max-image-preview:large","max-video-preview":"max-video-preview:-1"},"canonical":"https:\/\/alekeskus.eu\/toode\/aiamaja-vanker-145m-alekeskus\/","og_locale":"et_EE","og_type":"article","og_title":"Teisaldatav aiamaja Vanker 14,5 m\u00b2 - Alekeskus","og_description":"teisaldatav aiamaja Vanker","og_url":"https:\/\/alekeskus.eu\/toode\/aiamaja-vanker-145m-alekeskus\/","og_site_name":"Alekeskus","article_modified_time":"2024-12-03T15:25:20+00:00","og_image":[{"width":600,"height":400,"url":"https:\/\/alekeskus.eu\/wp-content\/uploads\/2021\/11\/858aiamaja-vanker-14-5m-0.jpg","type":"image\/jpeg"}],"twitter_card":"summary_large_image","twitter_misc":{"Est. reading time":"1 minut"},"schema":{"@context":"https:\/\/schema.org","@graph":[{"@type":"WebPage","@id":"https:\/\/alekeskus.eu\/toode\/aiamaja-vanker-145m-alekeskus\/","url":"https:\/\/alekeskus.eu\/toode\/aiamaja-vanker-145m-alekeskus\/","name":"Teisaldatav aiamaja Vanker 14,5 m\u00b2 - Alekeskus","isPartOf":{"@id":"https:\/\/alekeskus.eu\/#website"},"primaryImageOfPage":{"@id":"https:\/\/alekeskus.eu\/toode\/aiamaja-vanker-145m-alekeskus\/#primaryimage"},"image":{"@id":"https:\/\/alekeskus.eu\/toode\/aiamaja-vanker-145m-alekeskus\/#primaryimage"},"thumbnailUrl":"https:\/\/alekeskus.eu\/wp-content\/uploads\/2021\/11\/858aiamaja-vanker-14-5m-0.jpg","datePublished":"2023-11-11T22:44:38+00:00","dateModified":"2024-12-03T15:25:20+00:00","description":"teisaldatav aiamaja Vanker","breadcrumb":{"@id":"https:\/\/alekeskus.eu\/toode\/aiamaja-vanker-145m-alekeskus\/#breadcrumb"},"inLanguage":"et","potentialAction":[{"@type":"ReadAction","target":["https:\/\/alekeskus.eu\/toode\/aiamaja-vanker-145m-alekeskus\/"]}]},{"@type":"ImageObject","inLanguage":"et","@id":"https:\/\/alekeskus.eu\/toode\/aiamaja-vanker-145m-alekeskus\/#primaryimage","url":"https:\/\/alekeskus.eu\/wp-content\/uploads\/2021\/11\/858aiamaja-vanker-14-5m-0.jpg","contentUrl":"https:\/\/alekeskus.eu\/wp-content\/uploads\/2021\/11\/858aiamaja-vanker-14-5m-0.jpg","width":600,"height":400},{"@type":"BreadcrumbList","@id":"https:\/\/alekeskus.eu\/toode\/aiamaja-vanker-145m-alekeskus\/#breadcrumb","itemListElement":[{"@type":"ListItem","position":1,"name":"Avaleht","item":"https:\/\/alekeskus.eu\/et\/"},{"@type":"ListItem","position":2,"name":"Pood","item":"https:\/\/alekeskus.eu\/pood\/"},{"@type":"ListItem","position":3,"name":"Teisaldatav aiamaja Vanker 14,5 m\u00b2"}]},{"@type":"WebSite","@id":"https:\/\/alekeskus.eu\/#website","url":"https:\/\/alekeskus.eu\/","name":"Alekeskus","description":"Alekeskus.eu","potentialAction":[{"@type":"SearchAction","target":{"@type":"EntryPoint","urlTemplate":"https:\/\/alekeskus.eu\/?s={search_term_string}"},"query-input":{"@type":"PropertyValueSpecification","valueRequired":true,"valueName":"search_term_string"}}],"inLanguage":"et"}]}},"brands":[],"_links":{"self":[{"href":"https:\/\/alekeskus.eu\/et\/wp-json\/wp\/v2\/product\/67672","targetHints":{"allow":["GET"]}}],"collection":[{"href":"https:\/\/alekeskus.eu\/et\/wp-json\/wp\/v2\/product"}],"about":[{"href":"https:\/\/alekeskus.eu\/et\/wp-json\/wp\/v2\/types\/product"}],"wp:featuredmedia":[{"embeddable":true,"href":"https:\/\/alekeskus.eu\/et\/wp-json\/wp\/v2\/media\/67668"}],"wp:attachment":[{"href":"https:\/\/alekeskus.eu\/et\/wp-json\/wp\/v2\/media?parent=67672"}],"wp:term":[{"taxonomy":"pwb-brand","embeddable":true,"href":"https:\/\/alekeskus.eu\/et\/wp-json\/wp\/v2\/pwb-brand?post=67672"},{"taxonomy":"product_brand","embeddable":true,"href":"https:\/\/alekeskus.eu\/et\/wp-json\/wp\/v2\/product_brand?post=67672"},{"taxonomy":"product_cat","embeddable":true,"href":"https:\/\/alekeskus.eu\/et\/wp-json\/wp\/v2\/product_cat?post=67672"},{"taxonomy":"product_tag","embeddable":true,"href":"https:\/\/alekeskus.eu\/et\/wp-json\/wp\/v2\/product_tag?post=67672"}],"curies":[{"name":"wp","href":"https:\/\/api.w.org\/{rel}","templated":true}]}}

<div>
<div></div>
<div>
<div class="gal-text">Hinnas kõik puuosad (k.a. uksed ja aknad, viimased on enamikul juhul juba paigaldatud seinaelementidesse), kinnitusvahendid ning üksikasjalik koostejuhend. <span style="text-decoration: underline;">Katusekate ei sisaldu tarnes.</span></div>
</div>
</div>
<p>Valmiselementide raamide ühendamisel kruvikoostega tekib tugev ja vastupidav raamkonstruktsioon, mis teenib oma peremeest hästi pika aja vältel ka põhjamaises kliimas.<br />
Ehitiste aluspuudeks kasutatakse minimaalselt 44&#215;94 mm ristlõikega puitu.<br />
Toodete komplekteerimiseks kasutatakse ainult kvaliteetseid tarvikuid, mis tagavad toodete hea toimivuse kogu nende kasutusea jooksul: silinderlukke, reguleeritavaid mantelhingi jne.</p>
<p>Vankri metallosad on enne värvimist ka tsingitud. <span style="text-decoration: underline;">Maja toetub terastugedele ja rattad ei ole mõeldud maja vedamiseks, kuid võimaldavad õuealas maja lükkamist teise kohta.</span></p>
<div>
<div id="14312619ae67ff11b48e"></div>
</div>
<div></div>

<p>Välismõõdud: <strong>6,0 x 2,4 m</strong>.</p>
<p>Eristuv teisaldatav aiamaja, kontor, kämping või laste mängumaja, mis <strong>ei vaja vundamenti</strong>. Maja seisab muudetava kõrgusega pulbervärvitud terastugedel, millel on küljes ka veerevad rattad, mis võimaldavad veeretada maja teise kohta.</p>
<p>Elementseinad 18 mm voodrilauaga, põranda- ja katuselauad 18 mm. Põrandatalad 44 x 120 mm.</p>
<p>1 avanev aken(asukoht valitava paigaldades), pakettklaasid, uks(asukoht valitav otsa- või külgseina), pulbervärvitud terasraam, veerevad terasrattad, muudetava kõrgusega terasseisujalad.</p>
<p>Kinnitusvahendid ja koostejuhend. Eesti toode.</p>
<p>Vedu mandril tellijapoolse mahalaadimisega 180€ või kraana-autoga 350€(suursaartele vastavalt 280€ ja 590€).</p>
<p>Küsi paigaldust!</p>
