{"id":67860,"date":"2025-10-11T22:45:38","date_gmt":"2025-10-11T22:45:38","guid":{"rendered":"http:\/\/alekeskus.eu\/product\/aiamaja-lara-127m%c2%b2\/"},"modified":"2025-12-10T06:05:00","modified_gmt":"2025-12-10T06:05:00","slug":"aiamaja-lara-127m-alekeskus","status":"publish","type":"product","link":"https:\/\/alekeskus.eu\/et\/toode\/aiamaja-lara-127m-alekeskus\/","title":{"rendered":"Aiamaja Lara 12,7 m\u00b2 siledate nurkadega ja 2 ruumiga L\u00d5PUM\u00dc\u00dcK!"},"content":{"rendered":"<div class=\"pictogram qtip-additional-element\">\n<div class=\"image\">\n<p><strong>Telli juurde:<\/strong><\/p>\n<p><strong>&#8211; SBS-bituumenkate 3 rulli\u00a0<\/strong><\/p>\n<p><strong>&#8211; p\u00f5randalauad 19 mm, puukaitsega t\u00f6\u00f6deldud alusprussid kinnitusvahenditega\u00a0<\/strong><\/p>\n<p><strong>&#8211; vihmaveerennid\u00a0<\/strong><\/p>\n<\/div>\n<\/div>\n<div class=\"pictogram qtip-additional-element\">\n<div class=\"image\">Pakend:\u00a0 6&#215;1,2&#215;0,6m; kaal 860 kg<\/div>\n<\/div>\n<div><\/div>\n<div class=\"pictogram qtip-additional-element\">Lara on algselt v\u00e4lja t\u00f6\u00f6tatud Prantsuse turu tarbeks ning prantslased eelistavad tihtipeale puidust p\u00f5randa asemel kasutada kiviplaate. Seet\u00f5ttu p\u00f5rand majakomplektis ei sisaldu ning p\u00f5randalauad koos puidukaitsega t\u00f6\u00f6deldud vundamendiprussidega on v\u00f5imalik juurde osta.<\/div>\n<div><\/div>\n<div>Paigaldusohje:\u00a0 <a href=\"https:\/\/alekeskus.eu\/wp-content\/uploads\/2022\/10\/Lara-127-ohje.pdf\">Lara 12,7 ohje<\/a><\/div>\n","protected":false},"excerpt":{"rendered":"<p>V\u00e4lism\u00f5\u00f5dud<strong>: 4,45 x 2,95 m.\u00a0<\/strong><\/p>\n<p><strong>TASUTA VEDU JA MAHALAADIMINE (ka suursaartele)!<\/strong><\/p>\n<ul>\n<li>tuuletapiga\u00a0<strong>freespalksein 28 mm<\/strong>,<strong>\u00a0kaasaegne tappideta nurgalahendus<\/strong><\/li>\n<li>r\u00e4\u00e4sta k\u00f5rgus 197 cm, katuse k\u00f5rgus 221 cm<\/li>\n<li>punniga katuselauad 16 mm; katusetalad 44 x 120 mm<\/li>\n<li>katuse pindala 17 m\u00b2 ja kalle 1\u00ba<\/li>\n<li>katusekate lisahinnaga(tarve 3 SBS rullkatet)<\/li>\n<li>puidukaitsega t\u00f6\u00f6deldud sokliv\u00f6\u00f6 45 x 45 mm<\/li>\n<li>vahesein<\/li>\n<li>klaasitud uksed 73 x 180 cm ja 140 \u00d7 180 cm, liimpuidust ukselengid, metalliga kaetud k\u00fcnnised, silinderlukud<\/li>\n<li>19 mm p\u00f5randalauad ja puukaitsega t\u00f6\u00f6deldud talad lisahinnaga<\/li>\n<li>kinnitusvahendid ja koostejuhend<\/li>\n<li>Eesti toode<\/li>\n<li>garantii 5 aastat<\/li>\n<li>vihmakindel pakend<\/li>\n<li>peegelpildis paigaldatav<\/li>\n<\/ul>\n<p>K\u00fcsi ka paigaldust!<\/p>\n","protected":false},"featured_media":80944,"template":"","meta":{"_monsterinsights_skip_tracking":false,"_monsterinsights_sitenote_active":false,"_monsterinsights_sitenote_note":"","_monsterinsights_sitenote_category":0},"pwb-brand":[18577],"product_brand":[],"product_cat":[18677,17182,13592,13538,13540,13596,13600,13608],"product_tag":[15391,13849,15841,13899,13913,17443,13983,14000,17936,13813,14264,13819,14265],"class_list":{"0":"post-67860","1":"product","2":"type-product","3":"status-publish","4":"has-post-thumbnail","6":"pwb-brand-eesti","7":"product_cat-lopumuuk","8":"product_cat-suvekoogid-alekeskus","9":"product_cat-aia-ja-grillmajad","10":"product_cat-ale","11":"product_cat-hooned-alekeskus","12":"product_cat-varjualused-talveaiad-alekeskus","13":"product_cat-kuurid-aidad-kioskid","14":"product_cat-kontorid","15":"product_tag-lara","16":"product_tag-shed","17":"product_tag-pyoravaja","18":"product_tag-garden-house","19":"product_tag-vierasmaja","20":"product_tag-tyokaluvaja","21":"product_tag-piharakennus","22":"product_tag-palmako","23":"product_tag-pihavarasto","24":"product_tag-aiamaja","25":"product_tag-aiakuur","26":"product_tag-vaja","27":"product_tag-pihavaja","28":"product_shipping_class-tasuta-transport-alates-1000kg","29":"pa_garantii-5-aastat","30":"pa_kohaletoimetamine-tasuta-mandri-eestis-ja-suursaartel-soome-alates-699e","31":"pa_laoasukoht-tartumaa","32":"pa_pindalam-14232","33":"pa_seinapaksus-28-mm","34":"pa_tellimisaeg-tilausaika-alekeskus","35":"pa_valilisad-ilma-porandata","36":"pa_valilisad-porandalauad-kaasa","37":"pa_varv-viimistlemata","38":"pa_veame-eesti-ja-soome","40":"first","41":"instock","42":"sale","43":"featured","44":"taxable","45":"shipping-taxable","46":"purchasable","47":"product-type-variable"},"yoast_head":"<!-- This site is optimized with the Yoast SEO plugin v27.3 - https:\/\/yoast.com\/product\/yoast-seo-wordpress\/ -->\n<title>Aiamaja Lara 12,7 m\u00b2 siledate nurkadega ja 2 ruumiga L\u00d5PUM\u00dc\u00dcK! - Alekeskus<\/title>\n<meta name=\"description\" content=\"aiamaja lara lamekatusega ja siledate nurkadega\" \/>\n<meta name=\"robots\" content=\"index, follow, max-snippet:-1, max-image-preview:large, max-video-preview:-1\" \/>\n<link rel=\"canonical\" href=\"https:\/\/alekeskus.eu\/et\/toode\/aiamaja-lara-127m-alekeskus\/\" \/>\n<meta property=\"og:locale\" content=\"et_EE\" \/>\n<meta property=\"og:type\" content=\"article\" \/>\n<meta property=\"og:title\" content=\"Aiamaja Lara 12,7 m\u00b2 siledate nurkadega ja 2 ruumiga L\u00d5PUM\u00dc\u00dcK! - Alekeskus\" \/>\n<meta property=\"og:description\" content=\"aiamaja lara lamekatusega ja siledate nurkadega\" \/>\n<meta property=\"og:url\" content=\"https:\/\/alekeskus.eu\/et\/toode\/aiamaja-lara-127m-alekeskus\/\" \/>\n<meta property=\"og:site_name\" content=\"Alekeskus\" \/>\n<meta property=\"article:modified_time\" content=\"2025-12-10T06:05:00+00:00\" \/>\n<meta property=\"og:image\" content=\"https:\/\/alekeskus.eu\/wp-content\/uploads\/2022\/10\/Lara-127-aias.jpg\" \/>\n\t<meta property=\"og:image:width\" content=\"1081\" \/>\n\t<meta property=\"og:image:height\" content=\"764\" \/>\n\t<meta property=\"og:image:type\" content=\"image\/jpeg\" \/>\n<meta name=\"twitter:card\" content=\"summary_large_image\" \/>\n<meta name=\"twitter:label1\" content=\"Est. reading time\" \/>\n\t<meta name=\"twitter:data1\" content=\"1 minut\" \/>\n<script type=\"application\/ld+json\" class=\"yoast-schema-graph\">{\"@context\":\"https:\\\/\\\/schema.org\",\"@graph\":[{\"@type\":\"WebPage\",\"@id\":\"https:\\\/\\\/alekeskus.eu\\\/et\\\/toode\\\/aiamaja-lara-127m-alekeskus\\\/\",\"url\":\"https:\\\/\\\/alekeskus.eu\\\/et\\\/toode\\\/aiamaja-lara-127m-alekeskus\\\/\",\"name\":\"Aiamaja Lara 12,7 m\u00b2 siledate nurkadega ja 2 ruumiga L\u00d5PUM\u00dc\u00dcK! - Alekeskus\",\"isPartOf\":{\"@id\":\"https:\\\/\\\/alekeskus.eu\\\/#website\"},\"primaryImageOfPage\":{\"@id\":\"https:\\\/\\\/alekeskus.eu\\\/et\\\/toode\\\/aiamaja-lara-127m-alekeskus\\\/#primaryimage\"},\"image\":{\"@id\":\"https:\\\/\\\/alekeskus.eu\\\/et\\\/toode\\\/aiamaja-lara-127m-alekeskus\\\/#primaryimage\"},\"thumbnailUrl\":\"https:\\\/\\\/alekeskus.eu\\\/wp-content\\\/uploads\\\/2022\\\/10\\\/Lara-127-aias.jpg\",\"datePublished\":\"2025-10-11T22:45:38+00:00\",\"dateModified\":\"2025-12-10T06:05:00+00:00\",\"description\":\"aiamaja lara lamekatusega ja siledate nurkadega\",\"breadcrumb\":{\"@id\":\"https:\\\/\\\/alekeskus.eu\\\/et\\\/toode\\\/aiamaja-lara-127m-alekeskus\\\/#breadcrumb\"},\"inLanguage\":\"et\",\"potentialAction\":[{\"@type\":\"ReadAction\",\"target\":[\"https:\\\/\\\/alekeskus.eu\\\/et\\\/toode\\\/aiamaja-lara-127m-alekeskus\\\/\"]}]},{\"@type\":\"ImageObject\",\"inLanguage\":\"et\",\"@id\":\"https:\\\/\\\/alekeskus.eu\\\/et\\\/toode\\\/aiamaja-lara-127m-alekeskus\\\/#primaryimage\",\"url\":\"https:\\\/\\\/alekeskus.eu\\\/wp-content\\\/uploads\\\/2022\\\/10\\\/Lara-127-aias.jpg\",\"contentUrl\":\"https:\\\/\\\/alekeskus.eu\\\/wp-content\\\/uploads\\\/2022\\\/10\\\/Lara-127-aias.jpg\",\"width\":1081,\"height\":764},{\"@type\":\"BreadcrumbList\",\"@id\":\"https:\\\/\\\/alekeskus.eu\\\/et\\\/toode\\\/aiamaja-lara-127m-alekeskus\\\/#breadcrumb\",\"itemListElement\":[{\"@type\":\"ListItem\",\"position\":1,\"name\":\"Avaleht\",\"item\":\"https:\\\/\\\/alekeskus.eu\\\/et\\\/\"},{\"@type\":\"ListItem\",\"position\":2,\"name\":\"Pood\",\"item\":\"https:\\\/\\\/alekeskus.eu\\\/pood\\\/\"},{\"@type\":\"ListItem\",\"position\":3,\"name\":\"Aiamaja Lara 12,7 m\u00b2 siledate nurkadega ja 2 ruumiga L\u00d5PUM\u00dc\u00dcK!\"}]},{\"@type\":\"WebSite\",\"@id\":\"https:\\\/\\\/alekeskus.eu\\\/#website\",\"url\":\"https:\\\/\\\/alekeskus.eu\\\/\",\"name\":\"Alekeskus\",\"description\":\"Alekeskus.eu\",\"potentialAction\":[{\"@type\":\"SearchAction\",\"target\":{\"@type\":\"EntryPoint\",\"urlTemplate\":\"https:\\\/\\\/alekeskus.eu\\\/?s={search_term_string}\"},\"query-input\":{\"@type\":\"PropertyValueSpecification\",\"valueRequired\":true,\"valueName\":\"search_term_string\"}}],\"inLanguage\":\"et\"}]}<\/script>\n<!-- \/ Yoast SEO plugin. -->","yoast_head_json":{"title":"Aiamaja Lara 12,7 m\u00b2 siledate nurkadega ja 2 ruumiga L\u00d5PUM\u00dc\u00dcK! - Alekeskus","description":"aiamaja lara lamekatusega ja siledate nurkadega","robots":{"index":"index","follow":"follow","max-snippet":"max-snippet:-1","max-image-preview":"max-image-preview:large","max-video-preview":"max-video-preview:-1"},"canonical":"https:\/\/alekeskus.eu\/et\/toode\/aiamaja-lara-127m-alekeskus\/","og_locale":"et_EE","og_type":"article","og_title":"Aiamaja Lara 12,7 m\u00b2 siledate nurkadega ja 2 ruumiga L\u00d5PUM\u00dc\u00dcK! - Alekeskus","og_description":"aiamaja lara lamekatusega ja siledate nurkadega","og_url":"https:\/\/alekeskus.eu\/et\/toode\/aiamaja-lara-127m-alekeskus\/","og_site_name":"Alekeskus","article_modified_time":"2025-12-10T06:05:00+00:00","og_image":[{"width":1081,"height":764,"url":"https:\/\/alekeskus.eu\/wp-content\/uploads\/2022\/10\/Lara-127-aias.jpg","type":"image\/jpeg"}],"twitter_card":"summary_large_image","twitter_misc":{"Est. reading time":"1 minut"},"schema":{"@context":"https:\/\/schema.org","@graph":[{"@type":"WebPage","@id":"https:\/\/alekeskus.eu\/et\/toode\/aiamaja-lara-127m-alekeskus\/","url":"https:\/\/alekeskus.eu\/et\/toode\/aiamaja-lara-127m-alekeskus\/","name":"Aiamaja Lara 12,7 m\u00b2 siledate nurkadega ja 2 ruumiga L\u00d5PUM\u00dc\u00dcK! - Alekeskus","isPartOf":{"@id":"https:\/\/alekeskus.eu\/#website"},"primaryImageOfPage":{"@id":"https:\/\/alekeskus.eu\/et\/toode\/aiamaja-lara-127m-alekeskus\/#primaryimage"},"image":{"@id":"https:\/\/alekeskus.eu\/et\/toode\/aiamaja-lara-127m-alekeskus\/#primaryimage"},"thumbnailUrl":"https:\/\/alekeskus.eu\/wp-content\/uploads\/2022\/10\/Lara-127-aias.jpg","datePublished":"2025-10-11T22:45:38+00:00","dateModified":"2025-12-10T06:05:00+00:00","description":"aiamaja lara lamekatusega ja siledate nurkadega","breadcrumb":{"@id":"https:\/\/alekeskus.eu\/et\/toode\/aiamaja-lara-127m-alekeskus\/#breadcrumb"},"inLanguage":"et","potentialAction":[{"@type":"ReadAction","target":["https:\/\/alekeskus.eu\/et\/toode\/aiamaja-lara-127m-alekeskus\/"]}]},{"@type":"ImageObject","inLanguage":"et","@id":"https:\/\/alekeskus.eu\/et\/toode\/aiamaja-lara-127m-alekeskus\/#primaryimage","url":"https:\/\/alekeskus.eu\/wp-content\/uploads\/2022\/10\/Lara-127-aias.jpg","contentUrl":"https:\/\/alekeskus.eu\/wp-content\/uploads\/2022\/10\/Lara-127-aias.jpg","width":1081,"height":764},{"@type":"BreadcrumbList","@id":"https:\/\/alekeskus.eu\/et\/toode\/aiamaja-lara-127m-alekeskus\/#breadcrumb","itemListElement":[{"@type":"ListItem","position":1,"name":"Avaleht","item":"https:\/\/alekeskus.eu\/et\/"},{"@type":"ListItem","position":2,"name":"Pood","item":"https:\/\/alekeskus.eu\/pood\/"},{"@type":"ListItem","position":3,"name":"Aiamaja Lara 12,7 m\u00b2 siledate nurkadega ja 2 ruumiga L\u00d5PUM\u00dc\u00dcK!"}]},{"@type":"WebSite","@id":"https:\/\/alekeskus.eu\/#website","url":"https:\/\/alekeskus.eu\/","name":"Alekeskus","description":"Alekeskus.eu","potentialAction":[{"@type":"SearchAction","target":{"@type":"EntryPoint","urlTemplate":"https:\/\/alekeskus.eu\/?s={search_term_string}"},"query-input":{"@type":"PropertyValueSpecification","valueRequired":true,"valueName":"search_term_string"}}],"inLanguage":"et"}]}},"brands":[{"id":18577,"name":"Eesti","slug":"eesti"}],"_links":{"self":[{"href":"https:\/\/alekeskus.eu\/et\/wp-json\/wp\/v2\/product\/67860","targetHints":{"allow":["GET"]}}],"collection":[{"href":"https:\/\/alekeskus.eu\/et\/wp-json\/wp\/v2\/product"}],"about":[{"href":"https:\/\/alekeskus.eu\/et\/wp-json\/wp\/v2\/types\/product"}],"wp:featuredmedia":[{"embeddable":true,"href":"https:\/\/alekeskus.eu\/et\/wp-json\/wp\/v2\/media\/80944"}],"wp:attachment":[{"href":"https:\/\/alekeskus.eu\/et\/wp-json\/wp\/v2\/media?parent=67860"}],"wp:term":[{"taxonomy":"pwb-brand","embeddable":true,"href":"https:\/\/alekeskus.eu\/et\/wp-json\/wp\/v2\/pwb-brand?post=67860"},{"taxonomy":"product_brand","embeddable":true,"href":"https:\/\/alekeskus.eu\/et\/wp-json\/wp\/v2\/product_brand?post=67860"},{"taxonomy":"product_cat","embeddable":true,"href":"https:\/\/alekeskus.eu\/et\/wp-json\/wp\/v2\/product_cat?post=67860"},{"taxonomy":"product_tag","embeddable":true,"href":"https:\/\/alekeskus.eu\/et\/wp-json\/wp\/v2\/product_tag?post=67860"}],"curies":[{"name":"wp","href":"https:\/\/api.w.org\/{rel}","templated":true}]}}

Aiamaja Lara 12,7 m² siledate nurkadega ja 2 ruumiga LÕPUMÜÜK!

<div class="pictogram qtip-additional-element">
<div class="image">
<p><strong>Telli juurde:</strong></p>
<p><strong>&#8211; SBS-bituumenkate 3 rulli </strong></p>
<p><strong>&#8211; põrandalauad 19 mm, puukaitsega töödeldud alusprussid kinnitusvahenditega </strong></p>
<p><strong>&#8211; vihmaveerennid </strong></p>
</div>
</div>
<div class="pictogram qtip-additional-element">
<div class="image">Pakend:  6&#215;1,2&#215;0,6m; kaal 860 kg</div>
</div>
<div></div>
<div class="pictogram qtip-additional-element">Lara on algselt välja töötatud Prantsuse turu tarbeks ning prantslased eelistavad tihtipeale puidust põranda asemel kasutada kiviplaate. Seetõttu põrand majakomplektis ei sisaldu ning põrandalauad koos puidukaitsega töödeldud vundamendiprussidega on võimalik juurde osta.</div>
<div></div>
<div>Paigaldusohje:  <a href="https://alekeskus.eu/wp-content/uploads/2022/10/Lara-127-ohje.pdf">Lara 12,7 ohje</a></div>

<p>Välismõõdud<strong>: 4,45 x 2,95 m. </strong></p>
<p><strong>TASUTA VEDU JA MAHALAADIMINE (ka suursaartele)!</strong></p>
<ul>
<li>tuuletapiga <strong>freespalksein 28 mm</strong>,<strong> kaasaegne tappideta nurgalahendus</strong></li>
<li>räästa kõrgus 197 cm, katuse kõrgus 221 cm</li>
<li>punniga katuselauad 16 mm; katusetalad 44 x 120 mm</li>
<li>katuse pindala 17 m² ja kalle 1º</li>
<li>katusekate lisahinnaga(tarve 3 SBS rullkatet)</li>
<li>puidukaitsega töödeldud soklivöö 45 x 45 mm</li>
<li>vahesein</li>
<li>klaasitud uksed 73 x 180 cm ja 140 × 180 cm, liimpuidust ukselengid, metalliga kaetud künnised, silinderlukud</li>
<li>19 mm põrandalauad ja puukaitsega töödeldud talad lisahinnaga</li>
<li>kinnitusvahendid ja koostejuhend</li>
<li>Eesti toode</li>
<li>garantii 5 aastat</li>
<li>vihmakindel pakend</li>
<li>peegelpildis paigaldatav</li>
</ul>
<p>Küsi ka paigaldust!</p>

<!-- This site is optimized with the Yoast SEO plugin v27.3 - https://yoast.com/product/yoast-seo-wordpress/ -->
<title>Aiamaja Lara 12,7 m² siledate nurkadega ja 2 ruumiga LÕPUMÜÜK! - Alekeskus</title>
<meta name="description" content="aiamaja lara lamekatusega ja siledate nurkadega" />
<meta name="robots" content="index, follow, max-snippet:-1, max-image-preview:large, max-video-preview:-1" />
<link rel="canonical" href="https://alekeskus.eu/et/toode/aiamaja-lara-127m-alekeskus/" />
<meta property="og:locale" content="et_EE" />
<meta property="og:type" content="article" />
<meta property="og:title" content="Aiamaja Lara 12,7 m² siledate nurkadega ja 2 ruumiga LÕPUMÜÜK! - Alekeskus" />
<meta property="og:description" content="aiamaja lara lamekatusega ja siledate nurkadega" />
<meta property="og:url" content="https://alekeskus.eu/et/toode/aiamaja-lara-127m-alekeskus/" />
<meta property="og:site_name" content="Alekeskus" />
<meta property="article:modified_time" content="2025-12-10T06:05:00+00:00" />
<meta property="og:image" content="https://alekeskus.eu/wp-content/uploads/2022/10/Lara-127-aias.jpg" />
	<meta property="og:image:width" content="1081" />
	<meta property="og:image:height" content="764" />
	<meta property="og:image:type" content="image/jpeg" />
<meta name="twitter:card" content="summary_large_image" />
<meta name="twitter:label1" content="Est. reading time" />
	<meta name="twitter:data1" content="1 minut" />
<script type="application/ld+json" class="yoast-schema-graph">{"@context":"https:\/\/schema.org","@graph":[{"@type":"WebPage","@id":"https:\/\/alekeskus.eu\/et\/toode\/aiamaja-lara-127m-alekeskus\/","url":"https:\/\/alekeskus.eu\/et\/toode\/aiamaja-lara-127m-alekeskus\/","name":"Aiamaja Lara 12,7 m² siledate nurkadega ja 2 ruumiga LÕPUMÜÜK! - Alekeskus","isPartOf":{"@id":"https:\/\/alekeskus.eu\/#website"},"primaryImageOfPage":{"@id":"https:\/\/alekeskus.eu\/et\/toode\/aiamaja-lara-127m-alekeskus\/#primaryimage"},"image":{"@id":"https:\/\/alekeskus.eu\/et\/toode\/aiamaja-lara-127m-alekeskus\/#primaryimage"},"thumbnailUrl":"https:\/\/alekeskus.eu\/wp-content\/uploads\/2022\/10\/Lara-127-aias.jpg","datePublished":"2025-10-11T22:45:38+00:00","dateModified":"2025-12-10T06:05:00+00:00","description":"aiamaja lara lamekatusega ja siledate nurkadega","breadcrumb":{"@id":"https:\/\/alekeskus.eu\/et\/toode\/aiamaja-lara-127m-alekeskus\/#breadcrumb"},"inLanguage":"et","potentialAction":[{"@type":"ReadAction","target":["https:\/\/alekeskus.eu\/et\/toode\/aiamaja-lara-127m-alekeskus\/"]}]},{"@type":"ImageObject","inLanguage":"et","@id":"https:\/\/alekeskus.eu\/et\/toode\/aiamaja-lara-127m-alekeskus\/#primaryimage","url":"https:\/\/alekeskus.eu\/wp-content\/uploads\/2022\/10\/Lara-127-aias.jpg","contentUrl":"https:\/\/alekeskus.eu\/wp-content\/uploads\/2022\/10\/Lara-127-aias.jpg","width":1081,"height":764},{"@type":"BreadcrumbList","@id":"https:\/\/alekeskus.eu\/et\/toode\/aiamaja-lara-127m-alekeskus\/#breadcrumb","itemListElement":[{"@type":"ListItem","position":1,"name":"Avaleht","item":"https:\/\/alekeskus.eu\/et\/"},{"@type":"ListItem","position":2,"name":"Pood","item":"https:\/\/alekeskus.eu\/pood\/"},{"@type":"ListItem","position":3,"name":"Aiamaja Lara 12,7 m² siledate nurkadega ja 2 ruumiga LÕPUMÜÜK!"}]},{"@type":"WebSite","@id":"https:\/\/alekeskus.eu\/#website","url":"https:\/\/alekeskus.eu\/","name":"Alekeskus","description":"Alekeskus.eu","potentialAction":[{"@type":"SearchAction","target":{"@type":"EntryPoint","urlTemplate":"https:\/\/alekeskus.eu\/?s={search_term_string}"},"query-input":{"@type":"PropertyValueSpecification","valueRequired":true,"valueName":"search_term_string"}}],"inLanguage":"et"}]}</script>
<!-- / Yoast SEO plugin. -->

Aiamaja Lara 12,7 m² siledate nurkadega ja 2 ruumiga LÕPUMÜÜK! - Alekeskus
