{"id":68302,"date":"2021-11-11T22:49:09","date_gmt":"2021-11-11T22:49:09","guid":{"rendered":"http:\/\/alekeskus.eu\/product\/aiamaja-emma-104m%c2%b2\/"},"modified":"2026-01-21T17:03:36","modified_gmt":"2026-01-21T17:03:36","slug":"aiamaja-emmi-104m-alekeskus","status":"publish","type":"product","link":"https:\/\/alekeskus.eu\/et\/toode\/aiamaja-emmi-104m-alekeskus\/","title":{"rendered":"Aiamaja Emmi 10,4 m\u00b2"},"content":{"rendered":"<div class=\"pictogram qtip-additional-element\" aria-describedby=\"ui-tooltip-96\">\n<div class=\"image\">\n<p><strong>Telli juurde:<\/strong><\/p>\n<p><strong>&#8211; bituumensindel 7 pakki\u00a0<\/strong><\/p>\n<p><strong>&#8211; ajutine <\/strong><strong>katusepapp 3 rulli v\u00f5i <\/strong><strong>\u00a0SBS-bituumenkate 3 rulli\u00a0<\/strong><\/p>\n<p><strong>&#8211; vihmavees\u00fcsteem\u00a0<\/strong><\/p>\n<p><strong>&#8211; puidukaitsevahendisse kastmine<strong>:\u00a0 pruunikas<strong>, hallikas, valkjas\u00a0<\/strong><\/strong><\/strong><\/p>\n<\/div>\n<\/div>\n<div class=\"pictogram qtip-additional-element\">\n<div class=\"image\"><\/div>\n<\/div>\n<div class=\"pictogram qtip-additional-element\">\n<div class=\"image\">Pakend: 4,5&#215;1,2&#215;0,7 m , kaal 884 kg<\/div>\n<\/div>\n<div class=\"pictogram qtip-additional-element\" aria-describedby=\"ui-tooltip-111\">\n<div class=\"image\"><\/div>\n<\/div>\n","protected":false},"excerpt":{"rendered":"<p>V\u00e4lism\u00f5\u00f5dud:<strong> 3,6 x 3,0 m.<\/strong><\/p>\n<p><strong>TASUTA VEDU JA MAHALAADIMINE(ka suursaartel)!\u00a0\u00a0<\/strong><\/p>\n<ul>\n<li>tuuletapiga freespalksein <strong>34 mm<\/strong>, tormikinnitused<\/li>\n<li>harja k\u00f5rgus 257 cm ja seina k\u00f5rgus 205 cm<\/li>\n<li>puidukaitsega t\u00f6\u00f6deldud p\u00f5randatalad ja punniga p\u00f5randalauad 19 mm<\/li>\n<li>katusekate ei sisaldu hinnas(tarve 7 pakki sindlit v\u00f5i ajutist katusepappi\/kestvat SBS-bituumenkatet 3 rulli)<\/li>\n<li>katus 17 m\u00b2 \/ kalle 16\u00ba, punniga katuselauad 19 mm<\/li>\n<li>r\u00e4\u00e4stas ees <strong>70 cm<\/strong><\/li>\n<li>liimpuidust ukselengiga paarisuks 151 x 175 cm, madal metalliga kaetud k\u00fcnnis, silinderlukk<\/li>\n<li>\u00fchekordse klaasiga aken 66 x 89 cm p\u00f6\u00f6rd- \/ kaldavanemisega ja tilganinaga<\/li>\n<li>tellitav puidukaitsevahendisse kastetuna +600\u20ac (pruun, hall v\u00f5i valkjas), tellimisaeg 2-4 n\u00e4dalat pikem<strong>\u00a0<img decoding=\"async\" class=\"\" src=\"https:\/\/www.palmako.ee\/sites\/default\/files\/styles\/product_list_item\/public\/2020-06\/BNDIP.jpg?itok=_LQkkeHM\" width=\"66\" height=\"66\" \/><img decoding=\"async\" class=\"\" src=\"https:\/\/www.palmako.ee\/sites\/default\/files\/styles\/product_list_item\/public\/2020-06\/GYDIP.jpg?itok=RrYf7KTV\" width=\"66\" height=\"66\" \/><img decoding=\"async\" class=\"\" src=\"https:\/\/www.palmako.ee\/sites\/default\/files\/styles\/product_list_item\/public\/2020-06\/WTDIP.jpg?itok=D9U46coI\" width=\"67\" height=\"67\" \/><\/strong><\/li>\n<li>paigaldusjuhend ja kinnitusvahendid<\/li>\n<li>tehase garantii 5 aastat<\/li>\n<li>ilmastikukindel pakend<\/li>\n<li>Eesti toode<\/li>\n<\/ul>\n<p>K\u00fcsi ka paigaldust!<\/p>\n","protected":false},"featured_media":68294,"template":"","meta":{"_monsterinsights_skip_tracking":false,"_monsterinsights_sitenote_active":false,"_monsterinsights_sitenote_note":"","_monsterinsights_sitenote_category":0},"pwb-brand":[],"product_brand":[],"product_cat":[13592,13540,13600],"product_tag":[14264,15216,15842,13813,17443,13815,13899],"class_list":{"0":"post-68302","1":"product","2":"type-product","3":"status-publish","4":"has-post-thumbnail","6":"product_cat-aia-ja-grillmajad","7":"product_cat-hooned-alekeskus","8":"product_cat-kuurid-aidad-kioskid","9":"product_tag-aiakuur","10":"product_tag-ait","11":"product_tag-tooriistakuur","12":"product_tag-aiamaja","13":"product_tag-tyokaluvaja","14":"product_tag-kuur","15":"product_tag-garden-house","16":"product_shipping_class-tasuta-transport-kuni-1000kg","17":"pa_garantii-5-aastat","18":"pa_kohaletoimetamine-eestis-tasuta-alekeskus","19":"pa_laoasukoht-tartumaa","20":"pa_pindalam-15224","21":"pa_seinapaksus-34-mm","22":"pa_tellimisaeg-tilausaika-alekeskus","23":"pa_varv-pruunikas-puidukaitse","24":"pa_varv-hallikas-puidukaitse","25":"pa_varv-valkjas-puidukaitse","26":"pa_varv-viimistlemata","27":"pa_veame-eesti-ja-soome","29":"first","30":"instock","31":"taxable","32":"shipping-taxable","33":"purchasable","34":"product-type-variable","35":"has-default-attributes"},"yoast_head":"<!-- This site is optimized with the Yoast SEO plugin v27.3 - https:\/\/yoast.com\/product\/yoast-seo-wordpress\/ -->\n<title>Aiamaja Emmi 10,4 m\u00b2 - Alekeskus<\/title>\n<meta name=\"description\" content=\"aiamaja Emma 10,4\" \/>\n<meta name=\"robots\" content=\"index, follow, max-snippet:-1, max-image-preview:large, max-video-preview:-1\" \/>\n<link rel=\"canonical\" href=\"https:\/\/alekeskus.eu\/toode\/aiamaja-emmi-104m-alekeskus\/\" \/>\n<meta property=\"og:locale\" content=\"et_EE\" \/>\n<meta property=\"og:type\" content=\"article\" \/>\n<meta property=\"og:title\" content=\"Aiamaja Emmi 10,4 m\u00b2 - Alekeskus\" \/>\n<meta property=\"og:description\" content=\"aiamaja Emma 10,4\" \/>\n<meta property=\"og:url\" content=\"https:\/\/alekeskus.eu\/toode\/aiamaja-emmi-104m-alekeskus\/\" \/>\n<meta property=\"og:site_name\" content=\"Alekeskus\" \/>\n<meta property=\"article:modified_time\" content=\"2026-01-21T17:03:36+00:00\" \/>\n<meta property=\"og:image\" content=\"https:\/\/alekeskus.eu\/wp-content\/uploads\/2021\/11\/1177aiamaja-emma-10-4m-0.jpg\" \/>\n\t<meta property=\"og:image:width\" content=\"900\" \/>\n\t<meta property=\"og:image:height\" content=\"675\" \/>\n\t<meta property=\"og:image:type\" content=\"image\/jpeg\" \/>\n<meta name=\"twitter:card\" content=\"summary_large_image\" \/>\n<meta name=\"twitter:label1\" content=\"Est. reading time\" \/>\n\t<meta name=\"twitter:data1\" content=\"1 minut\" \/>\n<script type=\"application\/ld+json\" class=\"yoast-schema-graph\">{\"@context\":\"https:\\\/\\\/schema.org\",\"@graph\":[{\"@type\":\"WebPage\",\"@id\":\"https:\\\/\\\/alekeskus.eu\\\/toode\\\/aiamaja-emmi-104m-alekeskus\\\/\",\"url\":\"https:\\\/\\\/alekeskus.eu\\\/toode\\\/aiamaja-emmi-104m-alekeskus\\\/\",\"name\":\"Aiamaja Emmi 10,4 m\u00b2 - Alekeskus\",\"isPartOf\":{\"@id\":\"https:\\\/\\\/alekeskus.eu\\\/#website\"},\"primaryImageOfPage\":{\"@id\":\"https:\\\/\\\/alekeskus.eu\\\/toode\\\/aiamaja-emmi-104m-alekeskus\\\/#primaryimage\"},\"image\":{\"@id\":\"https:\\\/\\\/alekeskus.eu\\\/toode\\\/aiamaja-emmi-104m-alekeskus\\\/#primaryimage\"},\"thumbnailUrl\":\"https:\\\/\\\/alekeskus.eu\\\/wp-content\\\/uploads\\\/2021\\\/11\\\/1177aiamaja-emma-10-4m-0.jpg\",\"datePublished\":\"2021-11-11T22:49:09+00:00\",\"dateModified\":\"2026-01-21T17:03:36+00:00\",\"description\":\"aiamaja Emma 10,4\",\"breadcrumb\":{\"@id\":\"https:\\\/\\\/alekeskus.eu\\\/toode\\\/aiamaja-emmi-104m-alekeskus\\\/#breadcrumb\"},\"inLanguage\":\"et\",\"potentialAction\":[{\"@type\":\"ReadAction\",\"target\":[\"https:\\\/\\\/alekeskus.eu\\\/toode\\\/aiamaja-emmi-104m-alekeskus\\\/\"]}]},{\"@type\":\"ImageObject\",\"inLanguage\":\"et\",\"@id\":\"https:\\\/\\\/alekeskus.eu\\\/toode\\\/aiamaja-emmi-104m-alekeskus\\\/#primaryimage\",\"url\":\"https:\\\/\\\/alekeskus.eu\\\/wp-content\\\/uploads\\\/2021\\\/11\\\/1177aiamaja-emma-10-4m-0.jpg\",\"contentUrl\":\"https:\\\/\\\/alekeskus.eu\\\/wp-content\\\/uploads\\\/2021\\\/11\\\/1177aiamaja-emma-10-4m-0.jpg\",\"width\":900,\"height\":675},{\"@type\":\"BreadcrumbList\",\"@id\":\"https:\\\/\\\/alekeskus.eu\\\/toode\\\/aiamaja-emmi-104m-alekeskus\\\/#breadcrumb\",\"itemListElement\":[{\"@type\":\"ListItem\",\"position\":1,\"name\":\"Avaleht\",\"item\":\"https:\\\/\\\/alekeskus.eu\\\/et\\\/\"},{\"@type\":\"ListItem\",\"position\":2,\"name\":\"Pood\",\"item\":\"https:\\\/\\\/alekeskus.eu\\\/pood\\\/\"},{\"@type\":\"ListItem\",\"position\":3,\"name\":\"Aiamaja Emmi 10,4 m\u00b2\"}]},{\"@type\":\"WebSite\",\"@id\":\"https:\\\/\\\/alekeskus.eu\\\/#website\",\"url\":\"https:\\\/\\\/alekeskus.eu\\\/\",\"name\":\"Alekeskus\",\"description\":\"Alekeskus.eu\",\"potentialAction\":[{\"@type\":\"SearchAction\",\"target\":{\"@type\":\"EntryPoint\",\"urlTemplate\":\"https:\\\/\\\/alekeskus.eu\\\/?s={search_term_string}\"},\"query-input\":{\"@type\":\"PropertyValueSpecification\",\"valueRequired\":true,\"valueName\":\"search_term_string\"}}],\"inLanguage\":\"et\"}]}<\/script>\n<!-- \/ Yoast SEO plugin. -->","yoast_head_json":{"title":"Aiamaja Emmi 10,4 m\u00b2 - Alekeskus","description":"aiamaja Emma 10,4","robots":{"index":"index","follow":"follow","max-snippet":"max-snippet:-1","max-image-preview":"max-image-preview:large","max-video-preview":"max-video-preview:-1"},"canonical":"https:\/\/alekeskus.eu\/toode\/aiamaja-emmi-104m-alekeskus\/","og_locale":"et_EE","og_type":"article","og_title":"Aiamaja Emmi 10,4 m\u00b2 - Alekeskus","og_description":"aiamaja Emma 10,4","og_url":"https:\/\/alekeskus.eu\/toode\/aiamaja-emmi-104m-alekeskus\/","og_site_name":"Alekeskus","article_modified_time":"2026-01-21T17:03:36+00:00","og_image":[{"width":900,"height":675,"url":"https:\/\/alekeskus.eu\/wp-content\/uploads\/2021\/11\/1177aiamaja-emma-10-4m-0.jpg","type":"image\/jpeg"}],"twitter_card":"summary_large_image","twitter_misc":{"Est. reading time":"1 minut"},"schema":{"@context":"https:\/\/schema.org","@graph":[{"@type":"WebPage","@id":"https:\/\/alekeskus.eu\/toode\/aiamaja-emmi-104m-alekeskus\/","url":"https:\/\/alekeskus.eu\/toode\/aiamaja-emmi-104m-alekeskus\/","name":"Aiamaja Emmi 10,4 m\u00b2 - Alekeskus","isPartOf":{"@id":"https:\/\/alekeskus.eu\/#website"},"primaryImageOfPage":{"@id":"https:\/\/alekeskus.eu\/toode\/aiamaja-emmi-104m-alekeskus\/#primaryimage"},"image":{"@id":"https:\/\/alekeskus.eu\/toode\/aiamaja-emmi-104m-alekeskus\/#primaryimage"},"thumbnailUrl":"https:\/\/alekeskus.eu\/wp-content\/uploads\/2021\/11\/1177aiamaja-emma-10-4m-0.jpg","datePublished":"2021-11-11T22:49:09+00:00","dateModified":"2026-01-21T17:03:36+00:00","description":"aiamaja Emma 10,4","breadcrumb":{"@id":"https:\/\/alekeskus.eu\/toode\/aiamaja-emmi-104m-alekeskus\/#breadcrumb"},"inLanguage":"et","potentialAction":[{"@type":"ReadAction","target":["https:\/\/alekeskus.eu\/toode\/aiamaja-emmi-104m-alekeskus\/"]}]},{"@type":"ImageObject","inLanguage":"et","@id":"https:\/\/alekeskus.eu\/toode\/aiamaja-emmi-104m-alekeskus\/#primaryimage","url":"https:\/\/alekeskus.eu\/wp-content\/uploads\/2021\/11\/1177aiamaja-emma-10-4m-0.jpg","contentUrl":"https:\/\/alekeskus.eu\/wp-content\/uploads\/2021\/11\/1177aiamaja-emma-10-4m-0.jpg","width":900,"height":675},{"@type":"BreadcrumbList","@id":"https:\/\/alekeskus.eu\/toode\/aiamaja-emmi-104m-alekeskus\/#breadcrumb","itemListElement":[{"@type":"ListItem","position":1,"name":"Avaleht","item":"https:\/\/alekeskus.eu\/et\/"},{"@type":"ListItem","position":2,"name":"Pood","item":"https:\/\/alekeskus.eu\/pood\/"},{"@type":"ListItem","position":3,"name":"Aiamaja Emmi 10,4 m\u00b2"}]},{"@type":"WebSite","@id":"https:\/\/alekeskus.eu\/#website","url":"https:\/\/alekeskus.eu\/","name":"Alekeskus","description":"Alekeskus.eu","potentialAction":[{"@type":"SearchAction","target":{"@type":"EntryPoint","urlTemplate":"https:\/\/alekeskus.eu\/?s={search_term_string}"},"query-input":{"@type":"PropertyValueSpecification","valueRequired":true,"valueName":"search_term_string"}}],"inLanguage":"et"}]}},"brands":[],"_links":{"self":[{"href":"https:\/\/alekeskus.eu\/et\/wp-json\/wp\/v2\/product\/68302","targetHints":{"allow":["GET"]}}],"collection":[{"href":"https:\/\/alekeskus.eu\/et\/wp-json\/wp\/v2\/product"}],"about":[{"href":"https:\/\/alekeskus.eu\/et\/wp-json\/wp\/v2\/types\/product"}],"wp:featuredmedia":[{"embeddable":true,"href":"https:\/\/alekeskus.eu\/et\/wp-json\/wp\/v2\/media\/68294"}],"wp:attachment":[{"href":"https:\/\/alekeskus.eu\/et\/wp-json\/wp\/v2\/media?parent=68302"}],"wp:term":[{"taxonomy":"pwb-brand","embeddable":true,"href":"https:\/\/alekeskus.eu\/et\/wp-json\/wp\/v2\/pwb-brand?post=68302"},{"taxonomy":"product_brand","embeddable":true,"href":"https:\/\/alekeskus.eu\/et\/wp-json\/wp\/v2\/product_brand?post=68302"},{"taxonomy":"product_cat","embeddable":true,"href":"https:\/\/alekeskus.eu\/et\/wp-json\/wp\/v2\/product_cat?post=68302"},{"taxonomy":"product_tag","embeddable":true,"href":"https:\/\/alekeskus.eu\/et\/wp-json\/wp\/v2\/product_tag?post=68302"}],"curies":[{"name":"wp","href":"https:\/\/api.w.org\/{rel}","templated":true}]}}

<div class="pictogram qtip-additional-element" aria-describedby="ui-tooltip-96">
<div class="image">
<p><strong>Telli juurde:</strong></p>
<p><strong>&#8211; bituumensindel 7 pakki </strong></p>
<p><strong>&#8211; ajutine </strong><strong>katusepapp 3 rulli või </strong><strong> SBS-bituumenkate 3 rulli </strong></p>
<p><strong>&#8211; vihmaveesüsteem </strong></p>
<p><strong>&#8211; puidukaitsevahendisse kastmine<strong>:  pruunikas<strong>, hallikas, valkjas </strong></strong></strong></p>
</div>
</div>
<div class="pictogram qtip-additional-element">
<div class="image"></div>
</div>
<div class="pictogram qtip-additional-element">
<div class="image">Pakend: 4,5&#215;1,2&#215;0,7 m , kaal 884 kg</div>
</div>
<div class="pictogram qtip-additional-element" aria-describedby="ui-tooltip-111">
<div class="image"></div>
</div>

<p>Välismõõdud:<strong> 3,6 x 3,0 m.</strong></p>
<p><strong>TASUTA VEDU JA MAHALAADIMINE(ka suursaartel)!  </strong></p>
<ul>
<li>tuuletapiga freespalksein <strong>34 mm</strong>, tormikinnitused</li>
<li>harja kõrgus 257 cm ja seina kõrgus 205 cm</li>
<li>puidukaitsega töödeldud põrandatalad ja punniga põrandalauad 19 mm</li>
<li>katusekate ei sisaldu hinnas(tarve 7 pakki sindlit või ajutist katusepappi/kestvat SBS-bituumenkatet 3 rulli)</li>
<li>katus 17 m² / kalle 16º, punniga katuselauad 19 mm</li>
<li>räästas ees <strong>70 cm</strong></li>
<li>liimpuidust ukselengiga paarisuks 151 x 175 cm, madal metalliga kaetud künnis, silinderlukk</li>
<li>ühekordse klaasiga aken 66 x 89 cm pöörd- / kaldavanemisega ja tilganinaga</li>
<li>tellitav puidukaitsevahendisse kastetuna +600€ (pruun, hall või valkjas), tellimisaeg 2-4 nädalat pikem<strong> <img decoding="async" class="" src="https://www.palmako.ee/sites/default/files/styles/product_list_item/public/2020-06/BNDIP.jpg?itok=_LQkkeHM" width="66" height="66" /><img decoding="async" class="" src="https://www.palmako.ee/sites/default/files/styles/product_list_item/public/2020-06/GYDIP.jpg?itok=RrYf7KTV" width="66" height="66" /><img decoding="async" class="" src="https://www.palmako.ee/sites/default/files/styles/product_list_item/public/2020-06/WTDIP.jpg?itok=D9U46coI" width="67" height="67" /></strong></li>
<li>paigaldusjuhend ja kinnitusvahendid</li>
<li>tehase garantii 5 aastat</li>
<li>ilmastikukindel pakend</li>
<li>Eesti toode</li>
</ul>
<p>Küsi ka paigaldust!</p>
