{"id":68997,"date":"2024-11-11T22:54:33","date_gmt":"2024-11-11T22:54:33","guid":{"rendered":"http:\/\/alekeskus.eu\/product\/auto-varjualune-karl-117m%c2%b2\/"},"modified":"2026-01-18T15:42:46","modified_gmt":"2026-01-18T15:42:46","slug":"autokatusealune-carl-117-alekeskus","status":"publish","type":"product","link":"https:\/\/alekeskus.eu\/et\/toode\/autokatusealune-carl-117-alekeskus\/","title":{"rendered":"Auto katusealune Carl 11,7 m\u00b2"},"content":{"rendered":"<div class=\"pictogram qtip-additional-element\">\n<div class=\"image\">\n<p><strong>Telli juurde:<\/strong><\/p>\n<ul>\n<li><strong>iseliimuv EPDM kummikatusekate 2tk 1,5 x 10 m<\/strong><\/li>\n<li><strong>SBS-bituumenkate 6 rulli\u00a0<\/strong><\/li>\n<li><strong>liimpuidust kaared 2 tk\u00a0<\/strong><\/li>\n<li><strong>vihmaveerennid\u00a0<\/strong><\/li>\n<li><strong>betooniankrud 6 tk\u00a0<\/strong><\/li>\n<li><strong>kastmine puidukaitsevahendisse(<strong><strong>pruun<strong>, hall, valge) v\u00f5i v\u00e4rvituna(valge v\u00f5i tumehall)<\/strong><\/strong><\/strong><\/strong><\/li>\n<\/ul>\n<\/div>\n<\/div>\n<div class=\"pictogram qtip-additional-element\">Pakend: 6,0&#215;1,2&#215;0,3 m, kaal\u00a0 650 kg<\/div>\n<div>Paigaldusohje: <a href=\"https:\/\/alekeskus.eu\/wp-content\/uploads\/2022\/11\/Karl117ohje.pdf\">Karl11,7ohje<\/a><\/div>\n<div class=\"pictogram qtip-additional-element\"><\/div>\n<div class=\"pictogram qtip-additional-element\"><\/div>\n","protected":false},"excerpt":{"rendered":"<p><strong>Katuse m\u00f5\u00f5dud: 360 x 512 cm<\/strong><\/p>\n<p><strong>TASUTA VEDU JA MAHALAADIMINE(ka suursaartel)!<\/strong><\/p>\n<ul>\n<li>liimpuidust postid 120 x 120 mm (muudetava k\u00f5rgusega terasjalad 6 tk telli vajadusel juurde)<\/li>\n<li>liimpuidust talad 60 x 160 mm ja 45 x 120 mm<\/li>\n<li>seina k\u00f5rgused 215 cm ja 232 cm<\/li>\n<li>katuse pindala 18 m\u00b2 ja kalle 1,1\u00ba<\/li>\n<li>19 mm punniga katuselauad<\/li>\n<li>katusekate ei sisaldu hinnas (tarve 6 rulli SBS-bituumenkatet v\u00f5i 2 iseliimuvat EPDM kummikatet 1,5 x 10 m)<\/li>\n<li>puidukaitsevahendisse kastetuna +500\u20ac(pruunikas, hallikas v\u00f5i valkjas) <img decoding=\"async\" class=\"\" src=\"https:\/\/www.palmako.ee\/sites\/default\/files\/styles\/product_list_item\/public\/2020-06\/BNDIP.jpg?itok=_LQkkeHM\" width=\"66\" height=\"66\" \/>\u00a0<img decoding=\"async\" class=\"\" src=\"https:\/\/www.palmako.ee\/sites\/default\/files\/styles\/product_list_item\/public\/2020-06\/GYDIP.jpg?itok=RrYf7KTV\" width=\"66\" height=\"66\" \/>\u00a0<img decoding=\"async\" class=\"\" src=\"https:\/\/www.palmako.ee\/sites\/default\/files\/styles\/product_list_item\/public\/2020-06\/WTDIP.jpg?itok=D9U46coI\" width=\"67\" height=\"67\" \/> v\u00f5i v\u00e4rvituna(valge v\u00f5i tumehall) +800\u20ac; tellimisaeg u 2-4 n\u00e4dalat pikem<\/li>\n<li>kinnitusvahendid ja koostejuhend<\/li>\n<li>Eesti toode<\/li>\n<li>5-aastane tehase garantii<\/li>\n<li>ilmastikukindel pakend<\/li>\n<\/ul>\n<p>K\u00fcsi ka paigaldust!<\/p>\n","protected":false},"featured_media":91088,"template":"","meta":{"_monsterinsights_skip_tracking":false,"_monsterinsights_sitenote_active":false,"_monsterinsights_sitenote_note":"","_monsterinsights_sitenote_category":0},"pwb-brand":[18577],"product_brand":[],"product_cat":[17182,13540,13596,13598],"product_tag":[17692,14224,14225,14266,14268,14269],"class_list":{"0":"post-68997","1":"product","2":"type-product","3":"status-publish","4":"has-post-thumbnail","6":"pwb-brand-eesti","7":"product_cat-suvekoogid-alekeskus","8":"product_cat-hooned-alekeskus","9":"product_cat-varjualused-talveaiad-alekeskus","10":"product_cat-garaazid","11":"product_tag-autovarjualune","12":"product_tag-varjualune","13":"product_tag-garaaz","14":"product_tag-katusealune","15":"product_tag-carport","16":"product_tag-vari","17":"product_shipping_class-tasuta-transport-kuni-1000kg","18":"pa_garantii-5-aastat","19":"pa_kohaletoimetamine-eestis-tasuta-alekeskus","20":"pa_laoasukoht-tartumaa","21":"pa_pindalam-15485","22":"pa_tellimisaeg-tilausaika-alekeskus","23":"pa_varv-valge","24":"pa_varv-viimistlemata","25":"pa_varv-tumehall","26":"pa_varv-pruunikas-puidukaitse","27":"pa_varv-hallikas-puidukaitse","28":"pa_varv-valkjas-puidukaitse","29":"pa_veame-eesti-ja-soome","31":"first","32":"instock","33":"taxable","34":"shipping-taxable","35":"purchasable","36":"product-type-variable","37":"has-default-attributes"},"yoast_head":"<!-- This site is optimized with the Yoast SEO plugin v27.3 - https:\/\/yoast.com\/product\/yoast-seo-wordpress\/ -->\n<title>Auto katusealune Carl 11,7 m\u00b2 - Alekeskus<\/title>\n<meta name=\"description\" content=\"autokatusealune 1-le autole\" \/>\n<meta name=\"robots\" content=\"index, follow, max-snippet:-1, max-image-preview:large, max-video-preview:-1\" \/>\n<link rel=\"canonical\" href=\"https:\/\/alekeskus.eu\/et\/toode\/autokatusealune-carl-117-alekeskus\/\" \/>\n<meta property=\"og:locale\" content=\"et_EE\" \/>\n<meta property=\"og:type\" content=\"article\" \/>\n<meta property=\"og:title\" content=\"Auto katusealune Carl 11,7 m\u00b2 - Alekeskus\" \/>\n<meta property=\"og:description\" content=\"autokatusealune 1-le autole\" \/>\n<meta property=\"og:url\" content=\"https:\/\/alekeskus.eu\/et\/toode\/autokatusealune-carl-117-alekeskus\/\" \/>\n<meta property=\"og:site_name\" content=\"Alekeskus\" \/>\n<meta property=\"article:modified_time\" content=\"2026-01-18T15:42:46+00:00\" \/>\n<meta property=\"og:image\" content=\"https:\/\/alekeskus.eu\/wp-content\/uploads\/2024\/11\/Karl_11.7_NATURAL-miniga.jpg\" \/>\n\t<meta property=\"og:image:width\" content=\"1600\" \/>\n\t<meta property=\"og:image:height\" content=\"1200\" \/>\n\t<meta property=\"og:image:type\" content=\"image\/jpeg\" \/>\n<meta name=\"twitter:card\" content=\"summary_large_image\" \/>\n<meta name=\"twitter:label1\" content=\"Est. reading time\" \/>\n\t<meta name=\"twitter:data1\" content=\"1 minut\" \/>\n<script type=\"application\/ld+json\" class=\"yoast-schema-graph\">{\"@context\":\"https:\\\/\\\/schema.org\",\"@graph\":[{\"@type\":\"WebPage\",\"@id\":\"https:\\\/\\\/alekeskus.eu\\\/et\\\/toode\\\/autokatusealune-carl-117-alekeskus\\\/\",\"url\":\"https:\\\/\\\/alekeskus.eu\\\/et\\\/toode\\\/autokatusealune-carl-117-alekeskus\\\/\",\"name\":\"Auto katusealune Carl 11,7 m\u00b2 - Alekeskus\",\"isPartOf\":{\"@id\":\"https:\\\/\\\/alekeskus.eu\\\/#website\"},\"primaryImageOfPage\":{\"@id\":\"https:\\\/\\\/alekeskus.eu\\\/et\\\/toode\\\/autokatusealune-carl-117-alekeskus\\\/#primaryimage\"},\"image\":{\"@id\":\"https:\\\/\\\/alekeskus.eu\\\/et\\\/toode\\\/autokatusealune-carl-117-alekeskus\\\/#primaryimage\"},\"thumbnailUrl\":\"https:\\\/\\\/alekeskus.eu\\\/wp-content\\\/uploads\\\/2024\\\/11\\\/Karl_11.7_NATURAL-miniga.jpg\",\"datePublished\":\"2024-11-11T22:54:33+00:00\",\"dateModified\":\"2026-01-18T15:42:46+00:00\",\"description\":\"autokatusealune 1-le autole\",\"breadcrumb\":{\"@id\":\"https:\\\/\\\/alekeskus.eu\\\/et\\\/toode\\\/autokatusealune-carl-117-alekeskus\\\/#breadcrumb\"},\"inLanguage\":\"et\",\"potentialAction\":[{\"@type\":\"ReadAction\",\"target\":[\"https:\\\/\\\/alekeskus.eu\\\/et\\\/toode\\\/autokatusealune-carl-117-alekeskus\\\/\"]}]},{\"@type\":\"ImageObject\",\"inLanguage\":\"et\",\"@id\":\"https:\\\/\\\/alekeskus.eu\\\/et\\\/toode\\\/autokatusealune-carl-117-alekeskus\\\/#primaryimage\",\"url\":\"https:\\\/\\\/alekeskus.eu\\\/wp-content\\\/uploads\\\/2024\\\/11\\\/Karl_11.7_NATURAL-miniga.jpg\",\"contentUrl\":\"https:\\\/\\\/alekeskus.eu\\\/wp-content\\\/uploads\\\/2024\\\/11\\\/Karl_11.7_NATURAL-miniga.jpg\",\"width\":1600,\"height\":1200},{\"@type\":\"BreadcrumbList\",\"@id\":\"https:\\\/\\\/alekeskus.eu\\\/et\\\/toode\\\/autokatusealune-carl-117-alekeskus\\\/#breadcrumb\",\"itemListElement\":[{\"@type\":\"ListItem\",\"position\":1,\"name\":\"Avaleht\",\"item\":\"https:\\\/\\\/alekeskus.eu\\\/et\\\/\"},{\"@type\":\"ListItem\",\"position\":2,\"name\":\"Pood\",\"item\":\"https:\\\/\\\/alekeskus.eu\\\/pood\\\/\"},{\"@type\":\"ListItem\",\"position\":3,\"name\":\"Auto katusealune Carl 11,7 m\u00b2\"}]},{\"@type\":\"WebSite\",\"@id\":\"https:\\\/\\\/alekeskus.eu\\\/#website\",\"url\":\"https:\\\/\\\/alekeskus.eu\\\/\",\"name\":\"Alekeskus\",\"description\":\"Alekeskus.eu\",\"potentialAction\":[{\"@type\":\"SearchAction\",\"target\":{\"@type\":\"EntryPoint\",\"urlTemplate\":\"https:\\\/\\\/alekeskus.eu\\\/?s={search_term_string}\"},\"query-input\":{\"@type\":\"PropertyValueSpecification\",\"valueRequired\":true,\"valueName\":\"search_term_string\"}}],\"inLanguage\":\"et\"}]}<\/script>\n<!-- \/ Yoast SEO plugin. -->","yoast_head_json":{"title":"Auto katusealune Carl 11,7 m\u00b2 - Alekeskus","description":"autokatusealune 1-le autole","robots":{"index":"index","follow":"follow","max-snippet":"max-snippet:-1","max-image-preview":"max-image-preview:large","max-video-preview":"max-video-preview:-1"},"canonical":"https:\/\/alekeskus.eu\/et\/toode\/autokatusealune-carl-117-alekeskus\/","og_locale":"et_EE","og_type":"article","og_title":"Auto katusealune Carl 11,7 m\u00b2 - Alekeskus","og_description":"autokatusealune 1-le autole","og_url":"https:\/\/alekeskus.eu\/et\/toode\/autokatusealune-carl-117-alekeskus\/","og_site_name":"Alekeskus","article_modified_time":"2026-01-18T15:42:46+00:00","og_image":[{"width":1600,"height":1200,"url":"https:\/\/alekeskus.eu\/wp-content\/uploads\/2024\/11\/Karl_11.7_NATURAL-miniga.jpg","type":"image\/jpeg"}],"twitter_card":"summary_large_image","twitter_misc":{"Est. reading time":"1 minut"},"schema":{"@context":"https:\/\/schema.org","@graph":[{"@type":"WebPage","@id":"https:\/\/alekeskus.eu\/et\/toode\/autokatusealune-carl-117-alekeskus\/","url":"https:\/\/alekeskus.eu\/et\/toode\/autokatusealune-carl-117-alekeskus\/","name":"Auto katusealune Carl 11,7 m\u00b2 - Alekeskus","isPartOf":{"@id":"https:\/\/alekeskus.eu\/#website"},"primaryImageOfPage":{"@id":"https:\/\/alekeskus.eu\/et\/toode\/autokatusealune-carl-117-alekeskus\/#primaryimage"},"image":{"@id":"https:\/\/alekeskus.eu\/et\/toode\/autokatusealune-carl-117-alekeskus\/#primaryimage"},"thumbnailUrl":"https:\/\/alekeskus.eu\/wp-content\/uploads\/2024\/11\/Karl_11.7_NATURAL-miniga.jpg","datePublished":"2024-11-11T22:54:33+00:00","dateModified":"2026-01-18T15:42:46+00:00","description":"autokatusealune 1-le autole","breadcrumb":{"@id":"https:\/\/alekeskus.eu\/et\/toode\/autokatusealune-carl-117-alekeskus\/#breadcrumb"},"inLanguage":"et","potentialAction":[{"@type":"ReadAction","target":["https:\/\/alekeskus.eu\/et\/toode\/autokatusealune-carl-117-alekeskus\/"]}]},{"@type":"ImageObject","inLanguage":"et","@id":"https:\/\/alekeskus.eu\/et\/toode\/autokatusealune-carl-117-alekeskus\/#primaryimage","url":"https:\/\/alekeskus.eu\/wp-content\/uploads\/2024\/11\/Karl_11.7_NATURAL-miniga.jpg","contentUrl":"https:\/\/alekeskus.eu\/wp-content\/uploads\/2024\/11\/Karl_11.7_NATURAL-miniga.jpg","width":1600,"height":1200},{"@type":"BreadcrumbList","@id":"https:\/\/alekeskus.eu\/et\/toode\/autokatusealune-carl-117-alekeskus\/#breadcrumb","itemListElement":[{"@type":"ListItem","position":1,"name":"Avaleht","item":"https:\/\/alekeskus.eu\/et\/"},{"@type":"ListItem","position":2,"name":"Pood","item":"https:\/\/alekeskus.eu\/pood\/"},{"@type":"ListItem","position":3,"name":"Auto katusealune Carl 11,7 m\u00b2"}]},{"@type":"WebSite","@id":"https:\/\/alekeskus.eu\/#website","url":"https:\/\/alekeskus.eu\/","name":"Alekeskus","description":"Alekeskus.eu","potentialAction":[{"@type":"SearchAction","target":{"@type":"EntryPoint","urlTemplate":"https:\/\/alekeskus.eu\/?s={search_term_string}"},"query-input":{"@type":"PropertyValueSpecification","valueRequired":true,"valueName":"search_term_string"}}],"inLanguage":"et"}]}},"brands":[{"id":18577,"name":"Eesti","slug":"eesti"}],"_links":{"self":[{"href":"https:\/\/alekeskus.eu\/et\/wp-json\/wp\/v2\/product\/68997","targetHints":{"allow":["GET"]}}],"collection":[{"href":"https:\/\/alekeskus.eu\/et\/wp-json\/wp\/v2\/product"}],"about":[{"href":"https:\/\/alekeskus.eu\/et\/wp-json\/wp\/v2\/types\/product"}],"wp:featuredmedia":[{"embeddable":true,"href":"https:\/\/alekeskus.eu\/et\/wp-json\/wp\/v2\/media\/91088"}],"wp:attachment":[{"href":"https:\/\/alekeskus.eu\/et\/wp-json\/wp\/v2\/media?parent=68997"}],"wp:term":[{"taxonomy":"pwb-brand","embeddable":true,"href":"https:\/\/alekeskus.eu\/et\/wp-json\/wp\/v2\/pwb-brand?post=68997"},{"taxonomy":"product_brand","embeddable":true,"href":"https:\/\/alekeskus.eu\/et\/wp-json\/wp\/v2\/product_brand?post=68997"},{"taxonomy":"product_cat","embeddable":true,"href":"https:\/\/alekeskus.eu\/et\/wp-json\/wp\/v2\/product_cat?post=68997"},{"taxonomy":"product_tag","embeddable":true,"href":"https:\/\/alekeskus.eu\/et\/wp-json\/wp\/v2\/product_tag?post=68997"}],"curies":[{"name":"wp","href":"https:\/\/api.w.org\/{rel}","templated":true}]}}

<div class="pictogram qtip-additional-element">
<div class="image">
<p><strong>Telli juurde:</strong></p>
<ul>
<li><strong>iseliimuv EPDM kummikatusekate 2tk 1,5 x 10 m</strong></li>
<li><strong>SBS-bituumenkate 6 rulli </strong></li>
<li><strong>liimpuidust kaared 2 tk </strong></li>
<li><strong>vihmaveerennid </strong></li>
<li><strong>betooniankrud 6 tk </strong></li>
<li><strong>kastmine puidukaitsevahendisse(<strong><strong>pruun<strong>, hall, valge) või värvituna(valge või tumehall)</strong></strong></strong></strong></li>
</ul>
</div>
</div>
<div class="pictogram qtip-additional-element">Pakend: 6,0&#215;1,2&#215;0,3 m, kaal  650 kg</div>
<div>Paigaldusohje: <a href="https://alekeskus.eu/wp-content/uploads/2022/11/Karl117ohje.pdf">Karl11,7ohje</a></div>
<div class="pictogram qtip-additional-element"></div>
<div class="pictogram qtip-additional-element"></div>

<p><strong>Katuse mõõdud: 360 x 512 cm</strong></p>
<p><strong>TASUTA VEDU JA MAHALAADIMINE(ka suursaartel)!</strong></p>
<ul>
<li>liimpuidust postid 120 x 120 mm (muudetava kõrgusega terasjalad 6 tk telli vajadusel juurde)</li>
<li>liimpuidust talad 60 x 160 mm ja 45 x 120 mm</li>
<li>seina kõrgused 215 cm ja 232 cm</li>
<li>katuse pindala 18 m² ja kalle 1,1º</li>
<li>19 mm punniga katuselauad</li>
<li>katusekate ei sisaldu hinnas (tarve 6 rulli SBS-bituumenkatet või 2 iseliimuvat EPDM kummikatet 1,5 x 10 m)</li>
<li>puidukaitsevahendisse kastetuna +500€(pruunikas, hallikas või valkjas) <img decoding="async" class="" src="https://www.palmako.ee/sites/default/files/styles/product_list_item/public/2020-06/BNDIP.jpg?itok=_LQkkeHM" width="66" height="66" /> <img decoding="async" class="" src="https://www.palmako.ee/sites/default/files/styles/product_list_item/public/2020-06/GYDIP.jpg?itok=RrYf7KTV" width="66" height="66" /> <img decoding="async" class="" src="https://www.palmako.ee/sites/default/files/styles/product_list_item/public/2020-06/WTDIP.jpg?itok=D9U46coI" width="67" height="67" /> või värvituna(valge või tumehall) +800€; tellimisaeg u 2-4 nädalat pikem</li>
<li>kinnitusvahendid ja koostejuhend</li>
<li>Eesti toode</li>
<li>5-aastane tehase garantii</li>
<li>ilmastikukindel pakend</li>
</ul>
<p>Küsi ka paigaldust!</p>
