{"id":69393,"date":"2025-01-12T05:04:28","date_gmt":"2025-01-12T05:04:28","guid":{"rendered":"http:\/\/alekeskus.eu\/product\/paviljon-melanie-68m%c2%b2\/"},"modified":"2026-02-16T14:25:49","modified_gmt":"2026-02-16T14:25:49","slug":"paviljon-melanie-7-alekeskus","status":"publish","type":"product","link":"https:\/\/alekeskus.eu\/et\/toode\/paviljon-melanie-7-alekeskus\/","title":{"rendered":"Aiapaviljon Melanie 7,0 m\u00b2"},"content":{"rendered":"<p><strong>Telli juurde:<\/strong><\/p>\n<ul>\n<li><strong>bituumensindel 6 pakki\u00a0<\/strong><\/li>\n<li><strong>puitosa kastmine puukaitseainesse: <strong>pruun<strong>, hall, valge\u00a0<\/strong><\/strong><\/strong><\/li>\n<\/ul>\n<div class=\"pictogram qtip-additional-element\">\n<div class=\"image\"><img decoding=\"async\" src=\"http:\/\/pood.palmako.ee\/sites\/default\/files\/styles\/pictogram_thumbnail\/public\/field_pictogram_image\/pp16.png?itok=d92KXTFx\" alt=\"\" \/>Pakend:\u00a0 3,2&#215;1,2&#215;0,7 m ; kaal 700 kg<\/div>\n<div>Paigaldusjuhend: <a href=\"https:\/\/alekeskus.eu\/wp-content\/uploads\/2022\/05\/Melanie70ohje.pdf\">Melanie7,0ohje<\/a><\/div>\n<\/div>\n<div class=\"pictogram qtip-additional-element\">\n<div class=\"description\">\n<div class=\"pictogram qtip-additional-element\">\n<div class=\"image\">\n<div class=\"pictogram qtip-additional-element\">\n<div class=\"image\"><\/div>\n<div class=\"description\"><\/div>\n<\/div>\n<\/div>\n<\/div>\n<\/div>\n<\/div>\n","protected":false},"excerpt":{"rendered":"<p>V\u00e4lism\u00f5\u00f5dud:<strong>\u00a02,8 x 2,8 m.<\/strong><\/p>\n<p><strong>TASUTA VEDU JA MAHALAADIMINE(ka suursaartel)!<\/strong><\/p>\n<ul>\n<li>tuuletapiga ja tormikinnitustega\u00a0<strong>freespalksein<\/strong> <strong>28\u00a0mm<\/strong><\/li>\n<li>harja k\u00f5rgus 297 cm ja seina k\u00f5rgus 217 cm<\/li>\n<li>puidukaitsega t\u00f6\u00f6deldud alusprussid 45 x 70 mm, punniga p\u00f5randalaudis 19 mm<\/li>\n<li>katusetalad 44 x 95 mm ja punniga katuselaudis 16 mm<\/li>\n<li>katuse pindala 12 m\u00b2 \/ kalle 25\u00ba, r\u00e4\u00e4stas 21 cm<\/li>\n<li>plekist tipum\u00fcts<\/li>\n<li>p\u00f6\u00f6rd-kald avatavad aknad 2 tk 90 x 145 cm<\/li>\n<li>paarisuks 134 x 175 cm, liimpuidust ukseleng, metalliga uksek\u00fcnnis, silinderlukk<\/li>\n<li>katusekate ei sisaldu hinnas(tarve 6 pakki sindelkatet)<\/li>\n<li>tellitav puidukaitsevahendisse kastetuna +400\u20ac (pruun, hall v\u00f5i valkjas), tellimisaeg 2-4 n\u00e4dalat pikem<strong>\u00a0:\u00a0<img decoding=\"async\" class=\"\" src=\"https:\/\/www.palmako.ee\/sites\/default\/files\/styles\/product_list_item\/public\/2020-06\/BNDIP.jpg?itok=_LQkkeHM\" width=\"66\" height=\"66\" \/><img decoding=\"async\" class=\"\" src=\"https:\/\/www.palmako.ee\/sites\/default\/files\/styles\/product_list_item\/public\/2020-06\/GYDIP.jpg?itok=RrYf7KTV\" width=\"66\" height=\"66\" \/><img decoding=\"async\" class=\"\" src=\"https:\/\/www.palmako.ee\/sites\/default\/files\/styles\/product_list_item\/public\/2020-06\/WTDIP.jpg?itok=D9U46coI\" width=\"67\" height=\"67\" \/><\/strong><\/li>\n<li>5-aastane garantii<\/li>\n<li>kinnitusvahendid ja koostejuhend<\/li>\n<li>Eesti toode<\/li>\n<li>vihmakindel pakend<\/li>\n<\/ul>\n<p>K\u00fcsi ka paigaldust!<\/p>\n","protected":false},"featured_media":88643,"template":"","meta":{"_monsterinsights_skip_tracking":false,"_monsterinsights_sitenote_active":false,"_monsterinsights_sitenote_note":"","_monsterinsights_sitenote_category":0},"pwb-brand":[18577],"product_brand":[],"product_cat":[17182,13592,13540,13594,13596,13600],"product_tag":[13850,15277,13864,13907,17896,13947,18244,13813,14420,14641,13831,14643,13832,14666,13848],"class_list":{"0":"post-69393","1":"product","2":"type-product","3":"status-publish","4":"has-post-thumbnail","6":"pwb-brand-eesti","7":"product_cat-suvekoogid-alekeskus","8":"product_cat-aia-ja-grillmajad","9":"product_cat-hooned-alekeskus","10":"product_cat-mangumajad","11":"product_cat-varjualused-talveaiad-alekeskus","12":"product_cat-kuurid-aidad-kioskid","13":"product_tag-paviljonki","14":"product_tag-aiapaviljon","15":"product_tag-huvimaja","16":"product_tag-paviljon","17":"product_tag-pihapaviljonki","18":"product_tag-leikkimokki","19":"product_tag-palmako-melanie","20":"product_tag-aiamaja","21":"product_tag-terassi","22":"product_tag-veranda","23":"product_tag-mokki","24":"product_tag-terrass","25":"product_tag-kesakeittio","26":"product_tag-pergola","27":"product_tag-lehtla","28":"product_shipping_class-tasuta-transport-kuni-1000kg","29":"pa_garantii-5-aastat","30":"pa_kohaletoimetamine-eestis-tasuta-alekeskus","31":"pa_laoasukoht-tartumaa","32":"pa_pindalam-17894","33":"pa_seinapaksus-28-mm","34":"pa_tellimisaeg-tilausaika-alekeskus","35":"pa_varv-pruunikas-puidukaitse","36":"pa_varv-hallikas-puidukaitse","37":"pa_varv-valkjas-puidukaitse","38":"pa_varv-viimistlemata","39":"pa_veame-eesti-ja-soome","41":"first","42":"instock","43":"taxable","44":"shipping-taxable","45":"purchasable","46":"product-type-variable"},"yoast_head":"<!-- This site is optimized with the Yoast SEO plugin v27.3 - https:\/\/yoast.com\/product\/yoast-seo-wordpress\/ -->\n<title>Aiapaviljon Melanie 7,0 m\u00b2 - Alekeskus<\/title>\n<meta name=\"description\" content=\"akendega puidust aiapaviljon\" \/>\n<meta name=\"robots\" content=\"index, follow, max-snippet:-1, max-image-preview:large, max-video-preview:-1\" \/>\n<link rel=\"canonical\" href=\"https:\/\/alekeskus.eu\/et\/toode\/paviljon-melanie-7-alekeskus\/\" \/>\n<meta property=\"og:locale\" content=\"et_EE\" \/>\n<meta property=\"og:type\" content=\"article\" \/>\n<meta property=\"og:title\" content=\"Aiapaviljon Melanie 7,0 m\u00b2 - Alekeskus\" \/>\n<meta property=\"og:description\" content=\"akendega puidust aiapaviljon\" \/>\n<meta property=\"og:url\" content=\"https:\/\/alekeskus.eu\/et\/toode\/paviljon-melanie-7-alekeskus\/\" \/>\n<meta property=\"og:site_name\" content=\"Alekeskus\" \/>\n<meta property=\"article:modified_time\" content=\"2026-02-16T14:25:49+00:00\" \/>\n<meta property=\"og:image\" content=\"https:\/\/alekeskus.eu\/wp-content\/uploads\/2022\/05\/Melanie_7.0_NATURALaias2025.jpg\" \/>\n\t<meta property=\"og:image:width\" content=\"1600\" \/>\n\t<meta property=\"og:image:height\" content=\"1200\" \/>\n\t<meta property=\"og:image:type\" content=\"image\/jpeg\" \/>\n<meta name=\"twitter:card\" content=\"summary_large_image\" \/>\n<meta name=\"twitter:label1\" content=\"Est. reading time\" \/>\n\t<meta name=\"twitter:data1\" content=\"1 minut\" \/>\n<script type=\"application\/ld+json\" class=\"yoast-schema-graph\">{\"@context\":\"https:\\\/\\\/schema.org\",\"@graph\":[{\"@type\":\"WebPage\",\"@id\":\"https:\\\/\\\/alekeskus.eu\\\/et\\\/toode\\\/paviljon-melanie-7-alekeskus\\\/\",\"url\":\"https:\\\/\\\/alekeskus.eu\\\/et\\\/toode\\\/paviljon-melanie-7-alekeskus\\\/\",\"name\":\"Aiapaviljon Melanie 7,0 m\u00b2 - Alekeskus\",\"isPartOf\":{\"@id\":\"https:\\\/\\\/alekeskus.eu\\\/#website\"},\"primaryImageOfPage\":{\"@id\":\"https:\\\/\\\/alekeskus.eu\\\/et\\\/toode\\\/paviljon-melanie-7-alekeskus\\\/#primaryimage\"},\"image\":{\"@id\":\"https:\\\/\\\/alekeskus.eu\\\/et\\\/toode\\\/paviljon-melanie-7-alekeskus\\\/#primaryimage\"},\"thumbnailUrl\":\"https:\\\/\\\/alekeskus.eu\\\/wp-content\\\/uploads\\\/2022\\\/05\\\/Melanie_7.0_NATURALaias2025.jpg\",\"datePublished\":\"2025-01-12T05:04:28+00:00\",\"dateModified\":\"2026-02-16T14:25:49+00:00\",\"description\":\"akendega puidust aiapaviljon\",\"breadcrumb\":{\"@id\":\"https:\\\/\\\/alekeskus.eu\\\/et\\\/toode\\\/paviljon-melanie-7-alekeskus\\\/#breadcrumb\"},\"inLanguage\":\"et\",\"potentialAction\":[{\"@type\":\"ReadAction\",\"target\":[\"https:\\\/\\\/alekeskus.eu\\\/et\\\/toode\\\/paviljon-melanie-7-alekeskus\\\/\"]}]},{\"@type\":\"ImageObject\",\"inLanguage\":\"et\",\"@id\":\"https:\\\/\\\/alekeskus.eu\\\/et\\\/toode\\\/paviljon-melanie-7-alekeskus\\\/#primaryimage\",\"url\":\"https:\\\/\\\/alekeskus.eu\\\/wp-content\\\/uploads\\\/2022\\\/05\\\/Melanie_7.0_NATURALaias2025.jpg\",\"contentUrl\":\"https:\\\/\\\/alekeskus.eu\\\/wp-content\\\/uploads\\\/2022\\\/05\\\/Melanie_7.0_NATURALaias2025.jpg\",\"width\":1600,\"height\":1200},{\"@type\":\"BreadcrumbList\",\"@id\":\"https:\\\/\\\/alekeskus.eu\\\/et\\\/toode\\\/paviljon-melanie-7-alekeskus\\\/#breadcrumb\",\"itemListElement\":[{\"@type\":\"ListItem\",\"position\":1,\"name\":\"Avaleht\",\"item\":\"https:\\\/\\\/alekeskus.eu\\\/et\\\/\"},{\"@type\":\"ListItem\",\"position\":2,\"name\":\"Pood\",\"item\":\"https:\\\/\\\/alekeskus.eu\\\/pood\\\/\"},{\"@type\":\"ListItem\",\"position\":3,\"name\":\"Aiapaviljon Melanie 7,0 m\u00b2\"}]},{\"@type\":\"WebSite\",\"@id\":\"https:\\\/\\\/alekeskus.eu\\\/#website\",\"url\":\"https:\\\/\\\/alekeskus.eu\\\/\",\"name\":\"Alekeskus\",\"description\":\"Alekeskus.eu\",\"potentialAction\":[{\"@type\":\"SearchAction\",\"target\":{\"@type\":\"EntryPoint\",\"urlTemplate\":\"https:\\\/\\\/alekeskus.eu\\\/?s={search_term_string}\"},\"query-input\":{\"@type\":\"PropertyValueSpecification\",\"valueRequired\":true,\"valueName\":\"search_term_string\"}}],\"inLanguage\":\"et\"}]}<\/script>\n<!-- \/ Yoast SEO plugin. -->","yoast_head_json":{"title":"Aiapaviljon Melanie 7,0 m\u00b2 - Alekeskus","description":"akendega puidust aiapaviljon","robots":{"index":"index","follow":"follow","max-snippet":"max-snippet:-1","max-image-preview":"max-image-preview:large","max-video-preview":"max-video-preview:-1"},"canonical":"https:\/\/alekeskus.eu\/et\/toode\/paviljon-melanie-7-alekeskus\/","og_locale":"et_EE","og_type":"article","og_title":"Aiapaviljon Melanie 7,0 m\u00b2 - Alekeskus","og_description":"akendega puidust aiapaviljon","og_url":"https:\/\/alekeskus.eu\/et\/toode\/paviljon-melanie-7-alekeskus\/","og_site_name":"Alekeskus","article_modified_time":"2026-02-16T14:25:49+00:00","og_image":[{"width":1600,"height":1200,"url":"https:\/\/alekeskus.eu\/wp-content\/uploads\/2022\/05\/Melanie_7.0_NATURALaias2025.jpg","type":"image\/jpeg"}],"twitter_card":"summary_large_image","twitter_misc":{"Est. reading time":"1 minut"},"schema":{"@context":"https:\/\/schema.org","@graph":[{"@type":"WebPage","@id":"https:\/\/alekeskus.eu\/et\/toode\/paviljon-melanie-7-alekeskus\/","url":"https:\/\/alekeskus.eu\/et\/toode\/paviljon-melanie-7-alekeskus\/","name":"Aiapaviljon Melanie 7,0 m\u00b2 - Alekeskus","isPartOf":{"@id":"https:\/\/alekeskus.eu\/#website"},"primaryImageOfPage":{"@id":"https:\/\/alekeskus.eu\/et\/toode\/paviljon-melanie-7-alekeskus\/#primaryimage"},"image":{"@id":"https:\/\/alekeskus.eu\/et\/toode\/paviljon-melanie-7-alekeskus\/#primaryimage"},"thumbnailUrl":"https:\/\/alekeskus.eu\/wp-content\/uploads\/2022\/05\/Melanie_7.0_NATURALaias2025.jpg","datePublished":"2025-01-12T05:04:28+00:00","dateModified":"2026-02-16T14:25:49+00:00","description":"akendega puidust aiapaviljon","breadcrumb":{"@id":"https:\/\/alekeskus.eu\/et\/toode\/paviljon-melanie-7-alekeskus\/#breadcrumb"},"inLanguage":"et","potentialAction":[{"@type":"ReadAction","target":["https:\/\/alekeskus.eu\/et\/toode\/paviljon-melanie-7-alekeskus\/"]}]},{"@type":"ImageObject","inLanguage":"et","@id":"https:\/\/alekeskus.eu\/et\/toode\/paviljon-melanie-7-alekeskus\/#primaryimage","url":"https:\/\/alekeskus.eu\/wp-content\/uploads\/2022\/05\/Melanie_7.0_NATURALaias2025.jpg","contentUrl":"https:\/\/alekeskus.eu\/wp-content\/uploads\/2022\/05\/Melanie_7.0_NATURALaias2025.jpg","width":1600,"height":1200},{"@type":"BreadcrumbList","@id":"https:\/\/alekeskus.eu\/et\/toode\/paviljon-melanie-7-alekeskus\/#breadcrumb","itemListElement":[{"@type":"ListItem","position":1,"name":"Avaleht","item":"https:\/\/alekeskus.eu\/et\/"},{"@type":"ListItem","position":2,"name":"Pood","item":"https:\/\/alekeskus.eu\/pood\/"},{"@type":"ListItem","position":3,"name":"Aiapaviljon Melanie 7,0 m\u00b2"}]},{"@type":"WebSite","@id":"https:\/\/alekeskus.eu\/#website","url":"https:\/\/alekeskus.eu\/","name":"Alekeskus","description":"Alekeskus.eu","potentialAction":[{"@type":"SearchAction","target":{"@type":"EntryPoint","urlTemplate":"https:\/\/alekeskus.eu\/?s={search_term_string}"},"query-input":{"@type":"PropertyValueSpecification","valueRequired":true,"valueName":"search_term_string"}}],"inLanguage":"et"}]}},"brands":[{"id":18577,"name":"Eesti","slug":"eesti"}],"_links":{"self":[{"href":"https:\/\/alekeskus.eu\/et\/wp-json\/wp\/v2\/product\/69393","targetHints":{"allow":["GET"]}}],"collection":[{"href":"https:\/\/alekeskus.eu\/et\/wp-json\/wp\/v2\/product"}],"about":[{"href":"https:\/\/alekeskus.eu\/et\/wp-json\/wp\/v2\/types\/product"}],"wp:featuredmedia":[{"embeddable":true,"href":"https:\/\/alekeskus.eu\/et\/wp-json\/wp\/v2\/media\/88643"}],"wp:attachment":[{"href":"https:\/\/alekeskus.eu\/et\/wp-json\/wp\/v2\/media?parent=69393"}],"wp:term":[{"taxonomy":"pwb-brand","embeddable":true,"href":"https:\/\/alekeskus.eu\/et\/wp-json\/wp\/v2\/pwb-brand?post=69393"},{"taxonomy":"product_brand","embeddable":true,"href":"https:\/\/alekeskus.eu\/et\/wp-json\/wp\/v2\/product_brand?post=69393"},{"taxonomy":"product_cat","embeddable":true,"href":"https:\/\/alekeskus.eu\/et\/wp-json\/wp\/v2\/product_cat?post=69393"},{"taxonomy":"product_tag","embeddable":true,"href":"https:\/\/alekeskus.eu\/et\/wp-json\/wp\/v2\/product_tag?post=69393"}],"curies":[{"name":"wp","href":"https:\/\/api.w.org\/{rel}","templated":true}]}}

<p>Välismõõdud:<strong> 2,8 x 2,8 m.</strong></p>
<p><strong>TASUTA VEDU JA MAHALAADIMINE(ka suursaartel)!</strong></p>
<ul>
<li>tuuletapiga ja tormikinnitustega <strong>freespalksein</strong> <strong>28 mm</strong></li>
<li>harja kõrgus 297 cm ja seina kõrgus 217 cm</li>
<li>puidukaitsega töödeldud alusprussid 45 x 70 mm, punniga põrandalaudis 19 mm</li>
<li>katusetalad 44 x 95 mm ja punniga katuselaudis 16 mm</li>
<li>katuse pindala 12 m² / kalle 25º, räästas 21 cm</li>
<li>plekist tipumüts</li>
<li>pöörd-kald avatavad aknad 2 tk 90 x 145 cm</li>
<li>paarisuks 134 x 175 cm, liimpuidust ukseleng, metalliga uksekünnis, silinderlukk</li>
<li>katusekate ei sisaldu hinnas(tarve 6 pakki sindelkatet)</li>
<li>tellitav puidukaitsevahendisse kastetuna +400€ (pruun, hall või valkjas), tellimisaeg 2-4 nädalat pikem<strong> : <img decoding="async" class="" src="https://www.palmako.ee/sites/default/files/styles/product_list_item/public/2020-06/BNDIP.jpg?itok=_LQkkeHM" width="66" height="66" /><img decoding="async" class="" src="https://www.palmako.ee/sites/default/files/styles/product_list_item/public/2020-06/GYDIP.jpg?itok=RrYf7KTV" width="66" height="66" /><img decoding="async" class="" src="https://www.palmako.ee/sites/default/files/styles/product_list_item/public/2020-06/WTDIP.jpg?itok=D9U46coI" width="67" height="67" /></strong></li>
<li>5-aastane garantii</li>
<li>kinnitusvahendid ja koostejuhend</li>
<li>Eesti toode</li>
<li>vihmakindel pakend</li>
</ul>
<p>Küsi ka paigaldust!</p>
