{"id":69499,"date":"2024-11-12T05:05:23","date_gmt":"2024-11-12T05:05:23","guid":{"rendered":"http:\/\/alekeskus.eu\/product\/paviljon-veroonika-67m%c2%b2-4-aknaga\/"},"modified":"2025-10-19T14:46:20","modified_gmt":"2025-10-19T14:46:20","slug":"paviljon-veroonika-67-4-aknaga-alekeskus","status":"publish","type":"product","link":"https:\/\/alekeskus.eu\/et\/toode\/paviljon-veroonika-67-4-aknaga-alekeskus\/","title":{"rendered":"Aiapaviljon Veroonika 6,7 m\u00b2 4 pakettaknaga"},"content":{"rendered":"<p><strong>Telli juurde:<\/strong><\/p>\n<ul>\n<li><strong>bituumensindelkatus 7 pakki\u00a0<\/strong><\/li>\n<\/ul>\n<p>Pakend:\u00a0 2,4 x 1,7 x 1,0 m,\u00a0 kaal 560 kg<\/p>\n<p>Paigaldusohje: <a href=\"https:\/\/alekeskus.eu\/wp-content\/uploads\/2022\/11\/Veroonika-67-4akent-ohje.pdf\">Veroonika 6,7 4akent ohje<\/a><\/p>\n<div class=\"pictogram qtip-additional-element\">\n<div class=\"description\">\n<div class=\"pictogram qtip-additional-element\">\n<div class=\"image\">\n<div class=\"pictogram qtip-additional-element\">\n<div class=\"image\"><\/div>\n<\/div>\n<\/div>\n<\/div>\n<\/div>\n<\/div>\n","protected":false},"excerpt":{"rendered":"<p>L\u00e4bim\u00f5\u00f5t: <strong>2,89 m<\/strong>.<\/p>\n<p><strong>TASUTA VEDU JA MAHALAADIMINE(ka suursaartel)!<\/strong><\/p>\n<ul>\n<li><strong>valmis seinaelemendid 28 mm punnlauaga<\/strong>\u00a0<strong>ja katuseelemendid 16 mm punnlauaga<\/strong><\/li>\n<li>harja k\u00f5rgus 310 cm ja seina k\u00f5rgus 215 cm<\/li>\n<li>puidukaitsega t\u00f6\u00f6deldud alusprussid 45 x 70 mm, punniga p\u00f5randalaudis 19 mm<\/li>\n<li>katuse pindala 12,6 m\u00b2 ja kalle 32\u00ba, r\u00e4\u00e4stas 35 cm<\/li>\n<li>plekist tipum\u00fcts<\/li>\n<li>p\u00f6\u00f6rd-kald avatavad <strong>pakettaknad<\/strong> 4 tk 102 x 104 cm<\/li>\n<li>liimpuidust ukseleng, metalliga kaetud uksek\u00fcnnis, silinderlukk, <strong>pakettklaasiga paarisuks<\/strong> 102 x 174 cm<\/li>\n<li>katusekate ei sisaldu hinnas(kulu 7 pakki bituumensindlit)<\/li>\n<li>5-aastane tehase garantii<\/li>\n<li>kinnitusvahendid ja koostejuhend<\/li>\n<li>Eesti toode<\/li>\n<li>vihmakindel pakend<\/li>\n<\/ul>\n<p>K\u00fcsi ka paigaldust!<\/p>\n","protected":false},"featured_media":93781,"template":"","meta":{"_monsterinsights_skip_tracking":false,"_monsterinsights_sitenote_active":false,"_monsterinsights_sitenote_note":"","_monsterinsights_sitenote_category":0},"pwb-brand":[18577],"product_brand":[],"product_cat":[17182,13592,13540,13596,13600,13602],"product_tag":[14266,18309,13813,14420,13816,14641,18565,13831,15277,18628,13848,15695,18629,13864,14224,17896,14252,18282],"class_list":{"0":"post-69499","1":"product","2":"type-product","3":"status-publish","4":"has-post-thumbnail","6":"pwb-brand-eesti","7":"product_cat-suvekoogid-alekeskus","8":"product_cat-aia-ja-grillmajad","9":"product_cat-hooned-alekeskus","10":"product_cat-varjualused-talveaiad-alekeskus","11":"product_cat-kuurid-aidad-kioskid","12":"product_cat-elementmajad","13":"product_tag-katusealune","14":"product_tag-palmako-huvimaja","15":"product_tag-aiamaja","16":"product_tag-terassi","17":"product_tag-peomaja","18":"product_tag-veranda","19":"product_tag-etatyotila-2","20":"product_tag-mokki","21":"product_tag-aiapaviljon","22":"product_tag-pitomaja-2","23":"product_tag-lehtla","24":"product_tag-veronica","25":"product_tag-palmako-paviljonki","26":"product_tag-huvimaja","27":"product_tag-varjualune","28":"product_tag-pihapaviljonki","29":"product_tag-suvemaja","30":"product_tag-palmako-veronica","31":"product_shipping_class-tasuta-transport-kuni-1000kg","32":"pa_garantii-5-aastat","33":"pa_kohaletoimetamine-eestis-tasuta-alekeskus","34":"pa_laoasukoht-tartumaa","35":"pa_pindalam-15697","36":"pa_seinapaksus-28-mm","37":"pa_tellimisaeg-tilausaika-alekeskus","38":"pa_varv-viimistlemata","39":"pa_veame-eesti-ja-soome","41":"first","42":"instock","43":"taxable","44":"shipping-taxable","45":"purchasable","46":"product-type-simple"},"yoast_head":"<!-- This site is optimized with the Yoast SEO plugin v27.3 - https:\/\/yoast.com\/product\/yoast-seo-wordpress\/ -->\n<title>Aiapaviljon Veroonika 6,7 m\u00b2 4 pakettaknaga - Alekeskus<\/title>\n<meta name=\"description\" content=\"puidust aiapaviljon akendega\" \/>\n<meta name=\"robots\" content=\"index, follow, max-snippet:-1, max-image-preview:large, max-video-preview:-1\" \/>\n<link rel=\"canonical\" href=\"https:\/\/alekeskus.eu\/et\/toode\/paviljon-veroonika-67-4-aknaga-alekeskus\/\" \/>\n<meta property=\"og:locale\" content=\"et_EE\" \/>\n<meta property=\"og:type\" content=\"article\" \/>\n<meta property=\"og:title\" content=\"Aiapaviljon Veroonika 6,7 m\u00b2 4 pakettaknaga - Alekeskus\" \/>\n<meta property=\"og:description\" content=\"puidust aiapaviljon akendega\" \/>\n<meta property=\"og:url\" content=\"https:\/\/alekeskus.eu\/et\/toode\/paviljon-veroonika-67-4-aknaga-alekeskus\/\" \/>\n<meta property=\"og:site_name\" content=\"Alekeskus\" \/>\n<meta property=\"article:modified_time\" content=\"2025-10-19T14:46:20+00:00\" \/>\n<meta property=\"og:image\" content=\"https:\/\/alekeskus.eu\/wp-content\/uploads\/2022\/11\/Veronica_4_6.7_NATURAL_wb2025.jpg\" \/>\n\t<meta property=\"og:image:width\" content=\"2500\" \/>\n\t<meta property=\"og:image:height\" content=\"1875\" \/>\n\t<meta property=\"og:image:type\" content=\"image\/jpeg\" \/>\n<meta name=\"twitter:card\" content=\"summary_large_image\" \/>\n<meta name=\"twitter:label1\" content=\"Est. reading time\" \/>\n\t<meta name=\"twitter:data1\" content=\"1 minut\" \/>\n<script type=\"application\/ld+json\" class=\"yoast-schema-graph\">{\"@context\":\"https:\\\/\\\/schema.org\",\"@graph\":[{\"@type\":\"WebPage\",\"@id\":\"https:\\\/\\\/alekeskus.eu\\\/et\\\/toode\\\/paviljon-veroonika-67-4-aknaga-alekeskus\\\/\",\"url\":\"https:\\\/\\\/alekeskus.eu\\\/et\\\/toode\\\/paviljon-veroonika-67-4-aknaga-alekeskus\\\/\",\"name\":\"Aiapaviljon Veroonika 6,7 m\u00b2 4 pakettaknaga - Alekeskus\",\"isPartOf\":{\"@id\":\"https:\\\/\\\/alekeskus.eu\\\/#website\"},\"primaryImageOfPage\":{\"@id\":\"https:\\\/\\\/alekeskus.eu\\\/et\\\/toode\\\/paviljon-veroonika-67-4-aknaga-alekeskus\\\/#primaryimage\"},\"image\":{\"@id\":\"https:\\\/\\\/alekeskus.eu\\\/et\\\/toode\\\/paviljon-veroonika-67-4-aknaga-alekeskus\\\/#primaryimage\"},\"thumbnailUrl\":\"https:\\\/\\\/alekeskus.eu\\\/wp-content\\\/uploads\\\/2022\\\/11\\\/Veronica_4_6.7_NATURAL_wb2025.jpg\",\"datePublished\":\"2024-11-12T05:05:23+00:00\",\"dateModified\":\"2025-10-19T14:46:20+00:00\",\"description\":\"puidust aiapaviljon akendega\",\"breadcrumb\":{\"@id\":\"https:\\\/\\\/alekeskus.eu\\\/et\\\/toode\\\/paviljon-veroonika-67-4-aknaga-alekeskus\\\/#breadcrumb\"},\"inLanguage\":\"et\",\"potentialAction\":[{\"@type\":\"ReadAction\",\"target\":[\"https:\\\/\\\/alekeskus.eu\\\/et\\\/toode\\\/paviljon-veroonika-67-4-aknaga-alekeskus\\\/\"]}]},{\"@type\":\"ImageObject\",\"inLanguage\":\"et\",\"@id\":\"https:\\\/\\\/alekeskus.eu\\\/et\\\/toode\\\/paviljon-veroonika-67-4-aknaga-alekeskus\\\/#primaryimage\",\"url\":\"https:\\\/\\\/alekeskus.eu\\\/wp-content\\\/uploads\\\/2022\\\/11\\\/Veronica_4_6.7_NATURAL_wb2025.jpg\",\"contentUrl\":\"https:\\\/\\\/alekeskus.eu\\\/wp-content\\\/uploads\\\/2022\\\/11\\\/Veronica_4_6.7_NATURAL_wb2025.jpg\",\"width\":1600,\"height\":1200},{\"@type\":\"BreadcrumbList\",\"@id\":\"https:\\\/\\\/alekeskus.eu\\\/et\\\/toode\\\/paviljon-veroonika-67-4-aknaga-alekeskus\\\/#breadcrumb\",\"itemListElement\":[{\"@type\":\"ListItem\",\"position\":1,\"name\":\"Avaleht\",\"item\":\"https:\\\/\\\/alekeskus.eu\\\/et\\\/\"},{\"@type\":\"ListItem\",\"position\":2,\"name\":\"Pood\",\"item\":\"https:\\\/\\\/alekeskus.eu\\\/pood\\\/\"},{\"@type\":\"ListItem\",\"position\":3,\"name\":\"Aiapaviljon Veroonika 6,7 m\u00b2 4 pakettaknaga\"}]},{\"@type\":\"WebSite\",\"@id\":\"https:\\\/\\\/alekeskus.eu\\\/#website\",\"url\":\"https:\\\/\\\/alekeskus.eu\\\/\",\"name\":\"Alekeskus\",\"description\":\"Alekeskus.eu\",\"potentialAction\":[{\"@type\":\"SearchAction\",\"target\":{\"@type\":\"EntryPoint\",\"urlTemplate\":\"https:\\\/\\\/alekeskus.eu\\\/?s={search_term_string}\"},\"query-input\":{\"@type\":\"PropertyValueSpecification\",\"valueRequired\":true,\"valueName\":\"search_term_string\"}}],\"inLanguage\":\"et\"}]}<\/script>\n<!-- \/ Yoast SEO plugin. -->","yoast_head_json":{"title":"Aiapaviljon Veroonika 6,7 m\u00b2 4 pakettaknaga - Alekeskus","description":"puidust aiapaviljon akendega","robots":{"index":"index","follow":"follow","max-snippet":"max-snippet:-1","max-image-preview":"max-image-preview:large","max-video-preview":"max-video-preview:-1"},"canonical":"https:\/\/alekeskus.eu\/et\/toode\/paviljon-veroonika-67-4-aknaga-alekeskus\/","og_locale":"et_EE","og_type":"article","og_title":"Aiapaviljon Veroonika 6,7 m\u00b2 4 pakettaknaga - Alekeskus","og_description":"puidust aiapaviljon akendega","og_url":"https:\/\/alekeskus.eu\/et\/toode\/paviljon-veroonika-67-4-aknaga-alekeskus\/","og_site_name":"Alekeskus","article_modified_time":"2025-10-19T14:46:20+00:00","og_image":[{"width":2500,"height":1875,"url":"https:\/\/alekeskus.eu\/wp-content\/uploads\/2022\/11\/Veronica_4_6.7_NATURAL_wb2025.jpg","type":"image\/jpeg"}],"twitter_card":"summary_large_image","twitter_misc":{"Est. reading time":"1 minut"},"schema":{"@context":"https:\/\/schema.org","@graph":[{"@type":"WebPage","@id":"https:\/\/alekeskus.eu\/et\/toode\/paviljon-veroonika-67-4-aknaga-alekeskus\/","url":"https:\/\/alekeskus.eu\/et\/toode\/paviljon-veroonika-67-4-aknaga-alekeskus\/","name":"Aiapaviljon Veroonika 6,7 m\u00b2 4 pakettaknaga - Alekeskus","isPartOf":{"@id":"https:\/\/alekeskus.eu\/#website"},"primaryImageOfPage":{"@id":"https:\/\/alekeskus.eu\/et\/toode\/paviljon-veroonika-67-4-aknaga-alekeskus\/#primaryimage"},"image":{"@id":"https:\/\/alekeskus.eu\/et\/toode\/paviljon-veroonika-67-4-aknaga-alekeskus\/#primaryimage"},"thumbnailUrl":"https:\/\/alekeskus.eu\/wp-content\/uploads\/2022\/11\/Veronica_4_6.7_NATURAL_wb2025.jpg","datePublished":"2024-11-12T05:05:23+00:00","dateModified":"2025-10-19T14:46:20+00:00","description":"puidust aiapaviljon akendega","breadcrumb":{"@id":"https:\/\/alekeskus.eu\/et\/toode\/paviljon-veroonika-67-4-aknaga-alekeskus\/#breadcrumb"},"inLanguage":"et","potentialAction":[{"@type":"ReadAction","target":["https:\/\/alekeskus.eu\/et\/toode\/paviljon-veroonika-67-4-aknaga-alekeskus\/"]}]},{"@type":"ImageObject","inLanguage":"et","@id":"https:\/\/alekeskus.eu\/et\/toode\/paviljon-veroonika-67-4-aknaga-alekeskus\/#primaryimage","url":"https:\/\/alekeskus.eu\/wp-content\/uploads\/2022\/11\/Veronica_4_6.7_NATURAL_wb2025.jpg","contentUrl":"https:\/\/alekeskus.eu\/wp-content\/uploads\/2022\/11\/Veronica_4_6.7_NATURAL_wb2025.jpg","width":1600,"height":1200},{"@type":"BreadcrumbList","@id":"https:\/\/alekeskus.eu\/et\/toode\/paviljon-veroonika-67-4-aknaga-alekeskus\/#breadcrumb","itemListElement":[{"@type":"ListItem","position":1,"name":"Avaleht","item":"https:\/\/alekeskus.eu\/et\/"},{"@type":"ListItem","position":2,"name":"Pood","item":"https:\/\/alekeskus.eu\/pood\/"},{"@type":"ListItem","position":3,"name":"Aiapaviljon Veroonika 6,7 m\u00b2 4 pakettaknaga"}]},{"@type":"WebSite","@id":"https:\/\/alekeskus.eu\/#website","url":"https:\/\/alekeskus.eu\/","name":"Alekeskus","description":"Alekeskus.eu","potentialAction":[{"@type":"SearchAction","target":{"@type":"EntryPoint","urlTemplate":"https:\/\/alekeskus.eu\/?s={search_term_string}"},"query-input":{"@type":"PropertyValueSpecification","valueRequired":true,"valueName":"search_term_string"}}],"inLanguage":"et"}]}},"brands":[{"id":18577,"name":"Eesti","slug":"eesti"}],"_links":{"self":[{"href":"https:\/\/alekeskus.eu\/et\/wp-json\/wp\/v2\/product\/69499","targetHints":{"allow":["GET"]}}],"collection":[{"href":"https:\/\/alekeskus.eu\/et\/wp-json\/wp\/v2\/product"}],"about":[{"href":"https:\/\/alekeskus.eu\/et\/wp-json\/wp\/v2\/types\/product"}],"wp:featuredmedia":[{"embeddable":true,"href":"https:\/\/alekeskus.eu\/et\/wp-json\/wp\/v2\/media\/93781"}],"wp:attachment":[{"href":"https:\/\/alekeskus.eu\/et\/wp-json\/wp\/v2\/media?parent=69499"}],"wp:term":[{"taxonomy":"pwb-brand","embeddable":true,"href":"https:\/\/alekeskus.eu\/et\/wp-json\/wp\/v2\/pwb-brand?post=69499"},{"taxonomy":"product_brand","embeddable":true,"href":"https:\/\/alekeskus.eu\/et\/wp-json\/wp\/v2\/product_brand?post=69499"},{"taxonomy":"product_cat","embeddable":true,"href":"https:\/\/alekeskus.eu\/et\/wp-json\/wp\/v2\/product_cat?post=69499"},{"taxonomy":"product_tag","embeddable":true,"href":"https:\/\/alekeskus.eu\/et\/wp-json\/wp\/v2\/product_tag?post=69499"}],"curies":[{"name":"wp","href":"https:\/\/api.w.org\/{rel}","templated":true}]}}

<p>Läbimõõt: <strong>2,89 m</strong>.</p>
<p><strong>TASUTA VEDU JA MAHALAADIMINE(ka suursaartel)!</strong></p>
<ul>
<li><strong>valmis seinaelemendid 28 mm punnlauaga</strong> <strong>ja katuseelemendid 16 mm punnlauaga</strong></li>
<li>harja kõrgus 310 cm ja seina kõrgus 215 cm</li>
<li>puidukaitsega töödeldud alusprussid 45 x 70 mm, punniga põrandalaudis 19 mm</li>
<li>katuse pindala 12,6 m² ja kalle 32º, räästas 35 cm</li>
<li>plekist tipumüts</li>
<li>pöörd-kald avatavad <strong>pakettaknad</strong> 4 tk 102 x 104 cm</li>
<li>liimpuidust ukseleng, metalliga kaetud uksekünnis, silinderlukk, <strong>pakettklaasiga paarisuks</strong> 102 x 174 cm</li>
<li>katusekate ei sisaldu hinnas(kulu 7 pakki bituumensindlit)</li>
<li>5-aastane tehase garantii</li>
<li>kinnitusvahendid ja koostejuhend</li>
<li>Eesti toode</li>
<li>vihmakindel pakend</li>
</ul>
<p>Küsi ka paigaldust!</p>
