{"id":69519,"date":"2024-07-12T05:05:28","date_gmt":"2024-07-12T05:05:28","guid":{"rendered":"http:\/\/alekeskus.eu\/product\/paviljon-veroonika-92m%c2%b2-4-aknaga\/"},"modified":"2025-10-19T14:24:54","modified_gmt":"2025-10-19T14:24:54","slug":"paviljon-veroonika-92-4-aknaga-alekeskus","status":"publish","type":"product","link":"https:\/\/alekeskus.eu\/et\/toode\/paviljon-veroonika-92-4-aknaga-alekeskus\/","title":{"rendered":"Aiapaviljon Veroonika 9,2 m\u00b2 4 pakettaknaga"},"content":{"rendered":"<p><strong>Telli juurde:<\/strong><\/p>\n<p><strong>&#8211; bituumensindel 9 pakki\u00a0<\/strong><\/p>\n<div class=\"pictogram qtip-additional-element\">\n<div class=\"image\">Pakend: 2,4&#215;1,4&#215;0,8 m;\u00a0 2,5&#215;1,7&#215;0,6 m;\u00a0 kaal 800 kg<\/div>\n<div>Paigaldusohje: <a href=\"https:\/\/alekeskus.eu\/wp-content\/uploads\/2022\/07\/Veroonika92-4-ohje.pdf\">Veroonika9,2 4 ohje<\/a><\/div>\n<\/div>\n<div class=\"pictogram qtip-additional-element\">\n<div class=\"description\">\n<div class=\"pictogram qtip-additional-element\">\n<div class=\"image\">\n<div class=\"pictogram qtip-additional-element\">\n<div class=\"image\"><\/div>\n<\/div>\n<\/div>\n<\/div>\n<\/div>\n<\/div>\n","protected":false},"excerpt":{"rendered":"<p>L\u00e4bim\u00f5\u00f5t: <strong>3,37 m<\/strong>.<\/p>\n<p><strong>TASUTA VEDU JA MAHALAADIMINE(ka suursaartel)!<\/strong><\/p>\n<ul>\n<li><strong>valmis seinaelemendid 34 mm punnlauaga<\/strong> ja katuseelemendid 16 mm punnlauaga<\/li>\n<li>harja k\u00f5rgus 326 ja seina k\u00f5rgus 222 cm<\/li>\n<li>puidukaitsega t\u00f6\u00f6deldud alusprussid 45 x 70 mm, punniga p\u00f5randalauad 19 mm<\/li>\n<li>katuse pindala 15 m\u00b2 ja kalle 32\u00ba, r\u00e4\u00e4stas 35 cm<\/li>\n<li>plekist tipum\u00fcts<\/li>\n<li>p\u00f6\u00f6rd-kald avatavad\u00a0<strong>pakettaknad<\/strong> 4 tk 90 x 123 cm<\/li>\n<li><strong>pakettklaasiga paarisuks<\/strong> 120 x 181 cm, liimpuidust ukseleng, metalliga uksek\u00fcnnis, silinderlukk<\/li>\n<li>katusekate ei sisaldu hinnas(kulu 9 pakki bituumensindlit)<\/li>\n<li>5-aastane tehase garantii<\/li>\n<li>kinnitusvahendid ja koostejuhend<\/li>\n<li>Eesti toode<\/li>\n<li>vihmakindel pakend<\/li>\n<\/ul>\n<p>K\u00fcsi ka paigaldust!<\/p>\n","protected":false},"featured_media":93767,"template":"","meta":{"_monsterinsights_skip_tracking":false,"_monsterinsights_sitenote_active":false,"_monsterinsights_sitenote_note":"","_monsterinsights_sitenote_category":0},"pwb-brand":[18577],"product_brand":[],"product_cat":[17182,13592,13540,13596,13602],"product_tag":[15562,18628,13864,15684,14154,15695,14224,15699,14252,13813,14266,14420,17896,13831,14641,18282,13848,15121,18565,15277],"class_list":{"0":"post-69519","1":"product","2":"type-product","3":"status-publish","4":"has-post-thumbnail","6":"pwb-brand-eesti","7":"product_cat-suvekoogid-alekeskus","8":"product_cat-aia-ja-grillmajad","9":"product_cat-hooned-alekeskus","10":"product_cat-varjualused-talveaiad-alekeskus","11":"product_cat-elementmajad","12":"product_tag-palk","13":"product_tag-pitomaja-2","14":"product_tag-huvimaja","15":"product_tag-porch","16":"product_tag-romantika","17":"product_tag-veronica","18":"product_tag-varjualune","19":"product_tag-veroonika","20":"product_tag-suvemaja","21":"product_tag-aiamaja","22":"product_tag-katusealune","23":"product_tag-terassi","24":"product_tag-pihapaviljonki","25":"product_tag-mokki","26":"product_tag-veranda","27":"product_tag-palmako-veronica","28":"product_tag-lehtla","29":"product_tag-puhkus","30":"product_tag-etatyotila-2","31":"product_tag-aiapaviljon","32":"product_shipping_class-tasuta-transport-kuni-1000kg","33":"pa_garantii-5-aastat","34":"pa_kohaletoimetamine-eestis-tasuta-alekeskus","35":"pa_laoasukoht-tartumaa","36":"pa_pindalam-13860","37":"pa_seinapaksus-34-mm","38":"pa_tellimisaeg-tilausaika-alekeskus","39":"pa_varv-viimistlemata","40":"pa_veame-eesti-ja-soome","42":"first","43":"instock","44":"taxable","45":"shipping-taxable","46":"purchasable","47":"product-type-simple"},"yoast_head":"<!-- This site is optimized with the Yoast SEO plugin v27.3 - https:\/\/yoast.com\/product\/yoast-seo-wordpress\/ -->\n<title>Aiapaviljon Veroonika 9,2 m\u00b2 4 pakettaknaga - Alekeskus<\/title>\n<meta name=\"description\" content=\"puidust aiapaviljon\" \/>\n<meta name=\"robots\" content=\"index, follow, max-snippet:-1, max-image-preview:large, max-video-preview:-1\" \/>\n<link rel=\"canonical\" href=\"https:\/\/alekeskus.eu\/et\/toode\/paviljon-veroonika-92-4-aknaga-alekeskus\/\" \/>\n<meta property=\"og:locale\" content=\"et_EE\" \/>\n<meta property=\"og:type\" content=\"article\" \/>\n<meta property=\"og:title\" content=\"Aiapaviljon Veroonika 9,2 m\u00b2 4 pakettaknaga - Alekeskus\" \/>\n<meta property=\"og:description\" content=\"puidust aiapaviljon\" \/>\n<meta property=\"og:url\" content=\"https:\/\/alekeskus.eu\/et\/toode\/paviljon-veroonika-92-4-aknaga-alekeskus\/\" \/>\n<meta property=\"og:site_name\" content=\"Alekeskus\" \/>\n<meta property=\"article:modified_time\" content=\"2025-10-19T14:24:54+00:00\" \/>\n<meta property=\"og:image\" content=\"https:\/\/alekeskus.eu\/wp-content\/uploads\/2023\/07\/Veronica_4_9.2-NATURAL_wb2025.jpg\" \/>\n\t<meta property=\"og:image:width\" content=\"2500\" \/>\n\t<meta property=\"og:image:height\" content=\"1875\" \/>\n\t<meta property=\"og:image:type\" content=\"image\/jpeg\" \/>\n<meta name=\"twitter:card\" content=\"summary_large_image\" \/>\n<meta name=\"twitter:label1\" content=\"Est. reading time\" \/>\n\t<meta name=\"twitter:data1\" content=\"1 minut\" \/>\n<script type=\"application\/ld+json\" class=\"yoast-schema-graph\">{\"@context\":\"https:\\\/\\\/schema.org\",\"@graph\":[{\"@type\":\"WebPage\",\"@id\":\"https:\\\/\\\/alekeskus.eu\\\/et\\\/toode\\\/paviljon-veroonika-92-4-aknaga-alekeskus\\\/\",\"url\":\"https:\\\/\\\/alekeskus.eu\\\/et\\\/toode\\\/paviljon-veroonika-92-4-aknaga-alekeskus\\\/\",\"name\":\"Aiapaviljon Veroonika 9,2 m\u00b2 4 pakettaknaga - Alekeskus\",\"isPartOf\":{\"@id\":\"https:\\\/\\\/alekeskus.eu\\\/#website\"},\"primaryImageOfPage\":{\"@id\":\"https:\\\/\\\/alekeskus.eu\\\/et\\\/toode\\\/paviljon-veroonika-92-4-aknaga-alekeskus\\\/#primaryimage\"},\"image\":{\"@id\":\"https:\\\/\\\/alekeskus.eu\\\/et\\\/toode\\\/paviljon-veroonika-92-4-aknaga-alekeskus\\\/#primaryimage\"},\"thumbnailUrl\":\"https:\\\/\\\/alekeskus.eu\\\/wp-content\\\/uploads\\\/2023\\\/07\\\/Veronica_4_9.2-NATURAL_wb2025.jpg\",\"datePublished\":\"2024-07-12T05:05:28+00:00\",\"dateModified\":\"2025-10-19T14:24:54+00:00\",\"description\":\"puidust aiapaviljon\",\"breadcrumb\":{\"@id\":\"https:\\\/\\\/alekeskus.eu\\\/et\\\/toode\\\/paviljon-veroonika-92-4-aknaga-alekeskus\\\/#breadcrumb\"},\"inLanguage\":\"et\",\"potentialAction\":[{\"@type\":\"ReadAction\",\"target\":[\"https:\\\/\\\/alekeskus.eu\\\/et\\\/toode\\\/paviljon-veroonika-92-4-aknaga-alekeskus\\\/\"]}]},{\"@type\":\"ImageObject\",\"inLanguage\":\"et\",\"@id\":\"https:\\\/\\\/alekeskus.eu\\\/et\\\/toode\\\/paviljon-veroonika-92-4-aknaga-alekeskus\\\/#primaryimage\",\"url\":\"https:\\\/\\\/alekeskus.eu\\\/wp-content\\\/uploads\\\/2023\\\/07\\\/Veronica_4_9.2-NATURAL_wb2025.jpg\",\"contentUrl\":\"https:\\\/\\\/alekeskus.eu\\\/wp-content\\\/uploads\\\/2023\\\/07\\\/Veronica_4_9.2-NATURAL_wb2025.jpg\",\"width\":1600,\"height\":1200},{\"@type\":\"BreadcrumbList\",\"@id\":\"https:\\\/\\\/alekeskus.eu\\\/et\\\/toode\\\/paviljon-veroonika-92-4-aknaga-alekeskus\\\/#breadcrumb\",\"itemListElement\":[{\"@type\":\"ListItem\",\"position\":1,\"name\":\"Avaleht\",\"item\":\"https:\\\/\\\/alekeskus.eu\\\/et\\\/\"},{\"@type\":\"ListItem\",\"position\":2,\"name\":\"Pood\",\"item\":\"https:\\\/\\\/alekeskus.eu\\\/pood\\\/\"},{\"@type\":\"ListItem\",\"position\":3,\"name\":\"Aiapaviljon Veroonika 9,2 m\u00b2 4 pakettaknaga\"}]},{\"@type\":\"WebSite\",\"@id\":\"https:\\\/\\\/alekeskus.eu\\\/#website\",\"url\":\"https:\\\/\\\/alekeskus.eu\\\/\",\"name\":\"Alekeskus\",\"description\":\"Alekeskus.eu\",\"potentialAction\":[{\"@type\":\"SearchAction\",\"target\":{\"@type\":\"EntryPoint\",\"urlTemplate\":\"https:\\\/\\\/alekeskus.eu\\\/?s={search_term_string}\"},\"query-input\":{\"@type\":\"PropertyValueSpecification\",\"valueRequired\":true,\"valueName\":\"search_term_string\"}}],\"inLanguage\":\"et\"}]}<\/script>\n<!-- \/ Yoast SEO plugin. -->","yoast_head_json":{"title":"Aiapaviljon Veroonika 9,2 m\u00b2 4 pakettaknaga - Alekeskus","description":"puidust aiapaviljon","robots":{"index":"index","follow":"follow","max-snippet":"max-snippet:-1","max-image-preview":"max-image-preview:large","max-video-preview":"max-video-preview:-1"},"canonical":"https:\/\/alekeskus.eu\/et\/toode\/paviljon-veroonika-92-4-aknaga-alekeskus\/","og_locale":"et_EE","og_type":"article","og_title":"Aiapaviljon Veroonika 9,2 m\u00b2 4 pakettaknaga - Alekeskus","og_description":"puidust aiapaviljon","og_url":"https:\/\/alekeskus.eu\/et\/toode\/paviljon-veroonika-92-4-aknaga-alekeskus\/","og_site_name":"Alekeskus","article_modified_time":"2025-10-19T14:24:54+00:00","og_image":[{"width":2500,"height":1875,"url":"https:\/\/alekeskus.eu\/wp-content\/uploads\/2023\/07\/Veronica_4_9.2-NATURAL_wb2025.jpg","type":"image\/jpeg"}],"twitter_card":"summary_large_image","twitter_misc":{"Est. reading time":"1 minut"},"schema":{"@context":"https:\/\/schema.org","@graph":[{"@type":"WebPage","@id":"https:\/\/alekeskus.eu\/et\/toode\/paviljon-veroonika-92-4-aknaga-alekeskus\/","url":"https:\/\/alekeskus.eu\/et\/toode\/paviljon-veroonika-92-4-aknaga-alekeskus\/","name":"Aiapaviljon Veroonika 9,2 m\u00b2 4 pakettaknaga - Alekeskus","isPartOf":{"@id":"https:\/\/alekeskus.eu\/#website"},"primaryImageOfPage":{"@id":"https:\/\/alekeskus.eu\/et\/toode\/paviljon-veroonika-92-4-aknaga-alekeskus\/#primaryimage"},"image":{"@id":"https:\/\/alekeskus.eu\/et\/toode\/paviljon-veroonika-92-4-aknaga-alekeskus\/#primaryimage"},"thumbnailUrl":"https:\/\/alekeskus.eu\/wp-content\/uploads\/2023\/07\/Veronica_4_9.2-NATURAL_wb2025.jpg","datePublished":"2024-07-12T05:05:28+00:00","dateModified":"2025-10-19T14:24:54+00:00","description":"puidust aiapaviljon","breadcrumb":{"@id":"https:\/\/alekeskus.eu\/et\/toode\/paviljon-veroonika-92-4-aknaga-alekeskus\/#breadcrumb"},"inLanguage":"et","potentialAction":[{"@type":"ReadAction","target":["https:\/\/alekeskus.eu\/et\/toode\/paviljon-veroonika-92-4-aknaga-alekeskus\/"]}]},{"@type":"ImageObject","inLanguage":"et","@id":"https:\/\/alekeskus.eu\/et\/toode\/paviljon-veroonika-92-4-aknaga-alekeskus\/#primaryimage","url":"https:\/\/alekeskus.eu\/wp-content\/uploads\/2023\/07\/Veronica_4_9.2-NATURAL_wb2025.jpg","contentUrl":"https:\/\/alekeskus.eu\/wp-content\/uploads\/2023\/07\/Veronica_4_9.2-NATURAL_wb2025.jpg","width":1600,"height":1200},{"@type":"BreadcrumbList","@id":"https:\/\/alekeskus.eu\/et\/toode\/paviljon-veroonika-92-4-aknaga-alekeskus\/#breadcrumb","itemListElement":[{"@type":"ListItem","position":1,"name":"Avaleht","item":"https:\/\/alekeskus.eu\/et\/"},{"@type":"ListItem","position":2,"name":"Pood","item":"https:\/\/alekeskus.eu\/pood\/"},{"@type":"ListItem","position":3,"name":"Aiapaviljon Veroonika 9,2 m\u00b2 4 pakettaknaga"}]},{"@type":"WebSite","@id":"https:\/\/alekeskus.eu\/#website","url":"https:\/\/alekeskus.eu\/","name":"Alekeskus","description":"Alekeskus.eu","potentialAction":[{"@type":"SearchAction","target":{"@type":"EntryPoint","urlTemplate":"https:\/\/alekeskus.eu\/?s={search_term_string}"},"query-input":{"@type":"PropertyValueSpecification","valueRequired":true,"valueName":"search_term_string"}}],"inLanguage":"et"}]}},"brands":[{"id":18577,"name":"Eesti","slug":"eesti"}],"_links":{"self":[{"href":"https:\/\/alekeskus.eu\/et\/wp-json\/wp\/v2\/product\/69519","targetHints":{"allow":["GET"]}}],"collection":[{"href":"https:\/\/alekeskus.eu\/et\/wp-json\/wp\/v2\/product"}],"about":[{"href":"https:\/\/alekeskus.eu\/et\/wp-json\/wp\/v2\/types\/product"}],"wp:featuredmedia":[{"embeddable":true,"href":"https:\/\/alekeskus.eu\/et\/wp-json\/wp\/v2\/media\/93767"}],"wp:attachment":[{"href":"https:\/\/alekeskus.eu\/et\/wp-json\/wp\/v2\/media?parent=69519"}],"wp:term":[{"taxonomy":"pwb-brand","embeddable":true,"href":"https:\/\/alekeskus.eu\/et\/wp-json\/wp\/v2\/pwb-brand?post=69519"},{"taxonomy":"product_brand","embeddable":true,"href":"https:\/\/alekeskus.eu\/et\/wp-json\/wp\/v2\/product_brand?post=69519"},{"taxonomy":"product_cat","embeddable":true,"href":"https:\/\/alekeskus.eu\/et\/wp-json\/wp\/v2\/product_cat?post=69519"},{"taxonomy":"product_tag","embeddable":true,"href":"https:\/\/alekeskus.eu\/et\/wp-json\/wp\/v2\/product_tag?post=69519"}],"curies":[{"name":"wp","href":"https:\/\/api.w.org\/{rel}","templated":true}]}}

<p>Läbimõõt: <strong>3,37 m</strong>.</p>
<p><strong>TASUTA VEDU JA MAHALAADIMINE(ka suursaartel)!</strong></p>
<ul>
<li><strong>valmis seinaelemendid 34 mm punnlauaga</strong> ja katuseelemendid 16 mm punnlauaga</li>
<li>harja kõrgus 326 ja seina kõrgus 222 cm</li>
<li>puidukaitsega töödeldud alusprussid 45 x 70 mm, punniga põrandalauad 19 mm</li>
<li>katuse pindala 15 m² ja kalle 32º, räästas 35 cm</li>
<li>plekist tipumüts</li>
<li>pöörd-kald avatavad <strong>pakettaknad</strong> 4 tk 90 x 123 cm</li>
<li><strong>pakettklaasiga paarisuks</strong> 120 x 181 cm, liimpuidust ukseleng, metalliga uksekünnis, silinderlukk</li>
<li>katusekate ei sisaldu hinnas(kulu 9 pakki bituumensindlit)</li>
<li>5-aastane tehase garantii</li>
<li>kinnitusvahendid ja koostejuhend</li>
<li>Eesti toode</li>
<li>vihmakindel pakend</li>
</ul>
<p>Küsi ka paigaldust!</p>
