{"id":69601,"date":"2025-04-05T05:06:00","date_gmt":"2025-04-05T05:06:00","guid":{"rendered":"http:\/\/alekeskus.eu\/product\/varjualune-sandra-159m%c2%b2\/"},"modified":"2025-08-18T15:31:59","modified_gmt":"2025-08-18T15:31:59","slug":"varjualune-sandra-159m-alekeskus","status":"publish","type":"product","link":"https:\/\/alekeskus.eu\/et\/toode\/varjualune-sandra-159m-alekeskus\/","title":{"rendered":"Varjualune-lehtla Sandra 15,9 m\u00b2"},"content":{"rendered":"<div>\n<div id=\"pilt_3535\"><\/div>\n<\/div>\n<div><a href=\"https:\/\/alekeskus.eu\/wp-content\/uploads\/2024\/08\/Sandra-159-juhend.pdf\">Sandra 15,9 juhend<\/a><\/div>\n<div>\n<div id=\"pilt_3539\"><\/div>\n<div class=\"gal-text\"><\/div>\n<\/div>\n<div><\/div>\n","protected":false},"excerpt":{"rendered":"<p>V\u00e4lism\u00f5\u00f5dud:\u00a0<strong>560 x 284 cm.<\/strong><\/p>\n<p>Seinad valmiskilpidest punnitud lauaga 19 mm.<\/p>\n<p>Immutatud(BioHolz) p\u00f5randalauad 19 mm, alustalad 44 x 94 mm(v\u00f5imalik tellida ka ilma p\u00f5randata).<\/p>\n<p>Katusekandurid 28&#215;120 mm ja katuselauad 19 mm kaasas.<\/p>\n<p>Eesti toode.<\/p>\n<p>K\u00fcsi ka paigaldust!<\/p>\n<div>\n<div id=\"pilt_3535\"><\/div>\n<\/div>\n","protected":false},"featured_media":82622,"template":"","meta":{"_monsterinsights_skip_tracking":false,"_monsterinsights_sitenote_active":false,"_monsterinsights_sitenote_note":"","_monsterinsights_sitenote_category":0},"pwb-brand":[],"product_brand":[],"product_cat":[17182,13592,13540,13596,13602],"product_tag":[13848,17302,13849,13994,14224,14266,15264,15470,15706],"class_list":{"0":"post-69601","1":"product","2":"type-product","3":"status-publish","4":"has-post-thumbnail","6":"product_cat-suvekoogid-alekeskus","7":"product_cat-aia-ja-grillmajad","8":"product_cat-hooned-alekeskus","9":"product_cat-varjualused-talveaiad-alekeskus","10":"product_cat-elementmajad","11":"product_tag-lehtla","12":"product_tag-lasteaia-varjualune","13":"product_tag-shed","14":"product_tag-katos","15":"product_tag-varjualune","16":"product_tag-katusealune","17":"product_tag-grillikatos","18":"product_tag-elementtirakenteinen","19":"product_tag-abihoone","20":"product_shipping_class-kuni-1000kg","21":"pa_garantii-2-aastat","22":"pa_kohaletoimetamine-alates-100e","23":"pa_seinapaksus-18-mm","24":"pa_tellimisaeg-tilausaika-alekeskus","25":"pa_varv-viimistlemata","27":"first","28":"instock","29":"taxable","30":"shipping-taxable","31":"purchasable","32":"product-type-simple"},"yoast_head":"<!-- This site is optimized with the Yoast SEO plugin v27.3 - https:\/\/yoast.com\/product\/yoast-seo-wordpress\/ -->\n<title>Varjualune-lehtla Sandra 15,9 m\u00b2 - Alekeskus<\/title>\n<meta name=\"description\" content=\"Lihtne varjualune Sandra\" \/>\n<meta name=\"robots\" content=\"index, follow, max-snippet:-1, max-image-preview:large, max-video-preview:-1\" \/>\n<link rel=\"canonical\" href=\"https:\/\/alekeskus.eu\/et\/toode\/varjualune-sandra-159m-alekeskus\/\" \/>\n<meta property=\"og:locale\" content=\"et_EE\" \/>\n<meta property=\"og:type\" content=\"article\" \/>\n<meta property=\"og:title\" content=\"Varjualune-lehtla Sandra 15,9 m\u00b2 - Alekeskus\" \/>\n<meta property=\"og:description\" content=\"Lihtne varjualune Sandra\" \/>\n<meta property=\"og:url\" content=\"https:\/\/alekeskus.eu\/et\/toode\/varjualune-sandra-159m-alekeskus\/\" \/>\n<meta property=\"og:site_name\" content=\"Alekeskus\" \/>\n<meta property=\"article:modified_time\" content=\"2025-08-18T15:31:59+00:00\" \/>\n<meta property=\"og:image\" content=\"https:\/\/alekeskus.eu\/wp-content\/uploads\/2023\/03\/Sandra-uus.jpg\" \/>\n\t<meta property=\"og:image:width\" content=\"635\" \/>\n\t<meta property=\"og:image:height\" content=\"476\" \/>\n\t<meta property=\"og:image:type\" content=\"image\/jpeg\" \/>\n<meta name=\"twitter:card\" content=\"summary_large_image\" \/>\n<meta name=\"twitter:label1\" content=\"Est. reading time\" \/>\n\t<meta name=\"twitter:data1\" content=\"1 minut\" \/>\n<script type=\"application\/ld+json\" class=\"yoast-schema-graph\">{\"@context\":\"https:\\\/\\\/schema.org\",\"@graph\":[{\"@type\":\"WebPage\",\"@id\":\"https:\\\/\\\/alekeskus.eu\\\/et\\\/toode\\\/varjualune-sandra-159m-alekeskus\\\/\",\"url\":\"https:\\\/\\\/alekeskus.eu\\\/et\\\/toode\\\/varjualune-sandra-159m-alekeskus\\\/\",\"name\":\"Varjualune-lehtla Sandra 15,9 m\u00b2 - Alekeskus\",\"isPartOf\":{\"@id\":\"https:\\\/\\\/alekeskus.eu\\\/#website\"},\"primaryImageOfPage\":{\"@id\":\"https:\\\/\\\/alekeskus.eu\\\/et\\\/toode\\\/varjualune-sandra-159m-alekeskus\\\/#primaryimage\"},\"image\":{\"@id\":\"https:\\\/\\\/alekeskus.eu\\\/et\\\/toode\\\/varjualune-sandra-159m-alekeskus\\\/#primaryimage\"},\"thumbnailUrl\":\"https:\\\/\\\/alekeskus.eu\\\/wp-content\\\/uploads\\\/2023\\\/03\\\/Sandra-uus.jpg\",\"datePublished\":\"2025-04-05T05:06:00+00:00\",\"dateModified\":\"2025-08-18T15:31:59+00:00\",\"description\":\"Lihtne varjualune Sandra\",\"breadcrumb\":{\"@id\":\"https:\\\/\\\/alekeskus.eu\\\/et\\\/toode\\\/varjualune-sandra-159m-alekeskus\\\/#breadcrumb\"},\"inLanguage\":\"et\",\"potentialAction\":[{\"@type\":\"ReadAction\",\"target\":[\"https:\\\/\\\/alekeskus.eu\\\/et\\\/toode\\\/varjualune-sandra-159m-alekeskus\\\/\"]}]},{\"@type\":\"ImageObject\",\"inLanguage\":\"et\",\"@id\":\"https:\\\/\\\/alekeskus.eu\\\/et\\\/toode\\\/varjualune-sandra-159m-alekeskus\\\/#primaryimage\",\"url\":\"https:\\\/\\\/alekeskus.eu\\\/wp-content\\\/uploads\\\/2023\\\/03\\\/Sandra-uus.jpg\",\"contentUrl\":\"https:\\\/\\\/alekeskus.eu\\\/wp-content\\\/uploads\\\/2023\\\/03\\\/Sandra-uus.jpg\",\"width\":635,\"height\":476},{\"@type\":\"BreadcrumbList\",\"@id\":\"https:\\\/\\\/alekeskus.eu\\\/et\\\/toode\\\/varjualune-sandra-159m-alekeskus\\\/#breadcrumb\",\"itemListElement\":[{\"@type\":\"ListItem\",\"position\":1,\"name\":\"Avaleht\",\"item\":\"https:\\\/\\\/alekeskus.eu\\\/et\\\/\"},{\"@type\":\"ListItem\",\"position\":2,\"name\":\"Pood\",\"item\":\"https:\\\/\\\/alekeskus.eu\\\/pood\\\/\"},{\"@type\":\"ListItem\",\"position\":3,\"name\":\"Varjualune-lehtla Sandra 15,9 m\u00b2\"}]},{\"@type\":\"WebSite\",\"@id\":\"https:\\\/\\\/alekeskus.eu\\\/#website\",\"url\":\"https:\\\/\\\/alekeskus.eu\\\/\",\"name\":\"Alekeskus\",\"description\":\"Alekeskus.eu\",\"potentialAction\":[{\"@type\":\"SearchAction\",\"target\":{\"@type\":\"EntryPoint\",\"urlTemplate\":\"https:\\\/\\\/alekeskus.eu\\\/?s={search_term_string}\"},\"query-input\":{\"@type\":\"PropertyValueSpecification\",\"valueRequired\":true,\"valueName\":\"search_term_string\"}}],\"inLanguage\":\"et\"}]}<\/script>\n<!-- \/ Yoast SEO plugin. -->","yoast_head_json":{"title":"Varjualune-lehtla Sandra 15,9 m\u00b2 - Alekeskus","description":"Lihtne varjualune Sandra","robots":{"index":"index","follow":"follow","max-snippet":"max-snippet:-1","max-image-preview":"max-image-preview:large","max-video-preview":"max-video-preview:-1"},"canonical":"https:\/\/alekeskus.eu\/et\/toode\/varjualune-sandra-159m-alekeskus\/","og_locale":"et_EE","og_type":"article","og_title":"Varjualune-lehtla Sandra 15,9 m\u00b2 - Alekeskus","og_description":"Lihtne varjualune Sandra","og_url":"https:\/\/alekeskus.eu\/et\/toode\/varjualune-sandra-159m-alekeskus\/","og_site_name":"Alekeskus","article_modified_time":"2025-08-18T15:31:59+00:00","og_image":[{"width":635,"height":476,"url":"https:\/\/alekeskus.eu\/wp-content\/uploads\/2023\/03\/Sandra-uus.jpg","type":"image\/jpeg"}],"twitter_card":"summary_large_image","twitter_misc":{"Est. reading time":"1 minut"},"schema":{"@context":"https:\/\/schema.org","@graph":[{"@type":"WebPage","@id":"https:\/\/alekeskus.eu\/et\/toode\/varjualune-sandra-159m-alekeskus\/","url":"https:\/\/alekeskus.eu\/et\/toode\/varjualune-sandra-159m-alekeskus\/","name":"Varjualune-lehtla Sandra 15,9 m\u00b2 - Alekeskus","isPartOf":{"@id":"https:\/\/alekeskus.eu\/#website"},"primaryImageOfPage":{"@id":"https:\/\/alekeskus.eu\/et\/toode\/varjualune-sandra-159m-alekeskus\/#primaryimage"},"image":{"@id":"https:\/\/alekeskus.eu\/et\/toode\/varjualune-sandra-159m-alekeskus\/#primaryimage"},"thumbnailUrl":"https:\/\/alekeskus.eu\/wp-content\/uploads\/2023\/03\/Sandra-uus.jpg","datePublished":"2025-04-05T05:06:00+00:00","dateModified":"2025-08-18T15:31:59+00:00","description":"Lihtne varjualune Sandra","breadcrumb":{"@id":"https:\/\/alekeskus.eu\/et\/toode\/varjualune-sandra-159m-alekeskus\/#breadcrumb"},"inLanguage":"et","potentialAction":[{"@type":"ReadAction","target":["https:\/\/alekeskus.eu\/et\/toode\/varjualune-sandra-159m-alekeskus\/"]}]},{"@type":"ImageObject","inLanguage":"et","@id":"https:\/\/alekeskus.eu\/et\/toode\/varjualune-sandra-159m-alekeskus\/#primaryimage","url":"https:\/\/alekeskus.eu\/wp-content\/uploads\/2023\/03\/Sandra-uus.jpg","contentUrl":"https:\/\/alekeskus.eu\/wp-content\/uploads\/2023\/03\/Sandra-uus.jpg","width":635,"height":476},{"@type":"BreadcrumbList","@id":"https:\/\/alekeskus.eu\/et\/toode\/varjualune-sandra-159m-alekeskus\/#breadcrumb","itemListElement":[{"@type":"ListItem","position":1,"name":"Avaleht","item":"https:\/\/alekeskus.eu\/et\/"},{"@type":"ListItem","position":2,"name":"Pood","item":"https:\/\/alekeskus.eu\/pood\/"},{"@type":"ListItem","position":3,"name":"Varjualune-lehtla Sandra 15,9 m\u00b2"}]},{"@type":"WebSite","@id":"https:\/\/alekeskus.eu\/#website","url":"https:\/\/alekeskus.eu\/","name":"Alekeskus","description":"Alekeskus.eu","potentialAction":[{"@type":"SearchAction","target":{"@type":"EntryPoint","urlTemplate":"https:\/\/alekeskus.eu\/?s={search_term_string}"},"query-input":{"@type":"PropertyValueSpecification","valueRequired":true,"valueName":"search_term_string"}}],"inLanguage":"et"}]}},"brands":[],"_links":{"self":[{"href":"https:\/\/alekeskus.eu\/et\/wp-json\/wp\/v2\/product\/69601","targetHints":{"allow":["GET"]}}],"collection":[{"href":"https:\/\/alekeskus.eu\/et\/wp-json\/wp\/v2\/product"}],"about":[{"href":"https:\/\/alekeskus.eu\/et\/wp-json\/wp\/v2\/types\/product"}],"wp:featuredmedia":[{"embeddable":true,"href":"https:\/\/alekeskus.eu\/et\/wp-json\/wp\/v2\/media\/82622"}],"wp:attachment":[{"href":"https:\/\/alekeskus.eu\/et\/wp-json\/wp\/v2\/media?parent=69601"}],"wp:term":[{"taxonomy":"pwb-brand","embeddable":true,"href":"https:\/\/alekeskus.eu\/et\/wp-json\/wp\/v2\/pwb-brand?post=69601"},{"taxonomy":"product_brand","embeddable":true,"href":"https:\/\/alekeskus.eu\/et\/wp-json\/wp\/v2\/product_brand?post=69601"},{"taxonomy":"product_cat","embeddable":true,"href":"https:\/\/alekeskus.eu\/et\/wp-json\/wp\/v2\/product_cat?post=69601"},{"taxonomy":"product_tag","embeddable":true,"href":"https:\/\/alekeskus.eu\/et\/wp-json\/wp\/v2\/product_tag?post=69601"}],"curies":[{"name":"wp","href":"https:\/\/api.w.org\/{rel}","templated":true}]}}

<p>Välismõõdud: <strong>560 x 284 cm.</strong></p>
<p>Seinad valmiskilpidest punnitud lauaga 19 mm.</p>
<p>Immutatud(BioHolz) põrandalauad 19 mm, alustalad 44 x 94 mm(võimalik tellida ka ilma põrandata).</p>
<p>Katusekandurid 28&#215;120 mm ja katuselauad 19 mm kaasas.</p>
<p>Eesti toode.</p>
<p>Küsi ka paigaldust!</p>
<div>
<div id="pilt_3535"></div>
</div>
