{"id":69639,"date":"2026-04-12T05:06:22","date_gmt":"2026-04-12T05:06:22","guid":{"rendered":"http:\/\/alekeskus.eu\/product\/auto-varjualune-karl-206m%c2%b2\/"},"modified":"2026-04-16T17:49:32","modified_gmt":"2026-04-16T17:49:32","slug":"auto-varjualune-carl-206-alekeskus","status":"publish","type":"product","link":"https:\/\/alekeskus.eu\/et\/toode\/auto-varjualune-carl-206-alekeskus\/","title":{"rendered":"2 auto varjualune Carl 20,6 m\u00b2"},"content":{"rendered":"<div class=\"pictogram qtip-additional-element\">\n<div class=\"image\">\n<p><strong>Telli juurde:<\/strong><\/p>\n<ul>\n<li><strong>iseliimuv EPDM-kummikate 3tk 1,5 x 10 m<\/strong><\/li>\n<li><strong>SBS-bituumenkate 7 rulli\u00a0<\/strong><\/li>\n<li><strong>liimpuidust kaared 2 tk, mis v\u00f5imaldava viia posti tahapoole, vt joonist (200\u20ac \/ 1 kaar)\u00a0<\/strong><\/li>\n<li><strong>vihmaveerennid 200\u20ac<\/strong><\/li>\n<li><strong>betooniankrud 6 tk <\/strong><\/li>\n<li><strong>tellitav puidukaitsevahendisse kastetuna(pruun, hall v\u00f5i valkjas) v\u00f5i v\u00e4rvituna<\/strong><\/li>\n<\/ul>\n<\/div>\n<\/div>\n<div class=\"pictogram qtip-additional-element\">\n<div class=\"image\">Pakend:\u00a0 6,0&#215;1,2&#215;0,5 m; kaal 1000 kg<\/div>\n<div>Paigaldusohje: <a href=\"https:\/\/alekeskus.eu\/wp-content\/uploads\/2022\/11\/Karl206ohje.pdf\">Karl20,6ohje<\/a><\/div>\n<\/div>\n<div class=\"pictogram qtip-additional-element\"><\/div>\n<div class=\"pictogram qtip-additional-element\"><\/div>\n","protected":false},"excerpt":{"rendered":"<p><strong>Katuse m\u00f5\u00f5dud: 600 x 512 cm (postide j\u00e4rgi v\u00e4lism\u00f5\u00f5dud 555 x 372 cm)<\/strong><\/p>\n<p><strong>TASUTA VEDU JA MAHALAADIMINE(ka suursaartel)!<\/strong><\/p>\n<ul>\n<li>liimpuidust postid 120 x 120 mm (muudetava k\u00f5rgusega terasjalad 6 tk telli vajadusel juurde)<\/li>\n<li>liimpuidust talad 70 x 195 mm<\/li>\n<li>seina k\u00f5rgused 221 cm ja 244 cm<\/li>\n<li>katuse pindala 31 m\u00b2 ja kalle 1,1\u00ba<\/li>\n<li>19 mm punniga katuselauad<\/li>\n<li>katusekate ei sisaldu hinnas (tarve 7 rulli SBS-bituumenkatet v\u00f5i iseliimuv EPDM-kummikate 3tk 1,5 x 10m)<\/li>\n<li>puidukaitsevahendisse kastetuna +600\u20ac(pruunikas, hallikas v\u00f5i valkjas) <img decoding=\"async\" class=\"\" src=\"https:\/\/www.palmako.ee\/sites\/default\/files\/styles\/product_list_item\/public\/2020-06\/BNDIP.jpg?itok=_LQkkeHM\" width=\"66\" height=\"66\" \/>\u00a0<img decoding=\"async\" class=\"\" src=\"https:\/\/www.palmako.ee\/sites\/default\/files\/styles\/product_list_item\/public\/2020-06\/GYDIP.jpg?itok=RrYf7KTV\" width=\"66\" height=\"66\" \/>\u00a0<img decoding=\"async\" class=\"\" src=\"https:\/\/www.palmako.ee\/sites\/default\/files\/styles\/product_list_item\/public\/2020-06\/WTDIP.jpg?itok=D9U46coI\" width=\"67\" height=\"67\" \/> v\u00f5i v\u00e4rvituna(tumehall v\u00f5i valge) +1300\u20ac, tellimisaeg 2-4 n\u00e4dalat pikem<\/li>\n<li>p\u00f5randat ei ole<\/li>\n<li>kinnitusvahendid ja koostejuhend<\/li>\n<li>Eesti toode<\/li>\n<li>5-aastane tehase garantii<\/li>\n<li>ilmastikukindel pakend<\/li>\n<\/ul>\n<p>K\u00fcsi ka paigaldust!<\/p>\n","protected":false},"featured_media":80607,"template":"","meta":{"_monsterinsights_skip_tracking":false,"_monsterinsights_sitenote_active":false,"_monsterinsights_sitenote_note":"","_monsterinsights_sitenote_category":0},"pwb-brand":[18577],"product_brand":[],"product_cat":[13540,13596,13598],"product_tag":[18537,13994,14224,18895,14266,19147,14268,19148,14273,17692],"class_list":{"0":"post-69639","1":"product","2":"type-product","3":"status-publish","4":"has-post-thumbnail","6":"pwb-brand-eesti","7":"product_cat-hooned-alekeskus","8":"product_cat-varjualused-talveaiad-alekeskus","9":"product_cat-garaazid","10":"product_tag-aiamaja-paigaldus","11":"product_tag-katos","12":"product_tag-varjualune","13":"product_tag-puidust-varjualune","14":"product_tag-katusealune","15":"product_tag-autovarjualune-soodus","16":"product_tag-carport","17":"product_tag-autovarjualune-muuk","18":"product_tag-autokatos","19":"product_tag-autovarjualune","20":"product_shipping_class-tasuta-transport-alates-1000kg","21":"pa_garantii-5-aastat","22":"pa_kohaletoimetamine-tasuta-mandri-eestis-ja-suursaartel-soome-alates-699e","23":"pa_laoasukoht-tartumaa","24":"pa_pindalam-14270","25":"pa_seinapaksus-120-mm","26":"pa_tellimisaeg-tilausaika-alekeskus","27":"pa_varv-valge","28":"pa_varv-viimistlemata","29":"pa_varv-tumehall","30":"pa_varv-pruunikas-puidukaitse","31":"pa_varv-hallikas-puidukaitse","32":"pa_varv-valkjas-puidukaitse","33":"pa_veame-eesti-ja-soome","35":"first","36":"instock","37":"taxable","38":"shipping-taxable","39":"purchasable","40":"product-type-variable","41":"has-default-attributes"},"yoast_head":"<!-- This site is optimized with the Yoast SEO plugin v27.3 - https:\/\/yoast.com\/product\/yoast-seo-wordpress\/ -->\n<title>2 auto varjualune Carl 20,6 m\u00b2 - Alekeskus<\/title>\n<meta name=\"description\" content=\"2 auto varjualune\" \/>\n<meta name=\"robots\" content=\"index, follow, max-snippet:-1, max-image-preview:large, max-video-preview:-1\" \/>\n<link rel=\"canonical\" href=\"https:\/\/alekeskus.eu\/et\/toode\/auto-varjualune-carl-206-alekeskus\/\" \/>\n<meta property=\"og:locale\" content=\"et_EE\" \/>\n<meta property=\"og:type\" content=\"article\" \/>\n<meta property=\"og:title\" content=\"2 auto varjualune Carl 20,6 m\u00b2 - Alekeskus\" \/>\n<meta property=\"og:description\" content=\"2 auto varjualune\" \/>\n<meta property=\"og:url\" content=\"https:\/\/alekeskus.eu\/et\/toode\/auto-varjualune-carl-206-alekeskus\/\" \/>\n<meta property=\"og:site_name\" content=\"Alekeskus\" \/>\n<meta property=\"article:modified_time\" content=\"2026-04-16T17:49:32+00:00\" \/>\n<meta property=\"og:image\" content=\"https:\/\/alekeskus.eu\/wp-content\/uploads\/2022\/11\/Karl_20.6_m2-maja-ees-autodega-scaled.jpg\" \/>\n\t<meta property=\"og:image:width\" content=\"1600\" \/>\n\t<meta property=\"og:image:height\" content=\"1131\" \/>\n\t<meta property=\"og:image:type\" content=\"image\/jpeg\" \/>\n<meta name=\"twitter:card\" content=\"summary_large_image\" \/>\n<meta name=\"twitter:label1\" content=\"Est. reading time\" \/>\n\t<meta name=\"twitter:data1\" content=\"1 minut\" \/>\n<script type=\"application\/ld+json\" class=\"yoast-schema-graph\">{\"@context\":\"https:\\\/\\\/schema.org\",\"@graph\":[{\"@type\":\"WebPage\",\"@id\":\"https:\\\/\\\/alekeskus.eu\\\/et\\\/toode\\\/auto-varjualune-carl-206-alekeskus\\\/\",\"url\":\"https:\\\/\\\/alekeskus.eu\\\/et\\\/toode\\\/auto-varjualune-carl-206-alekeskus\\\/\",\"name\":\"2 auto varjualune Carl 20,6 m\u00b2 - Alekeskus\",\"isPartOf\":{\"@id\":\"https:\\\/\\\/alekeskus.eu\\\/#website\"},\"primaryImageOfPage\":{\"@id\":\"https:\\\/\\\/alekeskus.eu\\\/et\\\/toode\\\/auto-varjualune-carl-206-alekeskus\\\/#primaryimage\"},\"image\":{\"@id\":\"https:\\\/\\\/alekeskus.eu\\\/et\\\/toode\\\/auto-varjualune-carl-206-alekeskus\\\/#primaryimage\"},\"thumbnailUrl\":\"https:\\\/\\\/alekeskus.eu\\\/wp-content\\\/uploads\\\/2022\\\/11\\\/Karl_20.6_m2-maja-ees-autodega-scaled.jpg\",\"datePublished\":\"2026-04-12T05:06:22+00:00\",\"dateModified\":\"2026-04-16T17:49:32+00:00\",\"description\":\"2 auto varjualune\",\"breadcrumb\":{\"@id\":\"https:\\\/\\\/alekeskus.eu\\\/et\\\/toode\\\/auto-varjualune-carl-206-alekeskus\\\/#breadcrumb\"},\"inLanguage\":\"et\",\"potentialAction\":[{\"@type\":\"ReadAction\",\"target\":[\"https:\\\/\\\/alekeskus.eu\\\/et\\\/toode\\\/auto-varjualune-carl-206-alekeskus\\\/\"]}]},{\"@type\":\"ImageObject\",\"inLanguage\":\"et\",\"@id\":\"https:\\\/\\\/alekeskus.eu\\\/et\\\/toode\\\/auto-varjualune-carl-206-alekeskus\\\/#primaryimage\",\"url\":\"https:\\\/\\\/alekeskus.eu\\\/wp-content\\\/uploads\\\/2022\\\/11\\\/Karl_20.6_m2-maja-ees-autodega-scaled.jpg\",\"contentUrl\":\"https:\\\/\\\/alekeskus.eu\\\/wp-content\\\/uploads\\\/2022\\\/11\\\/Karl_20.6_m2-maja-ees-autodega-scaled.jpg\",\"width\":1600,\"height\":1131},{\"@type\":\"BreadcrumbList\",\"@id\":\"https:\\\/\\\/alekeskus.eu\\\/et\\\/toode\\\/auto-varjualune-carl-206-alekeskus\\\/#breadcrumb\",\"itemListElement\":[{\"@type\":\"ListItem\",\"position\":1,\"name\":\"Avaleht\",\"item\":\"https:\\\/\\\/alekeskus.eu\\\/et\\\/\"},{\"@type\":\"ListItem\",\"position\":2,\"name\":\"Pood\",\"item\":\"https:\\\/\\\/alekeskus.eu\\\/pood\\\/\"},{\"@type\":\"ListItem\",\"position\":3,\"name\":\"2 auto varjualune Carl 20,6 m\u00b2\"}]},{\"@type\":\"WebSite\",\"@id\":\"https:\\\/\\\/alekeskus.eu\\\/#website\",\"url\":\"https:\\\/\\\/alekeskus.eu\\\/\",\"name\":\"Alekeskus\",\"description\":\"Alekeskus.eu\",\"potentialAction\":[{\"@type\":\"SearchAction\",\"target\":{\"@type\":\"EntryPoint\",\"urlTemplate\":\"https:\\\/\\\/alekeskus.eu\\\/?s={search_term_string}\"},\"query-input\":{\"@type\":\"PropertyValueSpecification\",\"valueRequired\":true,\"valueName\":\"search_term_string\"}}],\"inLanguage\":\"et\"}]}<\/script>\n<!-- \/ Yoast SEO plugin. -->","yoast_head_json":{"title":"2 auto varjualune Carl 20,6 m\u00b2 - Alekeskus","description":"2 auto varjualune","robots":{"index":"index","follow":"follow","max-snippet":"max-snippet:-1","max-image-preview":"max-image-preview:large","max-video-preview":"max-video-preview:-1"},"canonical":"https:\/\/alekeskus.eu\/et\/toode\/auto-varjualune-carl-206-alekeskus\/","og_locale":"et_EE","og_type":"article","og_title":"2 auto varjualune Carl 20,6 m\u00b2 - Alekeskus","og_description":"2 auto varjualune","og_url":"https:\/\/alekeskus.eu\/et\/toode\/auto-varjualune-carl-206-alekeskus\/","og_site_name":"Alekeskus","article_modified_time":"2026-04-16T17:49:32+00:00","og_image":[{"width":1600,"height":1131,"url":"https:\/\/alekeskus.eu\/wp-content\/uploads\/2022\/11\/Karl_20.6_m2-maja-ees-autodega-scaled.jpg","type":"image\/jpeg"}],"twitter_card":"summary_large_image","twitter_misc":{"Est. reading time":"1 minut"},"schema":{"@context":"https:\/\/schema.org","@graph":[{"@type":"WebPage","@id":"https:\/\/alekeskus.eu\/et\/toode\/auto-varjualune-carl-206-alekeskus\/","url":"https:\/\/alekeskus.eu\/et\/toode\/auto-varjualune-carl-206-alekeskus\/","name":"2 auto varjualune Carl 20,6 m\u00b2 - Alekeskus","isPartOf":{"@id":"https:\/\/alekeskus.eu\/#website"},"primaryImageOfPage":{"@id":"https:\/\/alekeskus.eu\/et\/toode\/auto-varjualune-carl-206-alekeskus\/#primaryimage"},"image":{"@id":"https:\/\/alekeskus.eu\/et\/toode\/auto-varjualune-carl-206-alekeskus\/#primaryimage"},"thumbnailUrl":"https:\/\/alekeskus.eu\/wp-content\/uploads\/2022\/11\/Karl_20.6_m2-maja-ees-autodega-scaled.jpg","datePublished":"2026-04-12T05:06:22+00:00","dateModified":"2026-04-16T17:49:32+00:00","description":"2 auto varjualune","breadcrumb":{"@id":"https:\/\/alekeskus.eu\/et\/toode\/auto-varjualune-carl-206-alekeskus\/#breadcrumb"},"inLanguage":"et","potentialAction":[{"@type":"ReadAction","target":["https:\/\/alekeskus.eu\/et\/toode\/auto-varjualune-carl-206-alekeskus\/"]}]},{"@type":"ImageObject","inLanguage":"et","@id":"https:\/\/alekeskus.eu\/et\/toode\/auto-varjualune-carl-206-alekeskus\/#primaryimage","url":"https:\/\/alekeskus.eu\/wp-content\/uploads\/2022\/11\/Karl_20.6_m2-maja-ees-autodega-scaled.jpg","contentUrl":"https:\/\/alekeskus.eu\/wp-content\/uploads\/2022\/11\/Karl_20.6_m2-maja-ees-autodega-scaled.jpg","width":1600,"height":1131},{"@type":"BreadcrumbList","@id":"https:\/\/alekeskus.eu\/et\/toode\/auto-varjualune-carl-206-alekeskus\/#breadcrumb","itemListElement":[{"@type":"ListItem","position":1,"name":"Avaleht","item":"https:\/\/alekeskus.eu\/et\/"},{"@type":"ListItem","position":2,"name":"Pood","item":"https:\/\/alekeskus.eu\/pood\/"},{"@type":"ListItem","position":3,"name":"2 auto varjualune Carl 20,6 m\u00b2"}]},{"@type":"WebSite","@id":"https:\/\/alekeskus.eu\/#website","url":"https:\/\/alekeskus.eu\/","name":"Alekeskus","description":"Alekeskus.eu","potentialAction":[{"@type":"SearchAction","target":{"@type":"EntryPoint","urlTemplate":"https:\/\/alekeskus.eu\/?s={search_term_string}"},"query-input":{"@type":"PropertyValueSpecification","valueRequired":true,"valueName":"search_term_string"}}],"inLanguage":"et"}]}},"brands":[{"id":18577,"name":"Eesti","slug":"eesti"}],"_links":{"self":[{"href":"https:\/\/alekeskus.eu\/et\/wp-json\/wp\/v2\/product\/69639","targetHints":{"allow":["GET"]}}],"collection":[{"href":"https:\/\/alekeskus.eu\/et\/wp-json\/wp\/v2\/product"}],"about":[{"href":"https:\/\/alekeskus.eu\/et\/wp-json\/wp\/v2\/types\/product"}],"wp:featuredmedia":[{"embeddable":true,"href":"https:\/\/alekeskus.eu\/et\/wp-json\/wp\/v2\/media\/80607"}],"wp:attachment":[{"href":"https:\/\/alekeskus.eu\/et\/wp-json\/wp\/v2\/media?parent=69639"}],"wp:term":[{"taxonomy":"pwb-brand","embeddable":true,"href":"https:\/\/alekeskus.eu\/et\/wp-json\/wp\/v2\/pwb-brand?post=69639"},{"taxonomy":"product_brand","embeddable":true,"href":"https:\/\/alekeskus.eu\/et\/wp-json\/wp\/v2\/product_brand?post=69639"},{"taxonomy":"product_cat","embeddable":true,"href":"https:\/\/alekeskus.eu\/et\/wp-json\/wp\/v2\/product_cat?post=69639"},{"taxonomy":"product_tag","embeddable":true,"href":"https:\/\/alekeskus.eu\/et\/wp-json\/wp\/v2\/product_tag?post=69639"}],"curies":[{"name":"wp","href":"https:\/\/api.w.org\/{rel}","templated":true}]}}

<div class="pictogram qtip-additional-element">
<div class="image">
<p><strong>Telli juurde:</strong></p>
<ul>
<li><strong>iseliimuv EPDM-kummikate 3tk 1,5 x 10 m</strong></li>
<li><strong>SBS-bituumenkate 7 rulli </strong></li>
<li><strong>liimpuidust kaared 2 tk, mis võimaldava viia posti tahapoole, vt joonist (200€ / 1 kaar) </strong></li>
<li><strong>vihmaveerennid 200€</strong></li>
<li><strong>betooniankrud 6 tk </strong></li>
<li><strong>tellitav puidukaitsevahendisse kastetuna(pruun, hall või valkjas) või värvituna</strong></li>
</ul>
</div>
</div>
<div class="pictogram qtip-additional-element">
<div class="image">Pakend:  6,0&#215;1,2&#215;0,5 m; kaal 1000 kg</div>
<div>Paigaldusohje: <a href="https://alekeskus.eu/wp-content/uploads/2022/11/Karl206ohje.pdf">Karl20,6ohje</a></div>
</div>
<div class="pictogram qtip-additional-element"></div>
<div class="pictogram qtip-additional-element"></div>

<p><strong>Katuse mõõdud: 600 x 512 cm (postide järgi välismõõdud 555 x 372 cm)</strong></p>
<p><strong>TASUTA VEDU JA MAHALAADIMINE(ka suursaartel)!</strong></p>
<ul>
<li>liimpuidust postid 120 x 120 mm (muudetava kõrgusega terasjalad 6 tk telli vajadusel juurde)</li>
<li>liimpuidust talad 70 x 195 mm</li>
<li>seina kõrgused 221 cm ja 244 cm</li>
<li>katuse pindala 31 m² ja kalle 1,1º</li>
<li>19 mm punniga katuselauad</li>
<li>katusekate ei sisaldu hinnas (tarve 7 rulli SBS-bituumenkatet või iseliimuv EPDM-kummikate 3tk 1,5 x 10m)</li>
<li>puidukaitsevahendisse kastetuna +600€(pruunikas, hallikas või valkjas) <img decoding="async" class="" src="https://www.palmako.ee/sites/default/files/styles/product_list_item/public/2020-06/BNDIP.jpg?itok=_LQkkeHM" width="66" height="66" /> <img decoding="async" class="" src="https://www.palmako.ee/sites/default/files/styles/product_list_item/public/2020-06/GYDIP.jpg?itok=RrYf7KTV" width="66" height="66" /> <img decoding="async" class="" src="https://www.palmako.ee/sites/default/files/styles/product_list_item/public/2020-06/WTDIP.jpg?itok=D9U46coI" width="67" height="67" /> või värvituna(tumehall või valge) +1300€, tellimisaeg 2-4 nädalat pikem</li>
<li>põrandat ei ole</li>
<li>kinnitusvahendid ja koostejuhend</li>
<li>Eesti toode</li>
<li>5-aastane tehase garantii</li>
<li>ilmastikukindel pakend</li>
</ul>
<p>Küsi ka paigaldust!</p>
