{"id":70159,"date":"2025-04-12T05:10:24","date_gmt":"2025-04-12T05:10:24","guid":{"rendered":"http:\/\/alekeskus.eu\/product\/kuur-dan-45m%c2%b2\/"},"modified":"2025-12-08T15:54:48","modified_gmt":"2025-12-08T15:54:48","slug":"kuur-daniel45m-alekeskus","status":"publish","type":"product","link":"https:\/\/alekeskus.eu\/et\/toode\/kuur-daniel45m-alekeskus\/","title":{"rendered":"Aiakuur Daniel 4,5 m\u00b2"},"content":{"rendered":"<div class=\"pictogram qtip-additional-element\">\n<div class=\"image\">\n<p><strong>Lisahinnaga:<\/strong><\/p>\n<ul>\n<li><strong>SBS-bituumenkate v\u00f5i ajutine katusepapp 1 rull\u00a0<\/strong><\/li>\n<li><strong>bituumensindel 3 pakki\u00a0<\/strong><\/li>\n<li><strong>puitosa kastmine puukaitseainesse: <strong>\u00a0pruun<strong>, hall, valge\u00a0<\/strong><\/strong><\/strong><\/li>\n<li><strong>v\u00e4ljast v\u00e4rvimine helehalliks v\u00f5i tumehalliks<\/strong><\/li>\n<\/ul>\n<\/div>\n<div class=\"image\">Pakend: 1,9&#215;1,2&#215;0,5 m, kaal 340 kg<\/div>\n<\/div>\n<div class=\"pictogram qtip-additional-element\">\n<div class=\"description\">Paigaldusohje: <a href=\"https:\/\/alekeskus.eu\/wp-content\/uploads\/2023\/11\/Dan45ohje.pdf\">Dan4,5ohje<\/a><\/div>\n<div class=\"description\"><\/div>\n<\/div>\n<div class=\"pictogram qtip-additional-element\"><\/div>\n","protected":false},"excerpt":{"rendered":"<p>V\u00e4lism\u00f5\u00f5dud:<strong> 243 x 190 cm<\/strong>.<\/p>\n<p><strong>TASUTA VEDU JA MAHALAADIMINE(ka suursaartel)!<\/strong><\/p>\n<ul>\n<li><strong>seinad valmis elementidest<\/strong> <strong>16 mm punnlauaga<\/strong><\/li>\n<li>seina k\u00f5rgus 190 cm ja harja k\u00f5rgus 220 cm<\/li>\n<li>katuse pindala 5,5 m\u00b2 \/ kalle 16\u00ba, r\u00e4\u00e4stas 10 cm<\/li>\n<li>katusekate ei sisaldu hinnas (tarve 3 pakki bituumensindlit, ajutist katusepappi v\u00f5i SBS-bituumenkatet 1 rull)<\/li>\n<li>puidukaitsega t\u00f6\u00f6deldud p\u00f5randatalad, punnitud p\u00f5randa- ja katuselauad 16 mm<\/li>\n<li>pleksiklaasiga aken 44 x 44 cm; uks 138 x 182 cm<\/li>\n<li>tellitav puidukaitsevahendisse kastetuna +200\u20ac (pruun, hall v\u00f5i valkjas)<strong><img decoding=\"async\" class=\"\" src=\"https:\/\/www.palmako.ee\/sites\/default\/files\/styles\/product_list_item\/public\/2020-06\/BNDIP.jpg?itok=_LQkkeHM\" width=\"66\" height=\"66\" \/><img decoding=\"async\" class=\"\" src=\"https:\/\/www.palmako.ee\/sites\/default\/files\/styles\/product_list_item\/public\/2020-06\/GYDIP.jpg?itok=RrYf7KTV\" width=\"66\" height=\"66\" \/><img decoding=\"async\" class=\"\" src=\"https:\/\/www.palmako.ee\/sites\/default\/files\/styles\/product_list_item\/public\/2020-06\/WTDIP.jpg?itok=D9U46coI\" width=\"67\" height=\"67\" \/> <\/strong>v\u00f5i v\u00e4ljast v\u00e4rvituna +400\u20ac (helehall v\u00f5i tumehall), tellimisaeg 2-4 n\u00e4dalat pikem<\/li>\n<li>kinnitusvahendid ja koostejuhend<\/li>\n<li>peegelpildis koostatav<\/li>\n<li>vihmakindel pakend<\/li>\n<li>5-aastane tehase garantii<\/li>\n<li>Eesti toode<\/li>\n<\/ul>\n<p>K\u00fcsi ka paigaldust!<\/p>\n","protected":false},"featured_media":89402,"template":"","meta":{"_monsterinsights_skip_tracking":false,"_monsterinsights_sitenote_active":false,"_monsterinsights_sitenote_note":"","_monsterinsights_sitenote_category":0},"pwb-brand":[18577],"product_brand":[],"product_cat":[13538,13592,13540,13600,13602],"product_tag":[17936,18325,13983,14264,14265,15216,13815,15706,13819,13838,13849,17930],"class_list":{"0":"post-70159","1":"product","2":"type-product","3":"status-publish","4":"has-post-thumbnail","6":"pwb-brand-eesti","7":"product_cat-ale","8":"product_cat-aia-ja-grillmajad","9":"product_cat-hooned-alekeskus","10":"product_cat-kuurid-aidad-kioskid","11":"product_cat-elementmajad","12":"product_tag-pihavarasto","13":"product_tag-palmako-pihavarasto","14":"product_tag-piharakennus","15":"product_tag-aiakuur","16":"product_tag-pihavaja","17":"product_tag-ait","18":"product_tag-kuur","19":"product_tag-abihoone","20":"product_tag-vaja","21":"product_tag-vierasaitta","22":"product_tag-shed","23":"product_tag-puidust-kuur","24":"product_shipping_class-tasuta-transport-kuni-300kg","25":"pa_garantii-5-aastat","26":"pa_kohaletoimetamine-tasuta-ule-eesti-soome-alates-160e-alekeskus","27":"pa_laoasukoht-laane-virumaa-eesti","28":"pa_pindalam-45-2","29":"pa_seinapaksus-16-mm","30":"pa_tellimisaeg-tilausaika-alekeskus","31":"pa_varv-pruunikas-puidukaitse","32":"pa_varv-hallikas-puidukaitse","33":"pa_varv-valkjas-puidukaitse","34":"pa_varv-viimistlemata","35":"pa_varv-tumehall","36":"pa_varv-helehall","37":"pa_veame-eesti-ja-soome","39":"first","40":"instock","41":"sale","42":"featured","43":"taxable","44":"shipping-taxable","45":"purchasable","46":"product-type-variable","47":"has-default-attributes"},"yoast_head":"<!-- This site is optimized with the Yoast SEO plugin v27.3 - https:\/\/yoast.com\/product\/yoast-seo-wordpress\/ -->\n<title>Aiakuur Daniel 4,5 m\u00b2 - Alekeskus<\/title>\n<meta name=\"description\" content=\"v\u00e4ike aiakuur tasuta veoga \u00fcle Eesti\" \/>\n<meta name=\"robots\" content=\"index, follow, max-snippet:-1, max-image-preview:large, max-video-preview:-1\" \/>\n<link rel=\"canonical\" href=\"https:\/\/alekeskus.eu\/toode\/kuur-daniel45m-alekeskus\/\" \/>\n<meta property=\"og:locale\" content=\"et_EE\" \/>\n<meta property=\"og:type\" content=\"article\" \/>\n<meta property=\"og:title\" content=\"Aiakuur Daniel 4,5 m\u00b2 - Alekeskus\" \/>\n<meta property=\"og:description\" content=\"v\u00e4ike aiakuur tasuta veoga \u00fcle Eesti\" \/>\n<meta property=\"og:url\" content=\"https:\/\/alekeskus.eu\/toode\/kuur-daniel45m-alekeskus\/\" \/>\n<meta property=\"og:site_name\" content=\"Alekeskus\" \/>\n<meta property=\"article:modified_time\" content=\"2025-12-08T15:54:48+00:00\" \/>\n<meta property=\"og:image\" content=\"https:\/\/alekeskus.eu\/wp-content\/uploads\/2023\/11\/Dan_4.5_NATURAL_wb--scaled.jpg\" \/>\n\t<meta property=\"og:image:width\" content=\"2560\" \/>\n\t<meta property=\"og:image:height\" content=\"1920\" \/>\n\t<meta property=\"og:image:type\" content=\"image\/jpeg\" \/>\n<meta name=\"twitter:card\" content=\"summary_large_image\" \/>\n<meta name=\"twitter:label1\" content=\"Est. reading time\" \/>\n\t<meta name=\"twitter:data1\" content=\"1 minut\" \/>\n<script type=\"application\/ld+json\" class=\"yoast-schema-graph\">{\"@context\":\"https:\\\/\\\/schema.org\",\"@graph\":[{\"@type\":\"WebPage\",\"@id\":\"https:\\\/\\\/alekeskus.eu\\\/toode\\\/kuur-daniel45m-alekeskus\\\/\",\"url\":\"https:\\\/\\\/alekeskus.eu\\\/toode\\\/kuur-daniel45m-alekeskus\\\/\",\"name\":\"Aiakuur Daniel 4,5 m\u00b2 - Alekeskus\",\"isPartOf\":{\"@id\":\"https:\\\/\\\/alekeskus.eu\\\/#website\"},\"primaryImageOfPage\":{\"@id\":\"https:\\\/\\\/alekeskus.eu\\\/toode\\\/kuur-daniel45m-alekeskus\\\/#primaryimage\"},\"image\":{\"@id\":\"https:\\\/\\\/alekeskus.eu\\\/toode\\\/kuur-daniel45m-alekeskus\\\/#primaryimage\"},\"thumbnailUrl\":\"https:\\\/\\\/alekeskus.eu\\\/wp-content\\\/uploads\\\/2023\\\/11\\\/Dan_4.5_NATURAL_wb--scaled.jpg\",\"datePublished\":\"2025-04-12T05:10:24+00:00\",\"dateModified\":\"2025-12-08T15:54:48+00:00\",\"description\":\"v\u00e4ike aiakuur tasuta veoga \u00fcle Eesti\",\"breadcrumb\":{\"@id\":\"https:\\\/\\\/alekeskus.eu\\\/toode\\\/kuur-daniel45m-alekeskus\\\/#breadcrumb\"},\"inLanguage\":\"et\",\"potentialAction\":[{\"@type\":\"ReadAction\",\"target\":[\"https:\\\/\\\/alekeskus.eu\\\/toode\\\/kuur-daniel45m-alekeskus\\\/\"]}]},{\"@type\":\"ImageObject\",\"inLanguage\":\"et\",\"@id\":\"https:\\\/\\\/alekeskus.eu\\\/toode\\\/kuur-daniel45m-alekeskus\\\/#primaryimage\",\"url\":\"https:\\\/\\\/alekeskus.eu\\\/wp-content\\\/uploads\\\/2023\\\/11\\\/Dan_4.5_NATURAL_wb--scaled.jpg\",\"contentUrl\":\"https:\\\/\\\/alekeskus.eu\\\/wp-content\\\/uploads\\\/2023\\\/11\\\/Dan_4.5_NATURAL_wb--scaled.jpg\",\"width\":1600,\"height\":1200},{\"@type\":\"BreadcrumbList\",\"@id\":\"https:\\\/\\\/alekeskus.eu\\\/toode\\\/kuur-daniel45m-alekeskus\\\/#breadcrumb\",\"itemListElement\":[{\"@type\":\"ListItem\",\"position\":1,\"name\":\"Avaleht\",\"item\":\"https:\\\/\\\/alekeskus.eu\\\/et\\\/\"},{\"@type\":\"ListItem\",\"position\":2,\"name\":\"Pood\",\"item\":\"https:\\\/\\\/alekeskus.eu\\\/pood\\\/\"},{\"@type\":\"ListItem\",\"position\":3,\"name\":\"Aiakuur Daniel 4,5 m\u00b2\"}]},{\"@type\":\"WebSite\",\"@id\":\"https:\\\/\\\/alekeskus.eu\\\/#website\",\"url\":\"https:\\\/\\\/alekeskus.eu\\\/\",\"name\":\"Alekeskus\",\"description\":\"Alekeskus.eu\",\"potentialAction\":[{\"@type\":\"SearchAction\",\"target\":{\"@type\":\"EntryPoint\",\"urlTemplate\":\"https:\\\/\\\/alekeskus.eu\\\/?s={search_term_string}\"},\"query-input\":{\"@type\":\"PropertyValueSpecification\",\"valueRequired\":true,\"valueName\":\"search_term_string\"}}],\"inLanguage\":\"et\"}]}<\/script>\n<!-- \/ Yoast SEO plugin. -->","yoast_head_json":{"title":"Aiakuur Daniel 4,5 m\u00b2 - Alekeskus","description":"v\u00e4ike aiakuur tasuta veoga \u00fcle Eesti","robots":{"index":"index","follow":"follow","max-snippet":"max-snippet:-1","max-image-preview":"max-image-preview:large","max-video-preview":"max-video-preview:-1"},"canonical":"https:\/\/alekeskus.eu\/toode\/kuur-daniel45m-alekeskus\/","og_locale":"et_EE","og_type":"article","og_title":"Aiakuur Daniel 4,5 m\u00b2 - Alekeskus","og_description":"v\u00e4ike aiakuur tasuta veoga \u00fcle Eesti","og_url":"https:\/\/alekeskus.eu\/toode\/kuur-daniel45m-alekeskus\/","og_site_name":"Alekeskus","article_modified_time":"2025-12-08T15:54:48+00:00","og_image":[{"width":2560,"height":1920,"url":"https:\/\/alekeskus.eu\/wp-content\/uploads\/2023\/11\/Dan_4.5_NATURAL_wb--scaled.jpg","type":"image\/jpeg"}],"twitter_card":"summary_large_image","twitter_misc":{"Est. reading time":"1 minut"},"schema":{"@context":"https:\/\/schema.org","@graph":[{"@type":"WebPage","@id":"https:\/\/alekeskus.eu\/toode\/kuur-daniel45m-alekeskus\/","url":"https:\/\/alekeskus.eu\/toode\/kuur-daniel45m-alekeskus\/","name":"Aiakuur Daniel 4,5 m\u00b2 - Alekeskus","isPartOf":{"@id":"https:\/\/alekeskus.eu\/#website"},"primaryImageOfPage":{"@id":"https:\/\/alekeskus.eu\/toode\/kuur-daniel45m-alekeskus\/#primaryimage"},"image":{"@id":"https:\/\/alekeskus.eu\/toode\/kuur-daniel45m-alekeskus\/#primaryimage"},"thumbnailUrl":"https:\/\/alekeskus.eu\/wp-content\/uploads\/2023\/11\/Dan_4.5_NATURAL_wb--scaled.jpg","datePublished":"2025-04-12T05:10:24+00:00","dateModified":"2025-12-08T15:54:48+00:00","description":"v\u00e4ike aiakuur tasuta veoga \u00fcle Eesti","breadcrumb":{"@id":"https:\/\/alekeskus.eu\/toode\/kuur-daniel45m-alekeskus\/#breadcrumb"},"inLanguage":"et","potentialAction":[{"@type":"ReadAction","target":["https:\/\/alekeskus.eu\/toode\/kuur-daniel45m-alekeskus\/"]}]},{"@type":"ImageObject","inLanguage":"et","@id":"https:\/\/alekeskus.eu\/toode\/kuur-daniel45m-alekeskus\/#primaryimage","url":"https:\/\/alekeskus.eu\/wp-content\/uploads\/2023\/11\/Dan_4.5_NATURAL_wb--scaled.jpg","contentUrl":"https:\/\/alekeskus.eu\/wp-content\/uploads\/2023\/11\/Dan_4.5_NATURAL_wb--scaled.jpg","width":1600,"height":1200},{"@type":"BreadcrumbList","@id":"https:\/\/alekeskus.eu\/toode\/kuur-daniel45m-alekeskus\/#breadcrumb","itemListElement":[{"@type":"ListItem","position":1,"name":"Avaleht","item":"https:\/\/alekeskus.eu\/et\/"},{"@type":"ListItem","position":2,"name":"Pood","item":"https:\/\/alekeskus.eu\/pood\/"},{"@type":"ListItem","position":3,"name":"Aiakuur Daniel 4,5 m\u00b2"}]},{"@type":"WebSite","@id":"https:\/\/alekeskus.eu\/#website","url":"https:\/\/alekeskus.eu\/","name":"Alekeskus","description":"Alekeskus.eu","potentialAction":[{"@type":"SearchAction","target":{"@type":"EntryPoint","urlTemplate":"https:\/\/alekeskus.eu\/?s={search_term_string}"},"query-input":{"@type":"PropertyValueSpecification","valueRequired":true,"valueName":"search_term_string"}}],"inLanguage":"et"}]}},"brands":[{"id":18577,"name":"Eesti","slug":"eesti"}],"_links":{"self":[{"href":"https:\/\/alekeskus.eu\/et\/wp-json\/wp\/v2\/product\/70159","targetHints":{"allow":["GET"]}}],"collection":[{"href":"https:\/\/alekeskus.eu\/et\/wp-json\/wp\/v2\/product"}],"about":[{"href":"https:\/\/alekeskus.eu\/et\/wp-json\/wp\/v2\/types\/product"}],"wp:featuredmedia":[{"embeddable":true,"href":"https:\/\/alekeskus.eu\/et\/wp-json\/wp\/v2\/media\/89402"}],"wp:attachment":[{"href":"https:\/\/alekeskus.eu\/et\/wp-json\/wp\/v2\/media?parent=70159"}],"wp:term":[{"taxonomy":"pwb-brand","embeddable":true,"href":"https:\/\/alekeskus.eu\/et\/wp-json\/wp\/v2\/pwb-brand?post=70159"},{"taxonomy":"product_brand","embeddable":true,"href":"https:\/\/alekeskus.eu\/et\/wp-json\/wp\/v2\/product_brand?post=70159"},{"taxonomy":"product_cat","embeddable":true,"href":"https:\/\/alekeskus.eu\/et\/wp-json\/wp\/v2\/product_cat?post=70159"},{"taxonomy":"product_tag","embeddable":true,"href":"https:\/\/alekeskus.eu\/et\/wp-json\/wp\/v2\/product_tag?post=70159"}],"curies":[{"name":"wp","href":"https:\/\/api.w.org\/{rel}","templated":true}]}}

<div class="pictogram qtip-additional-element">
<div class="image">
<p><strong>Lisahinnaga:</strong></p>
<ul>
<li><strong>SBS-bituumenkate või ajutine katusepapp 1 rull </strong></li>
<li><strong>bituumensindel 3 pakki </strong></li>
<li><strong>puitosa kastmine puukaitseainesse: <strong> pruun<strong>, hall, valge </strong></strong></strong></li>
<li><strong>väljast värvimine helehalliks või tumehalliks</strong></li>
</ul>
</div>
<div class="image">Pakend: 1,9&#215;1,2&#215;0,5 m, kaal 340 kg</div>
</div>
<div class="pictogram qtip-additional-element">
<div class="description">Paigaldusohje: <a href="https://alekeskus.eu/wp-content/uploads/2023/11/Dan45ohje.pdf">Dan4,5ohje</a></div>
<div class="description"></div>
</div>
<div class="pictogram qtip-additional-element"></div>

<p>Välismõõdud:<strong> 243 x 190 cm</strong>.</p>
<p><strong>TASUTA VEDU JA MAHALAADIMINE(ka suursaartel)!</strong></p>
<ul>
<li><strong>seinad valmis elementidest</strong> <strong>16 mm punnlauaga</strong></li>
<li>seina kõrgus 190 cm ja harja kõrgus 220 cm</li>
<li>katuse pindala 5,5 m² / kalle 16º, räästas 10 cm</li>
<li>katusekate ei sisaldu hinnas (tarve 3 pakki bituumensindlit, ajutist katusepappi või SBS-bituumenkatet 1 rull)</li>
<li>puidukaitsega töödeldud põrandatalad, punnitud põranda- ja katuselauad 16 mm</li>
<li>pleksiklaasiga aken 44 x 44 cm; uks 138 x 182 cm</li>
<li>tellitav puidukaitsevahendisse kastetuna +200€ (pruun, hall või valkjas)<strong><img decoding="async" class="" src="https://www.palmako.ee/sites/default/files/styles/product_list_item/public/2020-06/BNDIP.jpg?itok=_LQkkeHM" width="66" height="66" /><img decoding="async" class="" src="https://www.palmako.ee/sites/default/files/styles/product_list_item/public/2020-06/GYDIP.jpg?itok=RrYf7KTV" width="66" height="66" /><img decoding="async" class="" src="https://www.palmako.ee/sites/default/files/styles/product_list_item/public/2020-06/WTDIP.jpg?itok=D9U46coI" width="67" height="67" /> </strong>või väljast värvituna +400€ (helehall või tumehall), tellimisaeg 2-4 nädalat pikem</li>
<li>kinnitusvahendid ja koostejuhend</li>
<li>peegelpildis koostatav</li>
<li>vihmakindel pakend</li>
<li>5-aastane tehase garantii</li>
<li>Eesti toode</li>
</ul>
<p>Küsi ka paigaldust!</p>

<!-- This site is optimized with the Yoast SEO plugin v27.3 - https://yoast.com/product/yoast-seo-wordpress/ -->
<title>Aiakuur Daniel 4,5 m² - Alekeskus</title>
<meta name="description" content="väike aiakuur tasuta veoga üle Eesti" />
<meta name="robots" content="index, follow, max-snippet:-1, max-image-preview:large, max-video-preview:-1" />
<link rel="canonical" href="https://alekeskus.eu/toode/kuur-daniel45m-alekeskus/" />
<meta property="og:locale" content="et_EE" />
<meta property="og:type" content="article" />
<meta property="og:title" content="Aiakuur Daniel 4,5 m² - Alekeskus" />
<meta property="og:description" content="väike aiakuur tasuta veoga üle Eesti" />
<meta property="og:url" content="https://alekeskus.eu/toode/kuur-daniel45m-alekeskus/" />
<meta property="og:site_name" content="Alekeskus" />
<meta property="article:modified_time" content="2025-12-08T15:54:48+00:00" />
<meta property="og:image" content="https://alekeskus.eu/wp-content/uploads/2023/11/Dan_4.5_NATURAL_wb--scaled.jpg" />
	<meta property="og:image:width" content="2560" />
	<meta property="og:image:height" content="1920" />
	<meta property="og:image:type" content="image/jpeg" />
<meta name="twitter:card" content="summary_large_image" />
<meta name="twitter:label1" content="Est. reading time" />
	<meta name="twitter:data1" content="1 minut" />
<script type="application/ld+json" class="yoast-schema-graph">{"@context":"https:\/\/schema.org","@graph":[{"@type":"WebPage","@id":"https:\/\/alekeskus.eu\/toode\/kuur-daniel45m-alekeskus\/","url":"https:\/\/alekeskus.eu\/toode\/kuur-daniel45m-alekeskus\/","name":"Aiakuur Daniel 4,5 m² - Alekeskus","isPartOf":{"@id":"https:\/\/alekeskus.eu\/#website"},"primaryImageOfPage":{"@id":"https:\/\/alekeskus.eu\/toode\/kuur-daniel45m-alekeskus\/#primaryimage"},"image":{"@id":"https:\/\/alekeskus.eu\/toode\/kuur-daniel45m-alekeskus\/#primaryimage"},"thumbnailUrl":"https:\/\/alekeskus.eu\/wp-content\/uploads\/2023\/11\/Dan_4.5_NATURAL_wb--scaled.jpg","datePublished":"2025-04-12T05:10:24+00:00","dateModified":"2025-12-08T15:54:48+00:00","description":"väike aiakuur tasuta veoga üle Eesti","breadcrumb":{"@id":"https:\/\/alekeskus.eu\/toode\/kuur-daniel45m-alekeskus\/#breadcrumb"},"inLanguage":"et","potentialAction":[{"@type":"ReadAction","target":["https:\/\/alekeskus.eu\/toode\/kuur-daniel45m-alekeskus\/"]}]},{"@type":"ImageObject","inLanguage":"et","@id":"https:\/\/alekeskus.eu\/toode\/kuur-daniel45m-alekeskus\/#primaryimage","url":"https:\/\/alekeskus.eu\/wp-content\/uploads\/2023\/11\/Dan_4.5_NATURAL_wb--scaled.jpg","contentUrl":"https:\/\/alekeskus.eu\/wp-content\/uploads\/2023\/11\/Dan_4.5_NATURAL_wb--scaled.jpg","width":1600,"height":1200},{"@type":"BreadcrumbList","@id":"https:\/\/alekeskus.eu\/toode\/kuur-daniel45m-alekeskus\/#breadcrumb","itemListElement":[{"@type":"ListItem","position":1,"name":"Avaleht","item":"https:\/\/alekeskus.eu\/et\/"},{"@type":"ListItem","position":2,"name":"Pood","item":"https:\/\/alekeskus.eu\/pood\/"},{"@type":"ListItem","position":3,"name":"Aiakuur Daniel 4,5 m²"}]},{"@type":"WebSite","@id":"https:\/\/alekeskus.eu\/#website","url":"https:\/\/alekeskus.eu\/","name":"Alekeskus","description":"Alekeskus.eu","potentialAction":[{"@type":"SearchAction","target":{"@type":"EntryPoint","urlTemplate":"https:\/\/alekeskus.eu\/?s={search_term_string}"},"query-input":{"@type":"PropertyValueSpecification","valueRequired":true,"valueName":"search_term_string"}}],"inLanguage":"et"}]}</script>
<!-- / Yoast SEO plugin. -->

väike aiakuur tasuta veoga üle Eesti
