{"id":70578,"date":"2026-03-10T05:15:26","date_gmt":"2026-03-10T05:15:26","guid":{"rendered":"http:\/\/alekeskus.eu\/product\/aiamaja-cyprus3d-87m%c2%b2\/"},"modified":"2026-03-29T16:16:00","modified_gmt":"2026-03-29T16:16:00","slug":"aiamaja-kupros3d-alekeskus","status":"publish","type":"product","link":"https:\/\/alekeskus.eu\/et\/toode\/aiamaja-kupros3d-alekeskus\/","title":{"rendered":"Aiamaja K\u00fcpros3D 8,7 m\u00b2 VIIMANE !"},"content":{"rendered":"","protected":false},"excerpt":{"rendered":"<p>V\u00e4lism\u00f5\u00f5dud: <strong>300<\/strong><b>\u00a0x 300 cm.\u00a0<\/b>Harja k\u00f5rgus<strong> 234 cm<\/strong>, seina k\u00f5rgus<strong> 194 cm.\u00a0<\/strong><\/p>\n<ul>\n<li>tuuletapiga freespalk <strong>28 mm<\/strong>, tormikinnitused<\/li>\n<\/ul>\n<ul>\n<li>s\u00fcvaimmutatud alusraam 45 x 45 mm ja p\u00f5randalauad 18 x 90 mm<\/li>\n<li>punnitud katuselaudis 18 x 90 mm<\/li>\n<li>klaasiga paarisuks silinderlukuga 149 x 185 cm<\/li>\n<li>\n<div class=\"spec-name\">r\u00e4\u00e4stas ees 70 cm, katuse kalle 15\u00b0 ja pindala 14 m<sup>2<\/sup><\/div>\n<\/li>\n<li>\n<div class=\"spec-name\">katusekate lisahinnaga<\/div>\n<\/li>\n<li>\n<div class=\"spec-name\">kinnitusvahendid ja juhend<\/div>\n<\/li>\n<li>\n<div class=\"spec-name\">tehase\u00a0garantii 5 aastat<strong>\u00a0<\/strong><\/div>\n<\/li>\n<li>Eesti toode<\/li>\n<li>ilmastikukindel pakend<\/li>\n<\/ul>\n<p>Vedu mandril tellijapoolse mahalaadimisega 180\u20ac v\u00f5i kraana-autoga 350\u20ac(suursaartele vastavalt 280\u20ac ja 590\u20ac).<\/p>\n<p>K\u00fcsi ka paigaldust!<\/p>\n<p>&nbsp;<\/p>\n","protected":false},"featured_media":70576,"template":"","meta":{"_monsterinsights_skip_tracking":false,"_monsterinsights_sitenote_active":false,"_monsterinsights_sitenote_note":"","_monsterinsights_sitenote_category":0},"pwb-brand":[18577],"product_brand":[],"product_cat":[18677,17182,13538,13592,13540,13594,13600],"product_tag":[14264,18565,14265,15850,15851,18909,19143,13813,19182,13864,13913,17936,18537],"class_list":{"0":"post-70578","1":"product","2":"type-product","3":"status-publish","4":"has-post-thumbnail","6":"pwb-brand-eesti","7":"product_cat-lopumuuk","8":"product_cat-suvekoogid-alekeskus","9":"product_cat-ale","10":"product_cat-aia-ja-grillmajad","11":"product_cat-hooned-alekeskus","12":"product_cat-mangumajad","13":"product_cat-kuurid-aidad-kioskid","14":"product_tag-aiakuur","15":"product_tag-etatyotila-2","16":"product_tag-pihavaja","17":"product_tag-kaldkatus","18":"product_tag-viilkatus","19":"product_tag-aiamaja-soodus","20":"product_tag-aiamaja-muuk","21":"product_tag-aiamaja","22":"product_tag-aiamaja-lopumuuk","23":"product_tag-huvimaja","24":"product_tag-vierasmaja","25":"product_tag-pihavarasto","26":"product_tag-aiamaja-paigaldus","27":"product_shipping_class-alates-1000kg","28":"pa_garantii-5-aastat","29":"pa_kohaletoimetamine-alates-180e","30":"pa_laoasukoht-tartumaa","31":"pa_pindalam-14262","32":"pa_seinapaksus-28-mm","33":"pa_varv-viimistlemata","34":"pa_veame-eesti-ja-soome","36":"first","37":"instock","38":"sale","39":"featured","40":"taxable","41":"shipping-taxable","42":"purchasable","43":"product-type-simple"},"yoast_head":"<!-- This site is optimized with the Yoast SEO plugin v27.3 - https:\/\/yoast.com\/product\/yoast-seo-wordpress\/ -->\n<title>Aiamaja K\u00fcpros3D 8,7 m\u00b2 VIIMANE ! - Alekeskus<\/title>\n<meta name=\"description\" content=\"L\u00f5pum\u00fc\u00fcgi aiamaja K\u00fcpros on kohe Tartu laost saadaval.\" \/>\n<meta name=\"robots\" content=\"index, follow, max-snippet:-1, max-image-preview:large, max-video-preview:-1\" \/>\n<link rel=\"canonical\" href=\"https:\/\/alekeskus.eu\/et\/toode\/aiamaja-kupros3d-alekeskus\/\" \/>\n<meta property=\"og:locale\" content=\"et_EE\" \/>\n<meta property=\"og:type\" content=\"article\" \/>\n<meta property=\"og:title\" content=\"Aiamaja K\u00fcpros3D 8,7 m\u00b2 VIIMANE ! - Alekeskus\" \/>\n<meta property=\"og:description\" content=\"L\u00f5pum\u00fc\u00fcgi aiamaja K\u00fcpros on kohe Tartu laost saadaval.\" \/>\n<meta property=\"og:url\" content=\"https:\/\/alekeskus.eu\/et\/toode\/aiamaja-kupros3d-alekeskus\/\" \/>\n<meta property=\"og:site_name\" content=\"Alekeskus\" \/>\n<meta property=\"article:modified_time\" content=\"2026-03-29T16:16:00+00:00\" \/>\n<meta property=\"og:image\" content=\"https:\/\/alekeskus.eu\/wp-content\/uploads\/2021\/11\/1296aiamaja-cyprus3d-8-7m-0.jpg\" \/>\n\t<meta property=\"og:image:width\" content=\"1600\" \/>\n\t<meta property=\"og:image:height\" content=\"1067\" \/>\n\t<meta property=\"og:image:type\" content=\"image\/jpeg\" \/>\n<meta name=\"twitter:card\" content=\"summary_large_image\" \/>\n<meta name=\"twitter:label1\" content=\"Est. reading time\" \/>\n\t<meta name=\"twitter:data1\" content=\"1 minut\" \/>\n<script type=\"application\/ld+json\" class=\"yoast-schema-graph\">{\"@context\":\"https:\\\/\\\/schema.org\",\"@graph\":[{\"@type\":\"WebPage\",\"@id\":\"https:\\\/\\\/alekeskus.eu\\\/et\\\/toode\\\/aiamaja-kupros3d-alekeskus\\\/\",\"url\":\"https:\\\/\\\/alekeskus.eu\\\/et\\\/toode\\\/aiamaja-kupros3d-alekeskus\\\/\",\"name\":\"Aiamaja K\u00fcpros3D 8,7 m\u00b2 VIIMANE ! - Alekeskus\",\"isPartOf\":{\"@id\":\"https:\\\/\\\/alekeskus.eu\\\/#website\"},\"primaryImageOfPage\":{\"@id\":\"https:\\\/\\\/alekeskus.eu\\\/et\\\/toode\\\/aiamaja-kupros3d-alekeskus\\\/#primaryimage\"},\"image\":{\"@id\":\"https:\\\/\\\/alekeskus.eu\\\/et\\\/toode\\\/aiamaja-kupros3d-alekeskus\\\/#primaryimage\"},\"thumbnailUrl\":\"https:\\\/\\\/alekeskus.eu\\\/wp-content\\\/uploads\\\/2021\\\/11\\\/1296aiamaja-cyprus3d-8-7m-0.jpg\",\"datePublished\":\"2026-03-10T05:15:26+00:00\",\"dateModified\":\"2026-03-29T16:16:00+00:00\",\"description\":\"L\u00f5pum\u00fc\u00fcgi aiamaja K\u00fcpros on kohe Tartu laost saadaval.\",\"breadcrumb\":{\"@id\":\"https:\\\/\\\/alekeskus.eu\\\/et\\\/toode\\\/aiamaja-kupros3d-alekeskus\\\/#breadcrumb\"},\"inLanguage\":\"et\",\"potentialAction\":[{\"@type\":\"ReadAction\",\"target\":[\"https:\\\/\\\/alekeskus.eu\\\/et\\\/toode\\\/aiamaja-kupros3d-alekeskus\\\/\"]}]},{\"@type\":\"ImageObject\",\"inLanguage\":\"et\",\"@id\":\"https:\\\/\\\/alekeskus.eu\\\/et\\\/toode\\\/aiamaja-kupros3d-alekeskus\\\/#primaryimage\",\"url\":\"https:\\\/\\\/alekeskus.eu\\\/wp-content\\\/uploads\\\/2021\\\/11\\\/1296aiamaja-cyprus3d-8-7m-0.jpg\",\"contentUrl\":\"https:\\\/\\\/alekeskus.eu\\\/wp-content\\\/uploads\\\/2021\\\/11\\\/1296aiamaja-cyprus3d-8-7m-0.jpg\",\"width\":1600,\"height\":1067},{\"@type\":\"BreadcrumbList\",\"@id\":\"https:\\\/\\\/alekeskus.eu\\\/et\\\/toode\\\/aiamaja-kupros3d-alekeskus\\\/#breadcrumb\",\"itemListElement\":[{\"@type\":\"ListItem\",\"position\":1,\"name\":\"Avaleht\",\"item\":\"https:\\\/\\\/alekeskus.eu\\\/et\\\/\"},{\"@type\":\"ListItem\",\"position\":2,\"name\":\"Pood\",\"item\":\"https:\\\/\\\/alekeskus.eu\\\/pood\\\/\"},{\"@type\":\"ListItem\",\"position\":3,\"name\":\"Aiamaja K\u00fcpros3D 8,7 m\u00b2 VIIMANE !\"}]},{\"@type\":\"WebSite\",\"@id\":\"https:\\\/\\\/alekeskus.eu\\\/#website\",\"url\":\"https:\\\/\\\/alekeskus.eu\\\/\",\"name\":\"Alekeskus\",\"description\":\"Alekeskus.eu\",\"potentialAction\":[{\"@type\":\"SearchAction\",\"target\":{\"@type\":\"EntryPoint\",\"urlTemplate\":\"https:\\\/\\\/alekeskus.eu\\\/?s={search_term_string}\"},\"query-input\":{\"@type\":\"PropertyValueSpecification\",\"valueRequired\":true,\"valueName\":\"search_term_string\"}}],\"inLanguage\":\"et\"}]}<\/script>\n<!-- \/ Yoast SEO plugin. -->","yoast_head_json":{"title":"Aiamaja K\u00fcpros3D 8,7 m\u00b2 VIIMANE ! - Alekeskus","description":"L\u00f5pum\u00fc\u00fcgi aiamaja K\u00fcpros on kohe Tartu laost saadaval.","robots":{"index":"index","follow":"follow","max-snippet":"max-snippet:-1","max-image-preview":"max-image-preview:large","max-video-preview":"max-video-preview:-1"},"canonical":"https:\/\/alekeskus.eu\/et\/toode\/aiamaja-kupros3d-alekeskus\/","og_locale":"et_EE","og_type":"article","og_title":"Aiamaja K\u00fcpros3D 8,7 m\u00b2 VIIMANE ! - Alekeskus","og_description":"L\u00f5pum\u00fc\u00fcgi aiamaja K\u00fcpros on kohe Tartu laost saadaval.","og_url":"https:\/\/alekeskus.eu\/et\/toode\/aiamaja-kupros3d-alekeskus\/","og_site_name":"Alekeskus","article_modified_time":"2026-03-29T16:16:00+00:00","og_image":[{"width":1600,"height":1067,"url":"https:\/\/alekeskus.eu\/wp-content\/uploads\/2021\/11\/1296aiamaja-cyprus3d-8-7m-0.jpg","type":"image\/jpeg"}],"twitter_card":"summary_large_image","twitter_misc":{"Est. reading time":"1 minut"},"schema":{"@context":"https:\/\/schema.org","@graph":[{"@type":"WebPage","@id":"https:\/\/alekeskus.eu\/et\/toode\/aiamaja-kupros3d-alekeskus\/","url":"https:\/\/alekeskus.eu\/et\/toode\/aiamaja-kupros3d-alekeskus\/","name":"Aiamaja K\u00fcpros3D 8,7 m\u00b2 VIIMANE ! - Alekeskus","isPartOf":{"@id":"https:\/\/alekeskus.eu\/#website"},"primaryImageOfPage":{"@id":"https:\/\/alekeskus.eu\/et\/toode\/aiamaja-kupros3d-alekeskus\/#primaryimage"},"image":{"@id":"https:\/\/alekeskus.eu\/et\/toode\/aiamaja-kupros3d-alekeskus\/#primaryimage"},"thumbnailUrl":"https:\/\/alekeskus.eu\/wp-content\/uploads\/2021\/11\/1296aiamaja-cyprus3d-8-7m-0.jpg","datePublished":"2026-03-10T05:15:26+00:00","dateModified":"2026-03-29T16:16:00+00:00","description":"L\u00f5pum\u00fc\u00fcgi aiamaja K\u00fcpros on kohe Tartu laost saadaval.","breadcrumb":{"@id":"https:\/\/alekeskus.eu\/et\/toode\/aiamaja-kupros3d-alekeskus\/#breadcrumb"},"inLanguage":"et","potentialAction":[{"@type":"ReadAction","target":["https:\/\/alekeskus.eu\/et\/toode\/aiamaja-kupros3d-alekeskus\/"]}]},{"@type":"ImageObject","inLanguage":"et","@id":"https:\/\/alekeskus.eu\/et\/toode\/aiamaja-kupros3d-alekeskus\/#primaryimage","url":"https:\/\/alekeskus.eu\/wp-content\/uploads\/2021\/11\/1296aiamaja-cyprus3d-8-7m-0.jpg","contentUrl":"https:\/\/alekeskus.eu\/wp-content\/uploads\/2021\/11\/1296aiamaja-cyprus3d-8-7m-0.jpg","width":1600,"height":1067},{"@type":"BreadcrumbList","@id":"https:\/\/alekeskus.eu\/et\/toode\/aiamaja-kupros3d-alekeskus\/#breadcrumb","itemListElement":[{"@type":"ListItem","position":1,"name":"Avaleht","item":"https:\/\/alekeskus.eu\/et\/"},{"@type":"ListItem","position":2,"name":"Pood","item":"https:\/\/alekeskus.eu\/pood\/"},{"@type":"ListItem","position":3,"name":"Aiamaja K\u00fcpros3D 8,7 m\u00b2 VIIMANE !"}]},{"@type":"WebSite","@id":"https:\/\/alekeskus.eu\/#website","url":"https:\/\/alekeskus.eu\/","name":"Alekeskus","description":"Alekeskus.eu","potentialAction":[{"@type":"SearchAction","target":{"@type":"EntryPoint","urlTemplate":"https:\/\/alekeskus.eu\/?s={search_term_string}"},"query-input":{"@type":"PropertyValueSpecification","valueRequired":true,"valueName":"search_term_string"}}],"inLanguage":"et"}]}},"brands":[{"id":18577,"name":"Eesti","slug":"eesti"}],"_links":{"self":[{"href":"https:\/\/alekeskus.eu\/et\/wp-json\/wp\/v2\/product\/70578","targetHints":{"allow":["GET"]}}],"collection":[{"href":"https:\/\/alekeskus.eu\/et\/wp-json\/wp\/v2\/product"}],"about":[{"href":"https:\/\/alekeskus.eu\/et\/wp-json\/wp\/v2\/types\/product"}],"wp:featuredmedia":[{"embeddable":true,"href":"https:\/\/alekeskus.eu\/et\/wp-json\/wp\/v2\/media\/70576"}],"wp:attachment":[{"href":"https:\/\/alekeskus.eu\/et\/wp-json\/wp\/v2\/media?parent=70578"}],"wp:term":[{"taxonomy":"pwb-brand","embeddable":true,"href":"https:\/\/alekeskus.eu\/et\/wp-json\/wp\/v2\/pwb-brand?post=70578"},{"taxonomy":"product_brand","embeddable":true,"href":"https:\/\/alekeskus.eu\/et\/wp-json\/wp\/v2\/product_brand?post=70578"},{"taxonomy":"product_cat","embeddable":true,"href":"https:\/\/alekeskus.eu\/et\/wp-json\/wp\/v2\/product_cat?post=70578"},{"taxonomy":"product_tag","embeddable":true,"href":"https:\/\/alekeskus.eu\/et\/wp-json\/wp\/v2\/product_tag?post=70578"}],"curies":[{"name":"wp","href":"https:\/\/api.w.org\/{rel}","templated":true}]}}

Aiamaja Küpros3D 8,7 m² VIIMANE !

<p>Välismõõdud: <strong>300</strong><b> x 300 cm. </b>Harja kõrgus<strong> 234 cm</strong>, seina kõrgus<strong> 194 cm. </strong></p>
<ul>
<li>tuuletapiga freespalk <strong>28 mm</strong>, tormikinnitused</li>
</ul>
<ul>
<li>süvaimmutatud alusraam 45 x 45 mm ja põrandalauad 18 x 90 mm</li>
<li>punnitud katuselaudis 18 x 90 mm</li>
<li>klaasiga paarisuks silinderlukuga 149 x 185 cm</li>
<li>
<div class="spec-name">räästas ees 70 cm, katuse kalle 15° ja pindala 14 m<sup>2</sup></div>
</li>
<li>
<div class="spec-name">katusekate lisahinnaga</div>
</li>
<li>
<div class="spec-name">kinnitusvahendid ja juhend</div>
</li>
<li>
<div class="spec-name">tehase garantii 5 aastat<strong> </strong></div>
</li>
<li>Eesti toode</li>
<li>ilmastikukindel pakend</li>
</ul>
<p>Vedu mandril tellijapoolse mahalaadimisega 180€ või kraana-autoga 350€(suursaartele vastavalt 280€ ja 590€).</p>
<p>Küsi ka paigaldust!</p>
<p>&nbsp;</p>

<!-- This site is optimized with the Yoast SEO plugin v27.3 - https://yoast.com/product/yoast-seo-wordpress/ -->
<title>Aiamaja Küpros3D 8,7 m² VIIMANE ! - Alekeskus</title>
<meta name="description" content="Lõpumüügi aiamaja Küpros on kohe Tartu laost saadaval." />
<meta name="robots" content="index, follow, max-snippet:-1, max-image-preview:large, max-video-preview:-1" />
<link rel="canonical" href="https://alekeskus.eu/et/toode/aiamaja-kupros3d-alekeskus/" />
<meta property="og:locale" content="et_EE" />
<meta property="og:type" content="article" />
<meta property="og:title" content="Aiamaja Küpros3D 8,7 m² VIIMANE ! - Alekeskus" />
<meta property="og:description" content="Lõpumüügi aiamaja Küpros on kohe Tartu laost saadaval." />
<meta property="og:url" content="https://alekeskus.eu/et/toode/aiamaja-kupros3d-alekeskus/" />
<meta property="og:site_name" content="Alekeskus" />
<meta property="article:modified_time" content="2026-03-29T16:16:00+00:00" />
<meta property="og:image" content="https://alekeskus.eu/wp-content/uploads/2021/11/1296aiamaja-cyprus3d-8-7m-0.jpg" />
	<meta property="og:image:width" content="1600" />
	<meta property="og:image:height" content="1067" />
	<meta property="og:image:type" content="image/jpeg" />
<meta name="twitter:card" content="summary_large_image" />
<meta name="twitter:label1" content="Est. reading time" />
	<meta name="twitter:data1" content="1 minut" />
<script type="application/ld+json" class="yoast-schema-graph">{"@context":"https:\/\/schema.org","@graph":[{"@type":"WebPage","@id":"https:\/\/alekeskus.eu\/et\/toode\/aiamaja-kupros3d-alekeskus\/","url":"https:\/\/alekeskus.eu\/et\/toode\/aiamaja-kupros3d-alekeskus\/","name":"Aiamaja Küpros3D 8,7 m² VIIMANE ! - Alekeskus","isPartOf":{"@id":"https:\/\/alekeskus.eu\/#website"},"primaryImageOfPage":{"@id":"https:\/\/alekeskus.eu\/et\/toode\/aiamaja-kupros3d-alekeskus\/#primaryimage"},"image":{"@id":"https:\/\/alekeskus.eu\/et\/toode\/aiamaja-kupros3d-alekeskus\/#primaryimage"},"thumbnailUrl":"https:\/\/alekeskus.eu\/wp-content\/uploads\/2021\/11\/1296aiamaja-cyprus3d-8-7m-0.jpg","datePublished":"2026-03-10T05:15:26+00:00","dateModified":"2026-03-29T16:16:00+00:00","description":"Lõpumüügi aiamaja Küpros on kohe Tartu laost saadaval.","breadcrumb":{"@id":"https:\/\/alekeskus.eu\/et\/toode\/aiamaja-kupros3d-alekeskus\/#breadcrumb"},"inLanguage":"et","potentialAction":[{"@type":"ReadAction","target":["https:\/\/alekeskus.eu\/et\/toode\/aiamaja-kupros3d-alekeskus\/"]}]},{"@type":"ImageObject","inLanguage":"et","@id":"https:\/\/alekeskus.eu\/et\/toode\/aiamaja-kupros3d-alekeskus\/#primaryimage","url":"https:\/\/alekeskus.eu\/wp-content\/uploads\/2021\/11\/1296aiamaja-cyprus3d-8-7m-0.jpg","contentUrl":"https:\/\/alekeskus.eu\/wp-content\/uploads\/2021\/11\/1296aiamaja-cyprus3d-8-7m-0.jpg","width":1600,"height":1067},{"@type":"BreadcrumbList","@id":"https:\/\/alekeskus.eu\/et\/toode\/aiamaja-kupros3d-alekeskus\/#breadcrumb","itemListElement":[{"@type":"ListItem","position":1,"name":"Avaleht","item":"https:\/\/alekeskus.eu\/et\/"},{"@type":"ListItem","position":2,"name":"Pood","item":"https:\/\/alekeskus.eu\/pood\/"},{"@type":"ListItem","position":3,"name":"Aiamaja Küpros3D 8,7 m² VIIMANE !"}]},{"@type":"WebSite","@id":"https:\/\/alekeskus.eu\/#website","url":"https:\/\/alekeskus.eu\/","name":"Alekeskus","description":"Alekeskus.eu","potentialAction":[{"@type":"SearchAction","target":{"@type":"EntryPoint","urlTemplate":"https:\/\/alekeskus.eu\/?s={search_term_string}"},"query-input":{"@type":"PropertyValueSpecification","valueRequired":true,"valueName":"search_term_string"}}],"inLanguage":"et"}]}</script>
<!-- / Yoast SEO plugin. -->

Aiamaja Küpros3D 8,7 m² VIIMANE ! - Alekeskus

Lõpumüügi aiamaja Küpros on kohe Tartu laost saadaval.
