{"id":70848,"date":"2024-11-12T05:17:18","date_gmt":"2024-11-12T05:17:18","guid":{"rendered":"http:\/\/alekeskus.eu\/?post_type=product&#038;p=70848"},"modified":"2025-01-01T15:25:10","modified_gmt":"2025-01-01T15:25:10","slug":"aiamaja-emma-16m-alekeskus","status":"publish","type":"product","link":"https:\/\/alekeskus.eu\/et\/toode\/aiamaja-emma-16m-alekeskus\/","title":{"rendered":"Aiamaja Emma 7,3 m\u00b2 + veranda 7,4 m\u00b2 liuguksega"},"content":{"rendered":"<div>\n<div><\/div>\n<\/div>\n<div><\/div>\n<div><\/div>\n","protected":false},"excerpt":{"rendered":"<p><strong>V\u00e4lism\u00f5\u00f5dud: 560 x 284 cm. <\/strong><\/p>\n<p><strong>V<\/strong><strong>algusk\u00fcllane katusealusega suvemaja p\u00fcstitamist h\u00f5lbustavate tehases koostatud seina-, p\u00f5randa- ja laekilpidega. <\/strong><\/p>\n<div>\n<div>P\u00f5rand, seinad ja katus valmiskilpidest, mille t\u00f5ttu on aiamaja p\u00fcstitamine kiirem. Seinte k\u00f5rgused 200 ja 243 cm.<\/div>\n<div><\/div>\n<div>P\u00f5randakilbid on 19 mm p\u00f5randalauaga ja laekilbid 19 mm sulundlaudadega. P\u00f5randatalad 44&#215;95 mm, laetalad 44&#215;120 mm. Seinakilbid on kaetud 19 mm t\u00e4ispunnvoodrilauaga. Veranda p\u00f5randaks on immutatud h\u00f6\u00f6vellaudis 19&#215;95 mm.<\/div>\n<div>Aknad 81&#215;193 cm x 4 tk.\u00a0 81&#215;194 cm liimpuidust liuguks. Aknad ja l\u00fckanduks 4 mm karastatud klaasiga.<\/div>\n<div><\/div>\n<div>Maja on viimistlemata. V\u00f5imalik tellida lisatasu eest (350EUR) peegelpildis.<\/div>\n<\/div>\n<div>\u00a0Vajadusel ehitusloa joonised kaasa.<\/div>\n<p>K\u00fcsi ka paigaldust!<\/p>\n","protected":false},"featured_media":70840,"template":"","meta":{"_monsterinsights_skip_tracking":false,"_monsterinsights_sitenote_active":false,"_monsterinsights_sitenote_note":"","_monsterinsights_sitenote_category":0},"pwb-brand":[],"product_brand":[],"product_cat":[17182,13538,13592,13540,13596,13602,13608],"product_tag":[13832,13833,13864,13913,13983,13813,14420,13814,13815,15413,13816,15516,15914],"class_list":{"0":"post-70848","1":"product","2":"type-product","3":"status-publish","4":"has-post-thumbnail","6":"product_cat-suvekoogid-alekeskus","7":"product_cat-ale","8":"product_cat-aia-ja-grillmajad","9":"product_cat-hooned-alekeskus","10":"product_cat-varjualused-talveaiad-alekeskus","11":"product_cat-elementmajad","12":"product_cat-kontorid","13":"product_tag-kesakeittio","14":"product_tag-pihamaja","15":"product_tag-huvimaja","16":"product_tag-vierasmaja","17":"product_tag-piharakennus","18":"product_tag-aiamaja","19":"product_tag-terassi","20":"product_tag-ouemaja","21":"product_tag-kuur","22":"product_tag-emma","23":"product_tag-peomaja","24":"product_tag-suvekook","25":"product_tag-pihasauna","26":"product_shipping_class-alates-1000kg","27":"pa_garantii-2-aastat","28":"pa_kaalkg-1125-kg","29":"pa_kohaletoimetamine-alates-180e","30":"pa_laoasukoht-vorumaa","31":"pa_pakendimoodud-340x120x235cm","32":"pa_pindalam-15329","33":"pa_tellimisaeg-tilausaika-alekeskus","34":"pa_varv-viimistlemata","35":"pa_veame-eesti-ja-soome","37":"first","38":"instock","39":"sale","40":"featured","41":"taxable","42":"shipping-taxable","43":"purchasable","44":"product-type-simple"},"yoast_head":"<!-- This site is optimized with the Yoast SEO plugin v27.3 - https:\/\/yoast.com\/product\/yoast-seo-wordpress\/ -->\n<title>Aiamaja Emma 7,3 m\u00b2 + veranda 7,4 m\u00b2 liuguksega - Alekeskus<\/title>\n<meta name=\"description\" content=\"Elementehitusega aiamaja-suvek\u00f6\u00f6k Emma verandaga ja l\u00fckanduksega\" \/>\n<meta name=\"robots\" content=\"index, follow, max-snippet:-1, max-image-preview:large, max-video-preview:-1\" \/>\n<link rel=\"canonical\" href=\"https:\/\/alekeskus.eu\/et\/toode\/aiamaja-emma-16m-alekeskus\/\" \/>\n<meta property=\"og:locale\" content=\"et_EE\" \/>\n<meta property=\"og:type\" content=\"article\" \/>\n<meta property=\"og:title\" content=\"Aiamaja Emma 7,3 m\u00b2 + veranda 7,4 m\u00b2 liuguksega - Alekeskus\" \/>\n<meta property=\"og:description\" content=\"Elementehitusega aiamaja-suvek\u00f6\u00f6k Emma verandaga ja l\u00fckanduksega\" \/>\n<meta property=\"og:url\" content=\"https:\/\/alekeskus.eu\/et\/toode\/aiamaja-emma-16m-alekeskus\/\" \/>\n<meta property=\"og:site_name\" content=\"Alekeskus\" \/>\n<meta property=\"article:modified_time\" content=\"2025-01-01T15:25:10+00:00\" \/>\n<meta property=\"og:image\" content=\"https:\/\/alekeskus.eu\/wp-content\/uploads\/2021\/11\/534aiamaja-kilp-emma-16m-0.jpg\" \/>\n\t<meta property=\"og:image:width\" content=\"2500\" \/>\n\t<meta property=\"og:image:height\" content=\"1667\" \/>\n\t<meta property=\"og:image:type\" content=\"image\/jpeg\" \/>\n<meta name=\"twitter:card\" content=\"summary_large_image\" \/>\n<meta name=\"twitter:label1\" content=\"Est. reading time\" \/>\n\t<meta name=\"twitter:data1\" content=\"1 minut\" \/>\n<script type=\"application\/ld+json\" class=\"yoast-schema-graph\">{\"@context\":\"https:\\\/\\\/schema.org\",\"@graph\":[{\"@type\":\"WebPage\",\"@id\":\"https:\\\/\\\/alekeskus.eu\\\/et\\\/toode\\\/aiamaja-emma-16m-alekeskus\\\/\",\"url\":\"https:\\\/\\\/alekeskus.eu\\\/et\\\/toode\\\/aiamaja-emma-16m-alekeskus\\\/\",\"name\":\"Aiamaja Emma 7,3 m\u00b2 + veranda 7,4 m\u00b2 liuguksega - Alekeskus\",\"isPartOf\":{\"@id\":\"https:\\\/\\\/alekeskus.eu\\\/#website\"},\"primaryImageOfPage\":{\"@id\":\"https:\\\/\\\/alekeskus.eu\\\/et\\\/toode\\\/aiamaja-emma-16m-alekeskus\\\/#primaryimage\"},\"image\":{\"@id\":\"https:\\\/\\\/alekeskus.eu\\\/et\\\/toode\\\/aiamaja-emma-16m-alekeskus\\\/#primaryimage\"},\"thumbnailUrl\":\"https:\\\/\\\/alekeskus.eu\\\/wp-content\\\/uploads\\\/2021\\\/11\\\/534aiamaja-kilp-emma-16m-0.jpg\",\"datePublished\":\"2024-11-12T05:17:18+00:00\",\"dateModified\":\"2025-01-01T15:25:10+00:00\",\"description\":\"Elementehitusega aiamaja-suvek\u00f6\u00f6k Emma verandaga ja l\u00fckanduksega\",\"breadcrumb\":{\"@id\":\"https:\\\/\\\/alekeskus.eu\\\/et\\\/toode\\\/aiamaja-emma-16m-alekeskus\\\/#breadcrumb\"},\"inLanguage\":\"et\",\"potentialAction\":[{\"@type\":\"ReadAction\",\"target\":[\"https:\\\/\\\/alekeskus.eu\\\/et\\\/toode\\\/aiamaja-emma-16m-alekeskus\\\/\"]}]},{\"@type\":\"ImageObject\",\"inLanguage\":\"et\",\"@id\":\"https:\\\/\\\/alekeskus.eu\\\/et\\\/toode\\\/aiamaja-emma-16m-alekeskus\\\/#primaryimage\",\"url\":\"https:\\\/\\\/alekeskus.eu\\\/wp-content\\\/uploads\\\/2021\\\/11\\\/534aiamaja-kilp-emma-16m-0.jpg\",\"contentUrl\":\"https:\\\/\\\/alekeskus.eu\\\/wp-content\\\/uploads\\\/2021\\\/11\\\/534aiamaja-kilp-emma-16m-0.jpg\",\"width\":1600,\"height\":1067},{\"@type\":\"BreadcrumbList\",\"@id\":\"https:\\\/\\\/alekeskus.eu\\\/et\\\/toode\\\/aiamaja-emma-16m-alekeskus\\\/#breadcrumb\",\"itemListElement\":[{\"@type\":\"ListItem\",\"position\":1,\"name\":\"Avaleht\",\"item\":\"https:\\\/\\\/alekeskus.eu\\\/et\\\/\"},{\"@type\":\"ListItem\",\"position\":2,\"name\":\"Pood\",\"item\":\"https:\\\/\\\/alekeskus.eu\\\/pood\\\/\"},{\"@type\":\"ListItem\",\"position\":3,\"name\":\"Aiamaja Emma 7,3 m\u00b2 + veranda 7,4 m\u00b2 liuguksega\"}]},{\"@type\":\"WebSite\",\"@id\":\"https:\\\/\\\/alekeskus.eu\\\/#website\",\"url\":\"https:\\\/\\\/alekeskus.eu\\\/\",\"name\":\"Alekeskus\",\"description\":\"Alekeskus.eu\",\"potentialAction\":[{\"@type\":\"SearchAction\",\"target\":{\"@type\":\"EntryPoint\",\"urlTemplate\":\"https:\\\/\\\/alekeskus.eu\\\/?s={search_term_string}\"},\"query-input\":{\"@type\":\"PropertyValueSpecification\",\"valueRequired\":true,\"valueName\":\"search_term_string\"}}],\"inLanguage\":\"et\"}]}<\/script>\n<!-- \/ Yoast SEO plugin. -->","yoast_head_json":{"title":"Aiamaja Emma 7,3 m\u00b2 + veranda 7,4 m\u00b2 liuguksega - Alekeskus","description":"Elementehitusega aiamaja-suvek\u00f6\u00f6k Emma verandaga ja l\u00fckanduksega","robots":{"index":"index","follow":"follow","max-snippet":"max-snippet:-1","max-image-preview":"max-image-preview:large","max-video-preview":"max-video-preview:-1"},"canonical":"https:\/\/alekeskus.eu\/et\/toode\/aiamaja-emma-16m-alekeskus\/","og_locale":"et_EE","og_type":"article","og_title":"Aiamaja Emma 7,3 m\u00b2 + veranda 7,4 m\u00b2 liuguksega - Alekeskus","og_description":"Elementehitusega aiamaja-suvek\u00f6\u00f6k Emma verandaga ja l\u00fckanduksega","og_url":"https:\/\/alekeskus.eu\/et\/toode\/aiamaja-emma-16m-alekeskus\/","og_site_name":"Alekeskus","article_modified_time":"2025-01-01T15:25:10+00:00","og_image":[{"width":2500,"height":1667,"url":"https:\/\/alekeskus.eu\/wp-content\/uploads\/2021\/11\/534aiamaja-kilp-emma-16m-0.jpg","type":"image\/jpeg"}],"twitter_card":"summary_large_image","twitter_misc":{"Est. reading time":"1 minut"},"schema":{"@context":"https:\/\/schema.org","@graph":[{"@type":"WebPage","@id":"https:\/\/alekeskus.eu\/et\/toode\/aiamaja-emma-16m-alekeskus\/","url":"https:\/\/alekeskus.eu\/et\/toode\/aiamaja-emma-16m-alekeskus\/","name":"Aiamaja Emma 7,3 m\u00b2 + veranda 7,4 m\u00b2 liuguksega - Alekeskus","isPartOf":{"@id":"https:\/\/alekeskus.eu\/#website"},"primaryImageOfPage":{"@id":"https:\/\/alekeskus.eu\/et\/toode\/aiamaja-emma-16m-alekeskus\/#primaryimage"},"image":{"@id":"https:\/\/alekeskus.eu\/et\/toode\/aiamaja-emma-16m-alekeskus\/#primaryimage"},"thumbnailUrl":"https:\/\/alekeskus.eu\/wp-content\/uploads\/2021\/11\/534aiamaja-kilp-emma-16m-0.jpg","datePublished":"2024-11-12T05:17:18+00:00","dateModified":"2025-01-01T15:25:10+00:00","description":"Elementehitusega aiamaja-suvek\u00f6\u00f6k Emma verandaga ja l\u00fckanduksega","breadcrumb":{"@id":"https:\/\/alekeskus.eu\/et\/toode\/aiamaja-emma-16m-alekeskus\/#breadcrumb"},"inLanguage":"et","potentialAction":[{"@type":"ReadAction","target":["https:\/\/alekeskus.eu\/et\/toode\/aiamaja-emma-16m-alekeskus\/"]}]},{"@type":"ImageObject","inLanguage":"et","@id":"https:\/\/alekeskus.eu\/et\/toode\/aiamaja-emma-16m-alekeskus\/#primaryimage","url":"https:\/\/alekeskus.eu\/wp-content\/uploads\/2021\/11\/534aiamaja-kilp-emma-16m-0.jpg","contentUrl":"https:\/\/alekeskus.eu\/wp-content\/uploads\/2021\/11\/534aiamaja-kilp-emma-16m-0.jpg","width":1600,"height":1067},{"@type":"BreadcrumbList","@id":"https:\/\/alekeskus.eu\/et\/toode\/aiamaja-emma-16m-alekeskus\/#breadcrumb","itemListElement":[{"@type":"ListItem","position":1,"name":"Avaleht","item":"https:\/\/alekeskus.eu\/et\/"},{"@type":"ListItem","position":2,"name":"Pood","item":"https:\/\/alekeskus.eu\/pood\/"},{"@type":"ListItem","position":3,"name":"Aiamaja Emma 7,3 m\u00b2 + veranda 7,4 m\u00b2 liuguksega"}]},{"@type":"WebSite","@id":"https:\/\/alekeskus.eu\/#website","url":"https:\/\/alekeskus.eu\/","name":"Alekeskus","description":"Alekeskus.eu","potentialAction":[{"@type":"SearchAction","target":{"@type":"EntryPoint","urlTemplate":"https:\/\/alekeskus.eu\/?s={search_term_string}"},"query-input":{"@type":"PropertyValueSpecification","valueRequired":true,"valueName":"search_term_string"}}],"inLanguage":"et"}]}},"brands":[],"_links":{"self":[{"href":"https:\/\/alekeskus.eu\/et\/wp-json\/wp\/v2\/product\/70848","targetHints":{"allow":["GET"]}}],"collection":[{"href":"https:\/\/alekeskus.eu\/et\/wp-json\/wp\/v2\/product"}],"about":[{"href":"https:\/\/alekeskus.eu\/et\/wp-json\/wp\/v2\/types\/product"}],"wp:featuredmedia":[{"embeddable":true,"href":"https:\/\/alekeskus.eu\/et\/wp-json\/wp\/v2\/media\/70840"}],"wp:attachment":[{"href":"https:\/\/alekeskus.eu\/et\/wp-json\/wp\/v2\/media?parent=70848"}],"wp:term":[{"taxonomy":"pwb-brand","embeddable":true,"href":"https:\/\/alekeskus.eu\/et\/wp-json\/wp\/v2\/pwb-brand?post=70848"},{"taxonomy":"product_brand","embeddable":true,"href":"https:\/\/alekeskus.eu\/et\/wp-json\/wp\/v2\/product_brand?post=70848"},{"taxonomy":"product_cat","embeddable":true,"href":"https:\/\/alekeskus.eu\/et\/wp-json\/wp\/v2\/product_cat?post=70848"},{"taxonomy":"product_tag","embeddable":true,"href":"https:\/\/alekeskus.eu\/et\/wp-json\/wp\/v2\/product_tag?post=70848"}],"curies":[{"name":"wp","href":"https:\/\/api.w.org\/{rel}","templated":true}]}}

<p><strong>Välismõõdud: 560 x 284 cm. </strong></p>
<p><strong>V</strong><strong>algusküllane katusealusega suvemaja püstitamist hõlbustavate tehases koostatud seina-, põranda- ja laekilpidega. </strong></p>
<div>
<div>Põrand, seinad ja katus valmiskilpidest, mille tõttu on aiamaja püstitamine kiirem. Seinte kõrgused 200 ja 243 cm.</div>
<div></div>
<div>Põrandakilbid on 19 mm põrandalauaga ja laekilbid 19 mm sulundlaudadega. Põrandatalad 44&#215;95 mm, laetalad 44&#215;120 mm. Seinakilbid on kaetud 19 mm täispunnvoodrilauaga. Veranda põrandaks on immutatud höövellaudis 19&#215;95 mm.</div>
<div>Aknad 81&#215;193 cm x 4 tk.  81&#215;194 cm liimpuidust liuguks. Aknad ja lükanduks 4 mm karastatud klaasiga.</div>
<div></div>
<div>Maja on viimistlemata. Võimalik tellida lisatasu eest (350EUR) peegelpildis.</div>
</div>
<div> Vajadusel ehitusloa joonised kaasa.</div>
<p>Küsi ka paigaldust!</p>

<!-- This site is optimized with the Yoast SEO plugin v27.3 - https://yoast.com/product/yoast-seo-wordpress/ -->
<title>Aiamaja Emma 7,3 m² + veranda 7,4 m² liuguksega - Alekeskus</title>
<meta name="description" content="Elementehitusega aiamaja-suveköök Emma verandaga ja lükanduksega" />
<meta name="robots" content="index, follow, max-snippet:-1, max-image-preview:large, max-video-preview:-1" />
<link rel="canonical" href="https://alekeskus.eu/et/toode/aiamaja-emma-16m-alekeskus/" />
<meta property="og:locale" content="et_EE" />
<meta property="og:type" content="article" />
<meta property="og:title" content="Aiamaja Emma 7,3 m² + veranda 7,4 m² liuguksega - Alekeskus" />
<meta property="og:description" content="Elementehitusega aiamaja-suveköök Emma verandaga ja lükanduksega" />
<meta property="og:url" content="https://alekeskus.eu/et/toode/aiamaja-emma-16m-alekeskus/" />
<meta property="og:site_name" content="Alekeskus" />
<meta property="article:modified_time" content="2025-01-01T15:25:10+00:00" />
<meta property="og:image" content="https://alekeskus.eu/wp-content/uploads/2021/11/534aiamaja-kilp-emma-16m-0.jpg" />
	<meta property="og:image:width" content="2500" />
	<meta property="og:image:height" content="1667" />
	<meta property="og:image:type" content="image/jpeg" />
<meta name="twitter:card" content="summary_large_image" />
<meta name="twitter:label1" content="Est. reading time" />
	<meta name="twitter:data1" content="1 minut" />
<script type="application/ld+json" class="yoast-schema-graph">{"@context":"https:\/\/schema.org","@graph":[{"@type":"WebPage","@id":"https:\/\/alekeskus.eu\/et\/toode\/aiamaja-emma-16m-alekeskus\/","url":"https:\/\/alekeskus.eu\/et\/toode\/aiamaja-emma-16m-alekeskus\/","name":"Aiamaja Emma 7,3 m² + veranda 7,4 m² liuguksega - Alekeskus","isPartOf":{"@id":"https:\/\/alekeskus.eu\/#website"},"primaryImageOfPage":{"@id":"https:\/\/alekeskus.eu\/et\/toode\/aiamaja-emma-16m-alekeskus\/#primaryimage"},"image":{"@id":"https:\/\/alekeskus.eu\/et\/toode\/aiamaja-emma-16m-alekeskus\/#primaryimage"},"thumbnailUrl":"https:\/\/alekeskus.eu\/wp-content\/uploads\/2021\/11\/534aiamaja-kilp-emma-16m-0.jpg","datePublished":"2024-11-12T05:17:18+00:00","dateModified":"2025-01-01T15:25:10+00:00","description":"Elementehitusega aiamaja-suveköök Emma verandaga ja lükanduksega","breadcrumb":{"@id":"https:\/\/alekeskus.eu\/et\/toode\/aiamaja-emma-16m-alekeskus\/#breadcrumb"},"inLanguage":"et","potentialAction":[{"@type":"ReadAction","target":["https:\/\/alekeskus.eu\/et\/toode\/aiamaja-emma-16m-alekeskus\/"]}]},{"@type":"ImageObject","inLanguage":"et","@id":"https:\/\/alekeskus.eu\/et\/toode\/aiamaja-emma-16m-alekeskus\/#primaryimage","url":"https:\/\/alekeskus.eu\/wp-content\/uploads\/2021\/11\/534aiamaja-kilp-emma-16m-0.jpg","contentUrl":"https:\/\/alekeskus.eu\/wp-content\/uploads\/2021\/11\/534aiamaja-kilp-emma-16m-0.jpg","width":1600,"height":1067},{"@type":"BreadcrumbList","@id":"https:\/\/alekeskus.eu\/et\/toode\/aiamaja-emma-16m-alekeskus\/#breadcrumb","itemListElement":[{"@type":"ListItem","position":1,"name":"Avaleht","item":"https:\/\/alekeskus.eu\/et\/"},{"@type":"ListItem","position":2,"name":"Pood","item":"https:\/\/alekeskus.eu\/pood\/"},{"@type":"ListItem","position":3,"name":"Aiamaja Emma 7,3 m² + veranda 7,4 m² liuguksega"}]},{"@type":"WebSite","@id":"https:\/\/alekeskus.eu\/#website","url":"https:\/\/alekeskus.eu\/","name":"Alekeskus","description":"Alekeskus.eu","potentialAction":[{"@type":"SearchAction","target":{"@type":"EntryPoint","urlTemplate":"https:\/\/alekeskus.eu\/?s={search_term_string}"},"query-input":{"@type":"PropertyValueSpecification","valueRequired":true,"valueName":"search_term_string"}}],"inLanguage":"et"}]}</script>
<!-- / Yoast SEO plugin. -->

Elementehitusega aiamaja-suveköök Emma verandaga ja lükanduksega
