{"id":71270,"date":"2025-06-12T05:20:47","date_gmt":"2025-06-12T05:20:47","guid":{"rendered":"http:\/\/alekeskus.eu\/product\/suvemaja-sander-21537m%c2%b2\/"},"modified":"2026-01-22T13:29:15","modified_gmt":"2026-01-22T13:29:15","slug":"suvemaja-sander-21537-alekeskus","status":"publish","type":"product","link":"https:\/\/alekeskus.eu\/et\/toode\/suvemaja-sander-21537-alekeskus\/","title":{"rendered":"Freespalksuvila Sander 21,5 + 3,7 m\u00b2 3 tuba, 70 mm sein"},"content":{"rendered":"<p>Telli juurde:<\/p>\n<p><img decoding=\"async\" src=\"http:\/\/pood.palmako.ee\/sites\/default\/files\/styles\/store_optional_products_thumbnail\/public\/field_optional_products_image\/flower-box_zb1200_180.jpg?itok=foKxp8gS\" alt=\"\" \/> &#8211; sindelkatusekate 14 pakki<\/p>\n<p>&#8211;\u00a0 ajutine katusepapp 7 rulli v\u00f5i SBS-bituumenkate 7 rulli<\/p>\n<div class=\"pictogram qtip-additional-element\">\n<div class=\"description\">Pakendid: 6,8&#215;1,2&#215;0,7; 6,0&#215;1,2&#215;0,8; 2,1&#215;1,2&#215;0,7 m<\/div>\n<div class=\"description\">\n<div class=\"pictogram qtip-additional-element\">\n<div class=\"image\">\n<div class=\"pictogram qtip-additional-element\">\n<div class=\"description\">Kaalud: 1300; 1450; 400 kg<\/div>\n<div>Osaloetelu: <a href=\"https:\/\/alekeskus.eu\/wp-content\/uploads\/2023\/03\/Sander-21537-osaloetelu-ja-EE-FI-ohje.pdf\">Sander 21,5+3,7 osaloetelu ja EE FI ohje<\/a><\/div>\n<\/div>\n<\/div>\n<\/div>\n<\/div>\n<\/div>\n","protected":false},"excerpt":{"rendered":"<p><strong>V\u00e4lism\u00f5\u00f5dud: 6,0 x 4,5 m. <\/strong><\/p>\n<p><strong>TASUTA VEDU JA MAHALAADIMINE (ka suursaartel)!<\/strong><\/p>\n<ul>\n<li><strong>70 mm<\/strong>\u00a0<strong>freespalksein<\/strong>\u00a0tuuletapiga, tormikinnitused<\/li>\n<li>seina k\u00f5rgus 230 cm ja harja k\u00f5rgus 320 cm<\/li>\n<li>puidukaitsega t\u00f6\u00f6deldud alusprussid 60 x 80 mm, liimpuidust katusetalad 60 x 200 mm<\/li>\n<li>katuse pindala 36 m\u00b2 ja kalle 20\u00ba<\/li>\n<li>katusekate ei sisaldu hinnas(telli juurde bituumensindelkatus 14 pakki, ajutine katusepapp 7 rulli v\u00f5i SBS-bituumenkate 7 rulli)<\/li>\n<li><strong>karastatud pakettklaasidega<\/strong> kald-p\u00f6\u00f6rdavatavad aknad 5 tk 76 x 92 cm; kummitihendid, alumiiniumist tilganinad<\/li>\n<li>immutatud terrassilauad 28 x 120 mm, punnitud p\u00f5randalauad 28 x 114 mm ja punnitud katuselauad 19 x 89 mm<\/li>\n<li><strong>karastatud pakettklaasiga v\u00e4lisuks<\/strong> 74 x 195 cm ja puitsiseuksed 74 x 195 cm, liimpuidust lengid, metalliga kaetud k\u00fcnnised, silinderlukud<\/li>\n<li>5-aastane tehase garantii<\/li>\n<li>kinnitusvahendid ja p\u00fcstitusjuhend<\/li>\n<li>Eesti toode<\/li>\n<li>vihmakindel pakend<\/li>\n<\/ul>\n<p>K\u00fcsi ka paigaldust!<\/p>\n","protected":false},"featured_media":97198,"template":"","meta":{"_monsterinsights_skip_tracking":false,"_monsterinsights_sitenote_active":false,"_monsterinsights_sitenote_note":"","_monsterinsights_sitenote_category":0},"pwb-brand":[18577],"product_brand":[],"product_cat":[13592,13540,13604,13608,13610],"product_tag":[17973,14643,13910,15285,13913,13970,15684,13999,16285,14252,17390,14319,14420,17515,13813,14528,17866,13831,14641],"class_list":{"0":"post-71270","1":"product","2":"type-product","3":"status-publish","4":"has-post-thumbnail","6":"pwb-brand-eesti","7":"product_cat-aia-ja-grillmajad","8":"product_cat-hooned-alekeskus","9":"product_cat-saunad","10":"product_cat-kontorid","11":"product_cat-suvilad","12":"product_tag-aiasaun","13":"product_tag-terrass","14":"product_tag-majutus","15":"product_tag-kesamokki","16":"product_tag-vierasmaja","17":"product_tag-suvila","18":"product_tag-porch","19":"product_tag-hoylahirsi","20":"product_tag-rantasauna","21":"product_tag-suvemaja","22":"product_tag-freespalksuvila","23":"product_tag-suvi","24":"product_tag-terassi","25":"product_tag-saunamokki","26":"product_tag-aiamaja","27":"product_tag-sander","28":"product_tag-hirsimokki","29":"product_tag-mokki","30":"product_tag-veranda","31":"product_shipping_class-tasuta-transport-alates-1000kg","32":"pa_garantii-5-aastat","33":"pa_kohaletoimetamine-tasuta-mandri-eestis-ja-suursaartel-soome-alates-699e","34":"pa_laoasukoht-tartumaa","35":"pa_pindalam-15524","36":"pa_seinapaksus-70-mm","37":"pa_tellimisaeg-1-8-nadalat","38":"pa_varv-viimistlemata","39":"pa_veame-eesti-ja-soome","41":"first","42":"instock","43":"taxable","44":"shipping-taxable","45":"purchasable","46":"product-type-simple"},"yoast_head":"<!-- This site is optimized with the Yoast SEO plugin v27.3 - https:\/\/yoast.com\/product\/yoast-seo-wordpress\/ -->\n<title>Freespalksuvila Sander 21,5 + 3,7 m\u00b2 3 tuba, 70 mm sein - Alekeskus<\/title>\n<meta name=\"description\" content=\"freespalksuvemaja verandaga\" \/>\n<meta name=\"robots\" content=\"index, follow, max-snippet:-1, max-image-preview:large, max-video-preview:-1\" \/>\n<link rel=\"canonical\" href=\"https:\/\/alekeskus.eu\/toode\/suvemaja-sander-21537-alekeskus\/\" \/>\n<meta property=\"og:locale\" content=\"et_EE\" \/>\n<meta property=\"og:type\" content=\"article\" \/>\n<meta property=\"og:title\" content=\"Freespalksuvila Sander 21,5 + 3,7 m\u00b2 3 tuba, 70 mm sein - Alekeskus\" \/>\n<meta property=\"og:description\" content=\"freespalksuvemaja verandaga\" \/>\n<meta property=\"og:url\" content=\"https:\/\/alekeskus.eu\/toode\/suvemaja-sander-21537-alekeskus\/\" \/>\n<meta property=\"og:site_name\" content=\"Alekeskus\" \/>\n<meta property=\"article:modified_time\" content=\"2026-01-22T13:29:15+00:00\" \/>\n<meta property=\"og:image\" content=\"https:\/\/alekeskus.eu\/wp-content\/uploads\/2024\/06\/Sandra_21.53.7_m2_NATURAL_wb2026.jpg\" \/>\n\t<meta property=\"og:image:width\" content=\"1600\" \/>\n\t<meta property=\"og:image:height\" content=\"1200\" \/>\n\t<meta property=\"og:image:type\" content=\"image\/jpeg\" \/>\n<meta name=\"twitter:card\" content=\"summary_large_image\" \/>\n<meta name=\"twitter:label1\" content=\"Est. reading time\" \/>\n\t<meta name=\"twitter:data1\" content=\"1 minut\" \/>\n<script type=\"application\/ld+json\" class=\"yoast-schema-graph\">{\"@context\":\"https:\\\/\\\/schema.org\",\"@graph\":[{\"@type\":\"WebPage\",\"@id\":\"https:\\\/\\\/alekeskus.eu\\\/toode\\\/suvemaja-sander-21537-alekeskus\\\/\",\"url\":\"https:\\\/\\\/alekeskus.eu\\\/toode\\\/suvemaja-sander-21537-alekeskus\\\/\",\"name\":\"Freespalksuvila Sander 21,5 + 3,7 m\u00b2 3 tuba, 70 mm sein - Alekeskus\",\"isPartOf\":{\"@id\":\"https:\\\/\\\/alekeskus.eu\\\/#website\"},\"primaryImageOfPage\":{\"@id\":\"https:\\\/\\\/alekeskus.eu\\\/toode\\\/suvemaja-sander-21537-alekeskus\\\/#primaryimage\"},\"image\":{\"@id\":\"https:\\\/\\\/alekeskus.eu\\\/toode\\\/suvemaja-sander-21537-alekeskus\\\/#primaryimage\"},\"thumbnailUrl\":\"https:\\\/\\\/alekeskus.eu\\\/wp-content\\\/uploads\\\/2024\\\/06\\\/Sandra_21.53.7_m2_NATURAL_wb2026.jpg\",\"datePublished\":\"2025-06-12T05:20:47+00:00\",\"dateModified\":\"2026-01-22T13:29:15+00:00\",\"description\":\"freespalksuvemaja verandaga\",\"breadcrumb\":{\"@id\":\"https:\\\/\\\/alekeskus.eu\\\/toode\\\/suvemaja-sander-21537-alekeskus\\\/#breadcrumb\"},\"inLanguage\":\"et\",\"potentialAction\":[{\"@type\":\"ReadAction\",\"target\":[\"https:\\\/\\\/alekeskus.eu\\\/toode\\\/suvemaja-sander-21537-alekeskus\\\/\"]}]},{\"@type\":\"ImageObject\",\"inLanguage\":\"et\",\"@id\":\"https:\\\/\\\/alekeskus.eu\\\/toode\\\/suvemaja-sander-21537-alekeskus\\\/#primaryimage\",\"url\":\"https:\\\/\\\/alekeskus.eu\\\/wp-content\\\/uploads\\\/2024\\\/06\\\/Sandra_21.53.7_m2_NATURAL_wb2026.jpg\",\"contentUrl\":\"https:\\\/\\\/alekeskus.eu\\\/wp-content\\\/uploads\\\/2024\\\/06\\\/Sandra_21.53.7_m2_NATURAL_wb2026.jpg\",\"width\":1600,\"height\":1200},{\"@type\":\"BreadcrumbList\",\"@id\":\"https:\\\/\\\/alekeskus.eu\\\/toode\\\/suvemaja-sander-21537-alekeskus\\\/#breadcrumb\",\"itemListElement\":[{\"@type\":\"ListItem\",\"position\":1,\"name\":\"Avaleht\",\"item\":\"https:\\\/\\\/alekeskus.eu\\\/et\\\/\"},{\"@type\":\"ListItem\",\"position\":2,\"name\":\"Pood\",\"item\":\"https:\\\/\\\/alekeskus.eu\\\/pood\\\/\"},{\"@type\":\"ListItem\",\"position\":3,\"name\":\"Freespalksuvila Sander 21,5 + 3,7 m\u00b2 3 tuba, 70 mm sein\"}]},{\"@type\":\"WebSite\",\"@id\":\"https:\\\/\\\/alekeskus.eu\\\/#website\",\"url\":\"https:\\\/\\\/alekeskus.eu\\\/\",\"name\":\"Alekeskus\",\"description\":\"Alekeskus.eu\",\"potentialAction\":[{\"@type\":\"SearchAction\",\"target\":{\"@type\":\"EntryPoint\",\"urlTemplate\":\"https:\\\/\\\/alekeskus.eu\\\/?s={search_term_string}\"},\"query-input\":{\"@type\":\"PropertyValueSpecification\",\"valueRequired\":true,\"valueName\":\"search_term_string\"}}],\"inLanguage\":\"et\"}]}<\/script>\n<!-- \/ Yoast SEO plugin. -->","yoast_head_json":{"title":"Freespalksuvila Sander 21,5 + 3,7 m\u00b2 3 tuba, 70 mm sein - Alekeskus","description":"freespalksuvemaja verandaga","robots":{"index":"index","follow":"follow","max-snippet":"max-snippet:-1","max-image-preview":"max-image-preview:large","max-video-preview":"max-video-preview:-1"},"canonical":"https:\/\/alekeskus.eu\/toode\/suvemaja-sander-21537-alekeskus\/","og_locale":"et_EE","og_type":"article","og_title":"Freespalksuvila Sander 21,5 + 3,7 m\u00b2 3 tuba, 70 mm sein - Alekeskus","og_description":"freespalksuvemaja verandaga","og_url":"https:\/\/alekeskus.eu\/toode\/suvemaja-sander-21537-alekeskus\/","og_site_name":"Alekeskus","article_modified_time":"2026-01-22T13:29:15+00:00","og_image":[{"width":1600,"height":1200,"url":"https:\/\/alekeskus.eu\/wp-content\/uploads\/2024\/06\/Sandra_21.53.7_m2_NATURAL_wb2026.jpg","type":"image\/jpeg"}],"twitter_card":"summary_large_image","twitter_misc":{"Est. reading time":"1 minut"},"schema":{"@context":"https:\/\/schema.org","@graph":[{"@type":"WebPage","@id":"https:\/\/alekeskus.eu\/toode\/suvemaja-sander-21537-alekeskus\/","url":"https:\/\/alekeskus.eu\/toode\/suvemaja-sander-21537-alekeskus\/","name":"Freespalksuvila Sander 21,5 + 3,7 m\u00b2 3 tuba, 70 mm sein - Alekeskus","isPartOf":{"@id":"https:\/\/alekeskus.eu\/#website"},"primaryImageOfPage":{"@id":"https:\/\/alekeskus.eu\/toode\/suvemaja-sander-21537-alekeskus\/#primaryimage"},"image":{"@id":"https:\/\/alekeskus.eu\/toode\/suvemaja-sander-21537-alekeskus\/#primaryimage"},"thumbnailUrl":"https:\/\/alekeskus.eu\/wp-content\/uploads\/2024\/06\/Sandra_21.53.7_m2_NATURAL_wb2026.jpg","datePublished":"2025-06-12T05:20:47+00:00","dateModified":"2026-01-22T13:29:15+00:00","description":"freespalksuvemaja verandaga","breadcrumb":{"@id":"https:\/\/alekeskus.eu\/toode\/suvemaja-sander-21537-alekeskus\/#breadcrumb"},"inLanguage":"et","potentialAction":[{"@type":"ReadAction","target":["https:\/\/alekeskus.eu\/toode\/suvemaja-sander-21537-alekeskus\/"]}]},{"@type":"ImageObject","inLanguage":"et","@id":"https:\/\/alekeskus.eu\/toode\/suvemaja-sander-21537-alekeskus\/#primaryimage","url":"https:\/\/alekeskus.eu\/wp-content\/uploads\/2024\/06\/Sandra_21.53.7_m2_NATURAL_wb2026.jpg","contentUrl":"https:\/\/alekeskus.eu\/wp-content\/uploads\/2024\/06\/Sandra_21.53.7_m2_NATURAL_wb2026.jpg","width":1600,"height":1200},{"@type":"BreadcrumbList","@id":"https:\/\/alekeskus.eu\/toode\/suvemaja-sander-21537-alekeskus\/#breadcrumb","itemListElement":[{"@type":"ListItem","position":1,"name":"Avaleht","item":"https:\/\/alekeskus.eu\/et\/"},{"@type":"ListItem","position":2,"name":"Pood","item":"https:\/\/alekeskus.eu\/pood\/"},{"@type":"ListItem","position":3,"name":"Freespalksuvila Sander 21,5 + 3,7 m\u00b2 3 tuba, 70 mm sein"}]},{"@type":"WebSite","@id":"https:\/\/alekeskus.eu\/#website","url":"https:\/\/alekeskus.eu\/","name":"Alekeskus","description":"Alekeskus.eu","potentialAction":[{"@type":"SearchAction","target":{"@type":"EntryPoint","urlTemplate":"https:\/\/alekeskus.eu\/?s={search_term_string}"},"query-input":{"@type":"PropertyValueSpecification","valueRequired":true,"valueName":"search_term_string"}}],"inLanguage":"et"}]}},"brands":[{"id":18577,"name":"Eesti","slug":"eesti"}],"_links":{"self":[{"href":"https:\/\/alekeskus.eu\/et\/wp-json\/wp\/v2\/product\/71270","targetHints":{"allow":["GET"]}}],"collection":[{"href":"https:\/\/alekeskus.eu\/et\/wp-json\/wp\/v2\/product"}],"about":[{"href":"https:\/\/alekeskus.eu\/et\/wp-json\/wp\/v2\/types\/product"}],"wp:featuredmedia":[{"embeddable":true,"href":"https:\/\/alekeskus.eu\/et\/wp-json\/wp\/v2\/media\/97198"}],"wp:attachment":[{"href":"https:\/\/alekeskus.eu\/et\/wp-json\/wp\/v2\/media?parent=71270"}],"wp:term":[{"taxonomy":"pwb-brand","embeddable":true,"href":"https:\/\/alekeskus.eu\/et\/wp-json\/wp\/v2\/pwb-brand?post=71270"},{"taxonomy":"product_brand","embeddable":true,"href":"https:\/\/alekeskus.eu\/et\/wp-json\/wp\/v2\/product_brand?post=71270"},{"taxonomy":"product_cat","embeddable":true,"href":"https:\/\/alekeskus.eu\/et\/wp-json\/wp\/v2\/product_cat?post=71270"},{"taxonomy":"product_tag","embeddable":true,"href":"https:\/\/alekeskus.eu\/et\/wp-json\/wp\/v2\/product_tag?post=71270"}],"curies":[{"name":"wp","href":"https:\/\/api.w.org\/{rel}","templated":true}]}}

<p>Telli juurde:</p>
<p><img decoding="async" src="http://pood.palmako.ee/sites/default/files/styles/store_optional_products_thumbnail/public/field_optional_products_image/flower-box_zb1200_180.jpg?itok=foKxp8gS" alt="" /> &#8211; sindelkatusekate 14 pakki</p>
<p>&#8211;  ajutine katusepapp 7 rulli või SBS-bituumenkate 7 rulli</p>
<div class="pictogram qtip-additional-element">
<div class="description">Pakendid: 6,8&#215;1,2&#215;0,7; 6,0&#215;1,2&#215;0,8; 2,1&#215;1,2&#215;0,7 m</div>
<div class="description">
<div class="pictogram qtip-additional-element">
<div class="image">
<div class="pictogram qtip-additional-element">
<div class="description">Kaalud: 1300; 1450; 400 kg</div>
<div>Osaloetelu: <a href="https://alekeskus.eu/wp-content/uploads/2023/03/Sander-21537-osaloetelu-ja-EE-FI-ohje.pdf">Sander 21,5+3,7 osaloetelu ja EE FI ohje</a></div>
</div>
</div>
</div>
</div>
</div>

<p><strong>Välismõõdud: 6,0 x 4,5 m. </strong></p>
<p><strong>TASUTA VEDU JA MAHALAADIMINE (ka suursaartel)!</strong></p>
<ul>
<li><strong>70 mm</strong> <strong>freespalksein</strong> tuuletapiga, tormikinnitused</li>
<li>seina kõrgus 230 cm ja harja kõrgus 320 cm</li>
<li>puidukaitsega töödeldud alusprussid 60 x 80 mm, liimpuidust katusetalad 60 x 200 mm</li>
<li>katuse pindala 36 m² ja kalle 20º</li>
<li>katusekate ei sisaldu hinnas(telli juurde bituumensindelkatus 14 pakki, ajutine katusepapp 7 rulli või SBS-bituumenkate 7 rulli)</li>
<li><strong>karastatud pakettklaasidega</strong> kald-pöördavatavad aknad 5 tk 76 x 92 cm; kummitihendid, alumiiniumist tilganinad</li>
<li>immutatud terrassilauad 28 x 120 mm, punnitud põrandalauad 28 x 114 mm ja punnitud katuselauad 19 x 89 mm</li>
<li><strong>karastatud pakettklaasiga välisuks</strong> 74 x 195 cm ja puitsiseuksed 74 x 195 cm, liimpuidust lengid, metalliga kaetud künnised, silinderlukud</li>
<li>5-aastane tehase garantii</li>
<li>kinnitusvahendid ja püstitusjuhend</li>
<li>Eesti toode</li>
<li>vihmakindel pakend</li>
</ul>
<p>Küsi ka paigaldust!</p>
