{"id":71400,"date":"2024-02-12T05:21:19","date_gmt":"2024-02-12T05:21:19","guid":{"rendered":"http:\/\/alekeskus.eu\/product\/suvemaja-kanada-488m%c2%b2\/"},"modified":"2025-01-05T14:39:06","modified_gmt":"2025-01-05T14:39:06","slug":"suvemaja-kanada-48-alekeskus","status":"publish","type":"product","link":"https:\/\/alekeskus.eu\/et\/toode\/suvemaja-kanada-48-alekeskus\/","title":{"rendered":"Suvemaja Kanada 36 m\u00b2 + magamiskorrus 12 m\u00b2  + terrass 7,4 m\u00b2"},"content":{"rendered":"<p>Paigaldusjoonised: <a href=\"https:\/\/alekeskus.eu\/wp-content\/uploads\/2024\/02\/Kanada-703442-ohje.pdf\">Kanada 703442 ohje<\/a><\/p>\n","protected":false},"excerpt":{"rendered":"<p>V\u00e4lism\u00f5\u00f5dud:<strong> 7,9 x 5,4 m<\/strong>. Harja k\u00f5rgus <strong>4,6 m<\/strong>, seina k\u00f5rgus <strong>2,5 m<\/strong>.<\/p>\n<ul>\n<li>tuuletappidega freespalk <strong>70 mm<\/strong>, tormikinnitused<\/li>\n<li>s\u00fcvaimmutatud alusprussid 45 x 70 mm<\/li>\n<li>terrass 5,4 x 1,5 m, s\u00fcvaimmutatud terrassilauad 28 x 120 mm<\/li>\n<li>magamiskorrus<\/li>\n<li>aknad pakettklaasiga 65 x 65 cm, 3 x 92 x 105 cm, 3 x 137 x 105 cm<\/li>\n<li>punnsoonega p\u00f5randalauad 28 x 112 mm ja katuselaudis 18 x 90 mm<\/li>\n<li>siseuks 83 x 200 cm ja pakettklaasiga v\u00e4lisuks 83 x 200 cm; liimpuidust ukselengid ja silinderlukud<\/li>\n<li>katusekate ei sisaldu hinnas(tarve 25 pakki bituumensindlit)<\/li>\n<li>kinnitusvahendid ja koostejuhend<\/li>\n<li>tehase garantii 5 aastat<\/li>\n<li>ilmastikukindel pakend<\/li>\n<li>v\u00f5imalik teha m\u00f5\u00f5tudes ja avat\u00e4idetes muudatusi<\/li>\n<li>ehitusteatise jaoks vajalikud joonised<\/li>\n<li>tellimiseks piisab poole hinna ettemaksust (tellimisaeg 2-3 kuud)<\/li>\n<li>Eesti toode<\/li>\n<\/ul>\n<p>K\u00fcsi ka paigaldust!<\/p>\n","protected":false},"featured_media":71382,"template":"","meta":{"_monsterinsights_skip_tracking":false,"_monsterinsights_sitenote_active":false,"_monsterinsights_sitenote_note":"","_monsterinsights_sitenote_category":0},"pwb-brand":[18577],"product_brand":[],"product_cat":[13540,13604,13610],"product_tag":[17866,15121,17973,15272,15285,18033,13813,15562,18188,13831,16039,16040,16285,13910,13970,14252,17388],"class_list":{"0":"post-71400","1":"product","2":"type-product","3":"status-publish","4":"has-post-thumbnail","6":"pwb-brand-eesti","7":"product_cat-hooned-alekeskus","8":"product_cat-saunad","9":"product_cat-suvilad","10":"product_tag-hirsimokki","11":"product_tag-puhkus","12":"product_tag-aiasaun","13":"product_tag-palksaun","14":"product_tag-kesamokki","15":"product_tag-rantamokki-2","16":"product_tag-aiamaja","17":"product_tag-palk","18":"product_tag-freespalksaun","19":"product_tag-mokki","20":"product_tag-kanada","21":"product_tag-canada","22":"product_tag-rantasauna","23":"product_tag-majutus","24":"product_tag-suvila","25":"product_tag-suvemaja","26":"product_tag-saunamaja","27":"product_shipping_class-alates-1000kg","28":"pa_garantii-5-aastat","29":"pa_kohaletoimetamine-alates-180e","30":"pa_laoasukoht-tartumaa","31":"pa_pindalam-48-2","32":"pa_seinapaksus-70-mm","33":"pa_tellimisaeg-2-3-kuud","34":"pa_varv-viimistlemata","35":"pa_veame-eesti-ja-soome","37":"first","38":"onbackorder","39":"taxable","40":"shipping-taxable","41":"purchasable","42":"product-type-simple"},"yoast_head":"<!-- This site is optimized with the Yoast SEO plugin v27.3 - https:\/\/yoast.com\/product\/yoast-seo-wordpress\/ -->\n<title>Suvemaja Kanada 36 m\u00b2 + magamiskorrus 12 m\u00b2 + terrass 7,4 m\u00b2 - Alekeskus<\/title>\n<meta name=\"description\" content=\"Ilus klassikaline m\u00f6kki j\u00e4rve v\u00f5i mere kaldale\" \/>\n<meta name=\"robots\" content=\"index, follow, max-snippet:-1, max-image-preview:large, max-video-preview:-1\" \/>\n<link rel=\"canonical\" href=\"https:\/\/alekeskus.eu\/toode\/suvemaja-kanada-48-alekeskus\/\" \/>\n<meta property=\"og:locale\" content=\"et_EE\" \/>\n<meta property=\"og:type\" content=\"article\" \/>\n<meta property=\"og:title\" content=\"Suvemaja Kanada 36 m\u00b2 + magamiskorrus 12 m\u00b2 + terrass 7,4 m\u00b2 - Alekeskus\" \/>\n<meta property=\"og:description\" content=\"Ilus klassikaline m\u00f6kki j\u00e4rve v\u00f5i mere kaldale\" \/>\n<meta property=\"og:url\" content=\"https:\/\/alekeskus.eu\/toode\/suvemaja-kanada-48-alekeskus\/\" \/>\n<meta property=\"og:site_name\" content=\"Alekeskus\" \/>\n<meta property=\"article:modified_time\" content=\"2025-01-05T14:39:06+00:00\" \/>\n<meta property=\"og:image\" content=\"https:\/\/alekeskus.eu\/wp-content\/uploads\/2021\/11\/1006suvemaja-kanada-48-8m-0.jpg\" \/>\n\t<meta property=\"og:image:width\" content=\"800\" \/>\n\t<meta property=\"og:image:height\" content=\"600\" \/>\n\t<meta property=\"og:image:type\" content=\"image\/jpeg\" \/>\n<meta name=\"twitter:card\" content=\"summary_large_image\" \/>\n<meta name=\"twitter:label1\" content=\"Est. reading time\" \/>\n\t<meta name=\"twitter:data1\" content=\"1 minut\" \/>\n<script type=\"application\/ld+json\" class=\"yoast-schema-graph\">{\"@context\":\"https:\\\/\\\/schema.org\",\"@graph\":[{\"@type\":\"WebPage\",\"@id\":\"https:\\\/\\\/alekeskus.eu\\\/toode\\\/suvemaja-kanada-48-alekeskus\\\/\",\"url\":\"https:\\\/\\\/alekeskus.eu\\\/toode\\\/suvemaja-kanada-48-alekeskus\\\/\",\"name\":\"Suvemaja Kanada 36 m\u00b2 + magamiskorrus 12 m\u00b2 + terrass 7,4 m\u00b2 - Alekeskus\",\"isPartOf\":{\"@id\":\"https:\\\/\\\/alekeskus.eu\\\/#website\"},\"primaryImageOfPage\":{\"@id\":\"https:\\\/\\\/alekeskus.eu\\\/toode\\\/suvemaja-kanada-48-alekeskus\\\/#primaryimage\"},\"image\":{\"@id\":\"https:\\\/\\\/alekeskus.eu\\\/toode\\\/suvemaja-kanada-48-alekeskus\\\/#primaryimage\"},\"thumbnailUrl\":\"https:\\\/\\\/alekeskus.eu\\\/wp-content\\\/uploads\\\/2021\\\/11\\\/1006suvemaja-kanada-48-8m-0.jpg\",\"datePublished\":\"2024-02-12T05:21:19+00:00\",\"dateModified\":\"2025-01-05T14:39:06+00:00\",\"description\":\"Ilus klassikaline m\u00f6kki j\u00e4rve v\u00f5i mere kaldale\",\"breadcrumb\":{\"@id\":\"https:\\\/\\\/alekeskus.eu\\\/toode\\\/suvemaja-kanada-48-alekeskus\\\/#breadcrumb\"},\"inLanguage\":\"et\",\"potentialAction\":[{\"@type\":\"ReadAction\",\"target\":[\"https:\\\/\\\/alekeskus.eu\\\/toode\\\/suvemaja-kanada-48-alekeskus\\\/\"]}]},{\"@type\":\"ImageObject\",\"inLanguage\":\"et\",\"@id\":\"https:\\\/\\\/alekeskus.eu\\\/toode\\\/suvemaja-kanada-48-alekeskus\\\/#primaryimage\",\"url\":\"https:\\\/\\\/alekeskus.eu\\\/wp-content\\\/uploads\\\/2021\\\/11\\\/1006suvemaja-kanada-48-8m-0.jpg\",\"contentUrl\":\"https:\\\/\\\/alekeskus.eu\\\/wp-content\\\/uploads\\\/2021\\\/11\\\/1006suvemaja-kanada-48-8m-0.jpg\",\"width\":800,\"height\":600},{\"@type\":\"BreadcrumbList\",\"@id\":\"https:\\\/\\\/alekeskus.eu\\\/toode\\\/suvemaja-kanada-48-alekeskus\\\/#breadcrumb\",\"itemListElement\":[{\"@type\":\"ListItem\",\"position\":1,\"name\":\"Avaleht\",\"item\":\"https:\\\/\\\/alekeskus.eu\\\/et\\\/\"},{\"@type\":\"ListItem\",\"position\":2,\"name\":\"Pood\",\"item\":\"https:\\\/\\\/alekeskus.eu\\\/pood\\\/\"},{\"@type\":\"ListItem\",\"position\":3,\"name\":\"Suvemaja Kanada 36 m\u00b2 + magamiskorrus 12 m\u00b2 + terrass 7,4 m\u00b2\"}]},{\"@type\":\"WebSite\",\"@id\":\"https:\\\/\\\/alekeskus.eu\\\/#website\",\"url\":\"https:\\\/\\\/alekeskus.eu\\\/\",\"name\":\"Alekeskus\",\"description\":\"Alekeskus.eu\",\"potentialAction\":[{\"@type\":\"SearchAction\",\"target\":{\"@type\":\"EntryPoint\",\"urlTemplate\":\"https:\\\/\\\/alekeskus.eu\\\/?s={search_term_string}\"},\"query-input\":{\"@type\":\"PropertyValueSpecification\",\"valueRequired\":true,\"valueName\":\"search_term_string\"}}],\"inLanguage\":\"et\"}]}<\/script>\n<!-- \/ Yoast SEO plugin. -->","yoast_head_json":{"title":"Suvemaja Kanada 36 m\u00b2 + magamiskorrus 12 m\u00b2 + terrass 7,4 m\u00b2 - Alekeskus","description":"Ilus klassikaline m\u00f6kki j\u00e4rve v\u00f5i mere kaldale","robots":{"index":"index","follow":"follow","max-snippet":"max-snippet:-1","max-image-preview":"max-image-preview:large","max-video-preview":"max-video-preview:-1"},"canonical":"https:\/\/alekeskus.eu\/toode\/suvemaja-kanada-48-alekeskus\/","og_locale":"et_EE","og_type":"article","og_title":"Suvemaja Kanada 36 m\u00b2 + magamiskorrus 12 m\u00b2 + terrass 7,4 m\u00b2 - Alekeskus","og_description":"Ilus klassikaline m\u00f6kki j\u00e4rve v\u00f5i mere kaldale","og_url":"https:\/\/alekeskus.eu\/toode\/suvemaja-kanada-48-alekeskus\/","og_site_name":"Alekeskus","article_modified_time":"2025-01-05T14:39:06+00:00","og_image":[{"width":800,"height":600,"url":"https:\/\/alekeskus.eu\/wp-content\/uploads\/2021\/11\/1006suvemaja-kanada-48-8m-0.jpg","type":"image\/jpeg"}],"twitter_card":"summary_large_image","twitter_misc":{"Est. reading time":"1 minut"},"schema":{"@context":"https:\/\/schema.org","@graph":[{"@type":"WebPage","@id":"https:\/\/alekeskus.eu\/toode\/suvemaja-kanada-48-alekeskus\/","url":"https:\/\/alekeskus.eu\/toode\/suvemaja-kanada-48-alekeskus\/","name":"Suvemaja Kanada 36 m\u00b2 + magamiskorrus 12 m\u00b2 + terrass 7,4 m\u00b2 - Alekeskus","isPartOf":{"@id":"https:\/\/alekeskus.eu\/#website"},"primaryImageOfPage":{"@id":"https:\/\/alekeskus.eu\/toode\/suvemaja-kanada-48-alekeskus\/#primaryimage"},"image":{"@id":"https:\/\/alekeskus.eu\/toode\/suvemaja-kanada-48-alekeskus\/#primaryimage"},"thumbnailUrl":"https:\/\/alekeskus.eu\/wp-content\/uploads\/2021\/11\/1006suvemaja-kanada-48-8m-0.jpg","datePublished":"2024-02-12T05:21:19+00:00","dateModified":"2025-01-05T14:39:06+00:00","description":"Ilus klassikaline m\u00f6kki j\u00e4rve v\u00f5i mere kaldale","breadcrumb":{"@id":"https:\/\/alekeskus.eu\/toode\/suvemaja-kanada-48-alekeskus\/#breadcrumb"},"inLanguage":"et","potentialAction":[{"@type":"ReadAction","target":["https:\/\/alekeskus.eu\/toode\/suvemaja-kanada-48-alekeskus\/"]}]},{"@type":"ImageObject","inLanguage":"et","@id":"https:\/\/alekeskus.eu\/toode\/suvemaja-kanada-48-alekeskus\/#primaryimage","url":"https:\/\/alekeskus.eu\/wp-content\/uploads\/2021\/11\/1006suvemaja-kanada-48-8m-0.jpg","contentUrl":"https:\/\/alekeskus.eu\/wp-content\/uploads\/2021\/11\/1006suvemaja-kanada-48-8m-0.jpg","width":800,"height":600},{"@type":"BreadcrumbList","@id":"https:\/\/alekeskus.eu\/toode\/suvemaja-kanada-48-alekeskus\/#breadcrumb","itemListElement":[{"@type":"ListItem","position":1,"name":"Avaleht","item":"https:\/\/alekeskus.eu\/et\/"},{"@type":"ListItem","position":2,"name":"Pood","item":"https:\/\/alekeskus.eu\/pood\/"},{"@type":"ListItem","position":3,"name":"Suvemaja Kanada 36 m\u00b2 + magamiskorrus 12 m\u00b2 + terrass 7,4 m\u00b2"}]},{"@type":"WebSite","@id":"https:\/\/alekeskus.eu\/#website","url":"https:\/\/alekeskus.eu\/","name":"Alekeskus","description":"Alekeskus.eu","potentialAction":[{"@type":"SearchAction","target":{"@type":"EntryPoint","urlTemplate":"https:\/\/alekeskus.eu\/?s={search_term_string}"},"query-input":{"@type":"PropertyValueSpecification","valueRequired":true,"valueName":"search_term_string"}}],"inLanguage":"et"}]}},"brands":[{"id":18577,"name":"Eesti","slug":"eesti"}],"_links":{"self":[{"href":"https:\/\/alekeskus.eu\/et\/wp-json\/wp\/v2\/product\/71400","targetHints":{"allow":["GET"]}}],"collection":[{"href":"https:\/\/alekeskus.eu\/et\/wp-json\/wp\/v2\/product"}],"about":[{"href":"https:\/\/alekeskus.eu\/et\/wp-json\/wp\/v2\/types\/product"}],"wp:featuredmedia":[{"embeddable":true,"href":"https:\/\/alekeskus.eu\/et\/wp-json\/wp\/v2\/media\/71382"}],"wp:attachment":[{"href":"https:\/\/alekeskus.eu\/et\/wp-json\/wp\/v2\/media?parent=71400"}],"wp:term":[{"taxonomy":"pwb-brand","embeddable":true,"href":"https:\/\/alekeskus.eu\/et\/wp-json\/wp\/v2\/pwb-brand?post=71400"},{"taxonomy":"product_brand","embeddable":true,"href":"https:\/\/alekeskus.eu\/et\/wp-json\/wp\/v2\/product_brand?post=71400"},{"taxonomy":"product_cat","embeddable":true,"href":"https:\/\/alekeskus.eu\/et\/wp-json\/wp\/v2\/product_cat?post=71400"},{"taxonomy":"product_tag","embeddable":true,"href":"https:\/\/alekeskus.eu\/et\/wp-json\/wp\/v2\/product_tag?post=71400"}],"curies":[{"name":"wp","href":"https:\/\/api.w.org\/{rel}","templated":true}]}}

<p>Välismõõdud:<strong> 7,9 x 5,4 m</strong>. Harja kõrgus <strong>4,6 m</strong>, seina kõrgus <strong>2,5 m</strong>.</p>
<ul>
<li>tuuletappidega freespalk <strong>70 mm</strong>, tormikinnitused</li>
<li>süvaimmutatud alusprussid 45 x 70 mm</li>
<li>terrass 5,4 x 1,5 m, süvaimmutatud terrassilauad 28 x 120 mm</li>
<li>magamiskorrus</li>
<li>aknad pakettklaasiga 65 x 65 cm, 3 x 92 x 105 cm, 3 x 137 x 105 cm</li>
<li>punnsoonega põrandalauad 28 x 112 mm ja katuselaudis 18 x 90 mm</li>
<li>siseuks 83 x 200 cm ja pakettklaasiga välisuks 83 x 200 cm; liimpuidust ukselengid ja silinderlukud</li>
<li>katusekate ei sisaldu hinnas(tarve 25 pakki bituumensindlit)</li>
<li>kinnitusvahendid ja koostejuhend</li>
<li>tehase garantii 5 aastat</li>
<li>ilmastikukindel pakend</li>
<li>võimalik teha mõõtudes ja avatäidetes muudatusi</li>
<li>ehitusteatise jaoks vajalikud joonised</li>
<li>tellimiseks piisab poole hinna ettemaksust (tellimisaeg 2-3 kuud)</li>
<li>Eesti toode</li>
</ul>
<p>Küsi ka paigaldust!</p>

<!-- This site is optimized with the Yoast SEO plugin v27.3 - https://yoast.com/product/yoast-seo-wordpress/ -->
<title>Suvemaja Kanada 36 m² + magamiskorrus 12 m² + terrass 7,4 m² - Alekeskus</title>
<meta name="description" content="Ilus klassikaline mökki järve või mere kaldale" />
<meta name="robots" content="index, follow, max-snippet:-1, max-image-preview:large, max-video-preview:-1" />
<link rel="canonical" href="https://alekeskus.eu/toode/suvemaja-kanada-48-alekeskus/" />
<meta property="og:locale" content="et_EE" />
<meta property="og:type" content="article" />
<meta property="og:title" content="Suvemaja Kanada 36 m² + magamiskorrus 12 m² + terrass 7,4 m² - Alekeskus" />
<meta property="og:description" content="Ilus klassikaline mökki järve või mere kaldale" />
<meta property="og:url" content="https://alekeskus.eu/toode/suvemaja-kanada-48-alekeskus/" />
<meta property="og:site_name" content="Alekeskus" />
<meta property="article:modified_time" content="2025-01-05T14:39:06+00:00" />
<meta property="og:image" content="https://alekeskus.eu/wp-content/uploads/2021/11/1006suvemaja-kanada-48-8m-0.jpg" />
	<meta property="og:image:width" content="800" />
	<meta property="og:image:height" content="600" />
	<meta property="og:image:type" content="image/jpeg" />
<meta name="twitter:card" content="summary_large_image" />
<meta name="twitter:label1" content="Est. reading time" />
	<meta name="twitter:data1" content="1 minut" />
<script type="application/ld+json" class="yoast-schema-graph">{"@context":"https:\/\/schema.org","@graph":[{"@type":"WebPage","@id":"https:\/\/alekeskus.eu\/toode\/suvemaja-kanada-48-alekeskus\/","url":"https:\/\/alekeskus.eu\/toode\/suvemaja-kanada-48-alekeskus\/","name":"Suvemaja Kanada 36 m² + magamiskorrus 12 m² + terrass 7,4 m² - Alekeskus","isPartOf":{"@id":"https:\/\/alekeskus.eu\/#website"},"primaryImageOfPage":{"@id":"https:\/\/alekeskus.eu\/toode\/suvemaja-kanada-48-alekeskus\/#primaryimage"},"image":{"@id":"https:\/\/alekeskus.eu\/toode\/suvemaja-kanada-48-alekeskus\/#primaryimage"},"thumbnailUrl":"https:\/\/alekeskus.eu\/wp-content\/uploads\/2021\/11\/1006suvemaja-kanada-48-8m-0.jpg","datePublished":"2024-02-12T05:21:19+00:00","dateModified":"2025-01-05T14:39:06+00:00","description":"Ilus klassikaline mökki järve või mere kaldale","breadcrumb":{"@id":"https:\/\/alekeskus.eu\/toode\/suvemaja-kanada-48-alekeskus\/#breadcrumb"},"inLanguage":"et","potentialAction":[{"@type":"ReadAction","target":["https:\/\/alekeskus.eu\/toode\/suvemaja-kanada-48-alekeskus\/"]}]},{"@type":"ImageObject","inLanguage":"et","@id":"https:\/\/alekeskus.eu\/toode\/suvemaja-kanada-48-alekeskus\/#primaryimage","url":"https:\/\/alekeskus.eu\/wp-content\/uploads\/2021\/11\/1006suvemaja-kanada-48-8m-0.jpg","contentUrl":"https:\/\/alekeskus.eu\/wp-content\/uploads\/2021\/11\/1006suvemaja-kanada-48-8m-0.jpg","width":800,"height":600},{"@type":"BreadcrumbList","@id":"https:\/\/alekeskus.eu\/toode\/suvemaja-kanada-48-alekeskus\/#breadcrumb","itemListElement":[{"@type":"ListItem","position":1,"name":"Avaleht","item":"https:\/\/alekeskus.eu\/et\/"},{"@type":"ListItem","position":2,"name":"Pood","item":"https:\/\/alekeskus.eu\/pood\/"},{"@type":"ListItem","position":3,"name":"Suvemaja Kanada 36 m² + magamiskorrus 12 m² + terrass 7,4 m²"}]},{"@type":"WebSite","@id":"https:\/\/alekeskus.eu\/#website","url":"https:\/\/alekeskus.eu\/","name":"Alekeskus","description":"Alekeskus.eu","potentialAction":[{"@type":"SearchAction","target":{"@type":"EntryPoint","urlTemplate":"https:\/\/alekeskus.eu\/?s={search_term_string}"},"query-input":{"@type":"PropertyValueSpecification","valueRequired":true,"valueName":"search_term_string"}}],"inLanguage":"et"}]}</script>
<!-- / Yoast SEO plugin. -->

Ilus klassikaline mökki järve või mere kaldale
