{"id":77183,"date":"2024-08-11T14:35:28","date_gmt":"2024-08-11T14:35:28","guid":{"rendered":"https:\/\/alekeskus.eu\/?post_type=product&#038;p=77183"},"modified":"2025-01-05T14:31:47","modified_gmt":"2025-01-05T14:31:47","slug":"aiamaja-bravo-27m-terrass-alekeskus","status":"publish","type":"product","link":"https:\/\/alekeskus.eu\/et\/toode\/aiamaja-bravo-27m-terrass-alekeskus\/","title":{"rendered":"Aiamaja-k\u00fclalistemaja Bravo 27 m\u00b2 + terrass 19 m\u00b2"},"content":{"rendered":"","protected":false},"excerpt":{"rendered":"<p>V\u00e4lism\u00f5\u00f5dud: <strong>700<\/strong><b> x 400 cm + terrass. <\/b>Seina k\u00f5rgused<strong> 251 ja 239 cm.\u00a0<\/strong><\/p>\n<ul>\n<li><strong>kruvitav tappideta nurgalahendus<\/strong>, freespalk <strong>44 mm<\/strong><\/li>\n<li>punnitud p\u00f5randa- ja katuselauad 18 x 90 mm; s\u00fcvaimmutatud alusraam 45 x 45 mm ja 45 x 70 mm<\/li>\n<li>terrass 19 m<sup>2 <\/sup>, immutatud alusprussid 45 x 45 mm ja terrassilauad 19 x 90 mm<\/li>\n<li>liimpuitpostid 120 x 120 mm, muudetava k\u00f5rgusega terasest postijalad<\/li>\n<li>uks pakettklaasiga 266 x 196 cm; aknad pakettklaasiga\n<div class=\"spec-multi\">2tk x 150 x 41 cm(mitteavanevad), sisse avanevad 2tk x 56 x 178 cm ja mitteavanev 101 x 178 cm<\/div>\n<\/li>\n<li>r\u00e4\u00e4stas 25 cm, katuse kalle 1\u00b0, katuse pindala 52 m<sup>2<\/sup><\/li>\n<li>\n<div class=\"spec-name\">kinnitusvahendid, koostejuhend<\/div>\n<\/li>\n<li>katusepapp v\u00f5i SBS rullkate lisahinnaga<\/li>\n<li>tehase garantii 5 aastat<\/li>\n<li>ilmastikukindel pakend<\/li>\n<li>Eesti toode<\/li>\n<\/ul>\n<p>Vedu mandril tellijapoolse mahalaadimisega 180\u20ac v\u00f5i kraana-autoga 350\u20ac(suursaartele vastavalt 280\u20ac ja 590\u20ac).<\/p>\n<p>K\u00fcsi ka paigaldust!<\/p>\n","protected":false},"featured_media":77215,"template":"","meta":{"_monsterinsights_skip_tracking":false,"_monsterinsights_sitenote_active":false,"_monsterinsights_sitenote_note":"","_monsterinsights_sitenote_category":0},"pwb-brand":[18577],"product_brand":[],"product_cat":[17182,13592,13538,13540,13596,13604,13608,13610],"product_tag":[15278,18565,15285,15357,13864,15516,13913,16285,14224,14277,14278,14310,13813,15264,13832],"class_list":{"0":"post-77183","1":"product","2":"type-product","3":"status-publish","4":"has-post-thumbnail","6":"pwb-brand-eesti","7":"product_cat-suvekoogid-alekeskus","8":"product_cat-aia-ja-grillmajad","9":"product_cat-ale","10":"product_cat-hooned-alekeskus","11":"product_cat-varjualused-talveaiad-alekeskus","12":"product_cat-saunad","13":"product_cat-kontorid","14":"product_cat-suvilad","15":"product_tag-valikook","16":"product_tag-etatyotila-2","17":"product_tag-kesamokki","18":"product_tag-grillmaja","19":"product_tag-huvimaja","20":"product_tag-suvekook","21":"product_tag-vierasmaja","22":"product_tag-rantasauna","23":"product_tag-varjualune","24":"product_tag-freespalk","25":"product_tag-kulalistemaja","26":"product_tag-kodukontor","27":"product_tag-aiamaja","28":"product_tag-grillikatos","29":"product_tag-kesakeittio","30":"product_shipping_class-alates-1000kg","31":"pa_garantii-5-aastat","32":"pa_kohaletoimetamine-alates-180e","33":"pa_laoasukoht-tartumaa","34":"pa_pindalam-17720","35":"pa_seinapaksus-17405","36":"pa_tellimisaeg-1-8-nadalat","37":"pa_varv-viimistlemata","38":"pa_veame-eesti-ja-soome","40":"first","41":"onbackorder","42":"sale","43":"featured","44":"taxable","45":"shipping-taxable","46":"purchasable","47":"product-type-simple"},"yoast_head":"<!-- This site is optimized with the Yoast SEO plugin v27.3 - https:\/\/yoast.com\/product\/yoast-seo-wordpress\/ -->\n<title>Aiamaja-k\u00fclalistemaja Bravo 27 m\u00b2 + terrass 19 m\u00b2 - Alekeskus<\/title>\n<meta name=\"description\" content=\"Kaasaegse v\u00e4limusega kodukontor eraldi kuuriosaga ja l\u00fckandustega\" \/>\n<meta name=\"robots\" content=\"index, follow, max-snippet:-1, max-image-preview:large, max-video-preview:-1\" \/>\n<link rel=\"canonical\" href=\"https:\/\/alekeskus.eu\/et\/toode\/aiamaja-bravo-27m-terrass-alekeskus\/\" \/>\n<meta property=\"og:locale\" content=\"et_EE\" \/>\n<meta property=\"og:type\" content=\"article\" \/>\n<meta property=\"og:title\" content=\"Mullivannimaja\" \/>\n<meta property=\"og:description\" content=\"Oma mullivannimajake koduaeda\" \/>\n<meta property=\"og:url\" content=\"https:\/\/alekeskus.eu\/et\/toode\/aiamaja-bravo-27m-terrass-alekeskus\/\" \/>\n<meta property=\"og:site_name\" content=\"Alekeskus\" \/>\n<meta property=\"article:modified_time\" content=\"2025-01-05T14:31:47+00:00\" \/>\n<meta name=\"twitter:card\" content=\"summary_large_image\" \/>\n<meta name=\"twitter:image\" content=\"https:\/\/alekeskus.eu\/wp-content\/uploads\/2022\/08\/Brava-loodus-terrassiga.jpg\" \/>\n<meta name=\"twitter:label1\" content=\"Est. reading time\" \/>\n\t<meta name=\"twitter:data1\" content=\"1 minut\" \/>\n<script type=\"application\/ld+json\" class=\"yoast-schema-graph\">{\"@context\":\"https:\\\/\\\/schema.org\",\"@graph\":[{\"@type\":\"WebPage\",\"@id\":\"https:\\\/\\\/alekeskus.eu\\\/et\\\/toode\\\/aiamaja-bravo-27m-terrass-alekeskus\\\/\",\"url\":\"https:\\\/\\\/alekeskus.eu\\\/et\\\/toode\\\/aiamaja-bravo-27m-terrass-alekeskus\\\/\",\"name\":\"Aiamaja-k\u00fclalistemaja Bravo 27 m\u00b2 + terrass 19 m\u00b2 - Alekeskus\",\"isPartOf\":{\"@id\":\"https:\\\/\\\/alekeskus.eu\\\/#website\"},\"primaryImageOfPage\":{\"@id\":\"https:\\\/\\\/alekeskus.eu\\\/et\\\/toode\\\/aiamaja-bravo-27m-terrass-alekeskus\\\/#primaryimage\"},\"image\":{\"@id\":\"https:\\\/\\\/alekeskus.eu\\\/et\\\/toode\\\/aiamaja-bravo-27m-terrass-alekeskus\\\/#primaryimage\"},\"thumbnailUrl\":\"https:\\\/\\\/alekeskus.eu\\\/wp-content\\\/uploads\\\/2022\\\/08\\\/Brava-loodus-terrassiga.jpg\",\"datePublished\":\"2024-08-11T14:35:28+00:00\",\"dateModified\":\"2025-01-05T14:31:47+00:00\",\"description\":\"Kaasaegse v\u00e4limusega kodukontor eraldi kuuriosaga ja l\u00fckandustega\",\"breadcrumb\":{\"@id\":\"https:\\\/\\\/alekeskus.eu\\\/et\\\/toode\\\/aiamaja-bravo-27m-terrass-alekeskus\\\/#breadcrumb\"},\"inLanguage\":\"et\",\"potentialAction\":[{\"@type\":\"ReadAction\",\"target\":[\"https:\\\/\\\/alekeskus.eu\\\/et\\\/toode\\\/aiamaja-bravo-27m-terrass-alekeskus\\\/\"]}]},{\"@type\":\"ImageObject\",\"inLanguage\":\"et\",\"@id\":\"https:\\\/\\\/alekeskus.eu\\\/et\\\/toode\\\/aiamaja-bravo-27m-terrass-alekeskus\\\/#primaryimage\",\"url\":\"https:\\\/\\\/alekeskus.eu\\\/wp-content\\\/uploads\\\/2022\\\/08\\\/Brava-loodus-terrassiga.jpg\",\"contentUrl\":\"https:\\\/\\\/alekeskus.eu\\\/wp-content\\\/uploads\\\/2022\\\/08\\\/Brava-loodus-terrassiga.jpg\",\"width\":1600,\"height\":1067},{\"@type\":\"BreadcrumbList\",\"@id\":\"https:\\\/\\\/alekeskus.eu\\\/et\\\/toode\\\/aiamaja-bravo-27m-terrass-alekeskus\\\/#breadcrumb\",\"itemListElement\":[{\"@type\":\"ListItem\",\"position\":1,\"name\":\"Avaleht\",\"item\":\"https:\\\/\\\/alekeskus.eu\\\/et\\\/\"},{\"@type\":\"ListItem\",\"position\":2,\"name\":\"Pood\",\"item\":\"https:\\\/\\\/alekeskus.eu\\\/pood\\\/\"},{\"@type\":\"ListItem\",\"position\":3,\"name\":\"Aiamaja-k\u00fclalistemaja Bravo 27 m\u00b2 + terrass 19 m\u00b2\"}]},{\"@type\":\"WebSite\",\"@id\":\"https:\\\/\\\/alekeskus.eu\\\/#website\",\"url\":\"https:\\\/\\\/alekeskus.eu\\\/\",\"name\":\"Alekeskus\",\"description\":\"Alekeskus.eu\",\"potentialAction\":[{\"@type\":\"SearchAction\",\"target\":{\"@type\":\"EntryPoint\",\"urlTemplate\":\"https:\\\/\\\/alekeskus.eu\\\/?s={search_term_string}\"},\"query-input\":{\"@type\":\"PropertyValueSpecification\",\"valueRequired\":true,\"valueName\":\"search_term_string\"}}],\"inLanguage\":\"et\"}]}<\/script>\n<!-- \/ Yoast SEO plugin. -->","yoast_head_json":{"title":"Aiamaja-k\u00fclalistemaja Bravo 27 m\u00b2 + terrass 19 m\u00b2 - Alekeskus","description":"Kaasaegse v\u00e4limusega kodukontor eraldi kuuriosaga ja l\u00fckandustega","robots":{"index":"index","follow":"follow","max-snippet":"max-snippet:-1","max-image-preview":"max-image-preview:large","max-video-preview":"max-video-preview:-1"},"canonical":"https:\/\/alekeskus.eu\/et\/toode\/aiamaja-bravo-27m-terrass-alekeskus\/","og_locale":"et_EE","og_type":"article","og_title":"Mullivannimaja","og_description":"Oma mullivannimajake koduaeda","og_url":"https:\/\/alekeskus.eu\/et\/toode\/aiamaja-bravo-27m-terrass-alekeskus\/","og_site_name":"Alekeskus","article_modified_time":"2025-01-05T14:31:47+00:00","twitter_card":"summary_large_image","twitter_image":"https:\/\/alekeskus.eu\/wp-content\/uploads\/2022\/08\/Brava-loodus-terrassiga.jpg","twitter_misc":{"Est. reading time":"1 minut"},"schema":{"@context":"https:\/\/schema.org","@graph":[{"@type":"WebPage","@id":"https:\/\/alekeskus.eu\/et\/toode\/aiamaja-bravo-27m-terrass-alekeskus\/","url":"https:\/\/alekeskus.eu\/et\/toode\/aiamaja-bravo-27m-terrass-alekeskus\/","name":"Aiamaja-k\u00fclalistemaja Bravo 27 m\u00b2 + terrass 19 m\u00b2 - Alekeskus","isPartOf":{"@id":"https:\/\/alekeskus.eu\/#website"},"primaryImageOfPage":{"@id":"https:\/\/alekeskus.eu\/et\/toode\/aiamaja-bravo-27m-terrass-alekeskus\/#primaryimage"},"image":{"@id":"https:\/\/alekeskus.eu\/et\/toode\/aiamaja-bravo-27m-terrass-alekeskus\/#primaryimage"},"thumbnailUrl":"https:\/\/alekeskus.eu\/wp-content\/uploads\/2022\/08\/Brava-loodus-terrassiga.jpg","datePublished":"2024-08-11T14:35:28+00:00","dateModified":"2025-01-05T14:31:47+00:00","description":"Kaasaegse v\u00e4limusega kodukontor eraldi kuuriosaga ja l\u00fckandustega","breadcrumb":{"@id":"https:\/\/alekeskus.eu\/et\/toode\/aiamaja-bravo-27m-terrass-alekeskus\/#breadcrumb"},"inLanguage":"et","potentialAction":[{"@type":"ReadAction","target":["https:\/\/alekeskus.eu\/et\/toode\/aiamaja-bravo-27m-terrass-alekeskus\/"]}]},{"@type":"ImageObject","inLanguage":"et","@id":"https:\/\/alekeskus.eu\/et\/toode\/aiamaja-bravo-27m-terrass-alekeskus\/#primaryimage","url":"https:\/\/alekeskus.eu\/wp-content\/uploads\/2022\/08\/Brava-loodus-terrassiga.jpg","contentUrl":"https:\/\/alekeskus.eu\/wp-content\/uploads\/2022\/08\/Brava-loodus-terrassiga.jpg","width":1600,"height":1067},{"@type":"BreadcrumbList","@id":"https:\/\/alekeskus.eu\/et\/toode\/aiamaja-bravo-27m-terrass-alekeskus\/#breadcrumb","itemListElement":[{"@type":"ListItem","position":1,"name":"Avaleht","item":"https:\/\/alekeskus.eu\/et\/"},{"@type":"ListItem","position":2,"name":"Pood","item":"https:\/\/alekeskus.eu\/pood\/"},{"@type":"ListItem","position":3,"name":"Aiamaja-k\u00fclalistemaja Bravo 27 m\u00b2 + terrass 19 m\u00b2"}]},{"@type":"WebSite","@id":"https:\/\/alekeskus.eu\/#website","url":"https:\/\/alekeskus.eu\/","name":"Alekeskus","description":"Alekeskus.eu","potentialAction":[{"@type":"SearchAction","target":{"@type":"EntryPoint","urlTemplate":"https:\/\/alekeskus.eu\/?s={search_term_string}"},"query-input":{"@type":"PropertyValueSpecification","valueRequired":true,"valueName":"search_term_string"}}],"inLanguage":"et"}]}},"brands":[{"id":18577,"name":"Eesti","slug":"eesti"}],"_links":{"self":[{"href":"https:\/\/alekeskus.eu\/et\/wp-json\/wp\/v2\/product\/77183","targetHints":{"allow":["GET"]}}],"collection":[{"href":"https:\/\/alekeskus.eu\/et\/wp-json\/wp\/v2\/product"}],"about":[{"href":"https:\/\/alekeskus.eu\/et\/wp-json\/wp\/v2\/types\/product"}],"wp:featuredmedia":[{"embeddable":true,"href":"https:\/\/alekeskus.eu\/et\/wp-json\/wp\/v2\/media\/77215"}],"wp:attachment":[{"href":"https:\/\/alekeskus.eu\/et\/wp-json\/wp\/v2\/media?parent=77183"}],"wp:term":[{"taxonomy":"pwb-brand","embeddable":true,"href":"https:\/\/alekeskus.eu\/et\/wp-json\/wp\/v2\/pwb-brand?post=77183"},{"taxonomy":"product_brand","embeddable":true,"href":"https:\/\/alekeskus.eu\/et\/wp-json\/wp\/v2\/product_brand?post=77183"},{"taxonomy":"product_cat","embeddable":true,"href":"https:\/\/alekeskus.eu\/et\/wp-json\/wp\/v2\/product_cat?post=77183"},{"taxonomy":"product_tag","embeddable":true,"href":"https:\/\/alekeskus.eu\/et\/wp-json\/wp\/v2\/product_tag?post=77183"}],"curies":[{"name":"wp","href":"https:\/\/api.w.org\/{rel}","templated":true}]}}

Aiamaja-külalistemaja Bravo 27 m² + terrass 19 m²

<p>Välismõõdud: <strong>700</strong><b> x 400 cm + terrass. </b>Seina kõrgused<strong> 251 ja 239 cm. </strong></p>
<ul>
<li><strong>kruvitav tappideta nurgalahendus</strong>, freespalk <strong>44 mm</strong></li>
<li>punnitud põranda- ja katuselauad 18 x 90 mm; süvaimmutatud alusraam 45 x 45 mm ja 45 x 70 mm</li>
<li>terrass 19 m<sup>2 </sup>, immutatud alusprussid 45 x 45 mm ja terrassilauad 19 x 90 mm</li>
<li>liimpuitpostid 120 x 120 mm, muudetava kõrgusega terasest postijalad</li>
<li>uks pakettklaasiga 266 x 196 cm; aknad pakettklaasiga
<div class="spec-multi">2tk x 150 x 41 cm(mitteavanevad), sisse avanevad 2tk x 56 x 178 cm ja mitteavanev 101 x 178 cm</div>
</li>
<li>räästas 25 cm, katuse kalle 1°, katuse pindala 52 m<sup>2</sup></li>
<li>
<div class="spec-name">kinnitusvahendid, koostejuhend</div>
</li>
<li>katusepapp või SBS rullkate lisahinnaga</li>
<li>tehase garantii 5 aastat</li>
<li>ilmastikukindel pakend</li>
<li>Eesti toode</li>
</ul>
<p>Vedu mandril tellijapoolse mahalaadimisega 180€ või kraana-autoga 350€(suursaartele vastavalt 280€ ja 590€).</p>
<p>Küsi ka paigaldust!</p>

<!-- This site is optimized with the Yoast SEO plugin v27.3 - https://yoast.com/product/yoast-seo-wordpress/ -->
<title>Aiamaja-külalistemaja Bravo 27 m² + terrass 19 m² - Alekeskus</title>
<meta name="description" content="Kaasaegse välimusega kodukontor eraldi kuuriosaga ja lükandustega" />
<meta name="robots" content="index, follow, max-snippet:-1, max-image-preview:large, max-video-preview:-1" />
<link rel="canonical" href="https://alekeskus.eu/et/toode/aiamaja-bravo-27m-terrass-alekeskus/" />
<meta property="og:locale" content="et_EE" />
<meta property="og:type" content="article" />
<meta property="og:title" content="Mullivannimaja" />
<meta property="og:description" content="Oma mullivannimajake koduaeda" />
<meta property="og:url" content="https://alekeskus.eu/et/toode/aiamaja-bravo-27m-terrass-alekeskus/" />
<meta property="og:site_name" content="Alekeskus" />
<meta property="article:modified_time" content="2025-01-05T14:31:47+00:00" />
<meta name="twitter:card" content="summary_large_image" />
<meta name="twitter:image" content="https://alekeskus.eu/wp-content/uploads/2022/08/Brava-loodus-terrassiga.jpg" />
<meta name="twitter:label1" content="Est. reading time" />
	<meta name="twitter:data1" content="1 minut" />
<script type="application/ld+json" class="yoast-schema-graph">{"@context":"https:\/\/schema.org","@graph":[{"@type":"WebPage","@id":"https:\/\/alekeskus.eu\/et\/toode\/aiamaja-bravo-27m-terrass-alekeskus\/","url":"https:\/\/alekeskus.eu\/et\/toode\/aiamaja-bravo-27m-terrass-alekeskus\/","name":"Aiamaja-külalistemaja Bravo 27 m² + terrass 19 m² - Alekeskus","isPartOf":{"@id":"https:\/\/alekeskus.eu\/#website"},"primaryImageOfPage":{"@id":"https:\/\/alekeskus.eu\/et\/toode\/aiamaja-bravo-27m-terrass-alekeskus\/#primaryimage"},"image":{"@id":"https:\/\/alekeskus.eu\/et\/toode\/aiamaja-bravo-27m-terrass-alekeskus\/#primaryimage"},"thumbnailUrl":"https:\/\/alekeskus.eu\/wp-content\/uploads\/2022\/08\/Brava-loodus-terrassiga.jpg","datePublished":"2024-08-11T14:35:28+00:00","dateModified":"2025-01-05T14:31:47+00:00","description":"Kaasaegse välimusega kodukontor eraldi kuuriosaga ja lükandustega","breadcrumb":{"@id":"https:\/\/alekeskus.eu\/et\/toode\/aiamaja-bravo-27m-terrass-alekeskus\/#breadcrumb"},"inLanguage":"et","potentialAction":[{"@type":"ReadAction","target":["https:\/\/alekeskus.eu\/et\/toode\/aiamaja-bravo-27m-terrass-alekeskus\/"]}]},{"@type":"ImageObject","inLanguage":"et","@id":"https:\/\/alekeskus.eu\/et\/toode\/aiamaja-bravo-27m-terrass-alekeskus\/#primaryimage","url":"https:\/\/alekeskus.eu\/wp-content\/uploads\/2022\/08\/Brava-loodus-terrassiga.jpg","contentUrl":"https:\/\/alekeskus.eu\/wp-content\/uploads\/2022\/08\/Brava-loodus-terrassiga.jpg","width":1600,"height":1067},{"@type":"BreadcrumbList","@id":"https:\/\/alekeskus.eu\/et\/toode\/aiamaja-bravo-27m-terrass-alekeskus\/#breadcrumb","itemListElement":[{"@type":"ListItem","position":1,"name":"Avaleht","item":"https:\/\/alekeskus.eu\/et\/"},{"@type":"ListItem","position":2,"name":"Pood","item":"https:\/\/alekeskus.eu\/pood\/"},{"@type":"ListItem","position":3,"name":"Aiamaja-külalistemaja Bravo 27 m² + terrass 19 m²"}]},{"@type":"WebSite","@id":"https:\/\/alekeskus.eu\/#website","url":"https:\/\/alekeskus.eu\/","name":"Alekeskus","description":"Alekeskus.eu","potentialAction":[{"@type":"SearchAction","target":{"@type":"EntryPoint","urlTemplate":"https:\/\/alekeskus.eu\/?s={search_term_string}"},"query-input":{"@type":"PropertyValueSpecification","valueRequired":true,"valueName":"search_term_string"}}],"inLanguage":"et"}]}</script>
<!-- / Yoast SEO plugin. -->

Aiamaja-külalistemaja Bravo 27 m² + terrass 19 m² - Alekeskus

Kaasaegse välimusega kodukontor eraldi kuuriosaga ja lükandustega
