{"id":82794,"date":"2023-05-30T11:11:34","date_gmt":"2023-05-30T11:11:34","guid":{"rendered":"https:\/\/alekeskus.eu\/?post_type=product&#038;p=82794"},"modified":"2023-05-30T11:26:04","modified_gmt":"2023-05-30T11:26:04","slug":"kuur-combi-87m%c2%b2-kuttepuude-hoidlaga-2","status":"publish","type":"product","link":"https:\/\/alekeskus.eu\/et\/toode\/kuur-combi-87m%c2%b2-kuttepuude-hoidlaga-2\/","title":{"rendered":"Kuur Combi 8,7m\u00b2 k\u00fcttepuude hoidlaga paigaldamine L\u00e4\u00e4ne-Virumaal"},"content":{"rendered":"<div>\n<div id=\"pilt_2956\">\n<div>\n<div id=\"pilt_2185\"><\/div>\n<\/div>\n<div>\n<div id=\"pilt_2194\"><\/div>\n<div class=\"gal-text\"><\/div>\n<\/div>\n<div>\n<div id=\"pilt_2195\"><\/div>\n<div class=\"gal-text\"><\/div>\n<\/div>\n<\/div>\n<div class=\"gal-text\">\n<div id=\"pilt_2957\"><\/div>\n<\/div>\n<\/div>\n<div>\n<div id=\"pilt_2960\"><\/div>\n<\/div>\n","protected":false},"excerpt":{"rendered":"<p>L\u00e4\u00e4ne-Virumaal paigaldatud kuur.<\/p>\n<p>V\u00e4lism\u00f5\u00f5dud: <strong>2,4 x 3,6 m<\/strong>. K\u00fcttepuude hoidla 1.9 m\u00b2. Sisem\u00f5\u00f5dud 228 x 261 ja 228 x 84 cm.<\/p>\n<p>K\u00fcttepuude ladustamine kuuri tagaosas.<\/p>\n<p>Seinad(valmiselemendid), p\u00f5rand ja lagi 19 mm punnlauast. P\u00f5randaprussid 44 x 94 mm, katusekandurid 44 x 63 mm. Katusekate Eternit Agro.<\/p>\n<p>Garantii 2 aastat.<\/p>\n","protected":false},"featured_media":82772,"template":"","meta":{"_monsterinsights_skip_tracking":false,"_monsterinsights_sitenote_active":false,"_monsterinsights_sitenote_note":"","_monsterinsights_sitenote_category":0},"pwb-brand":[],"product_brand":[],"product_cat":[13620,13544],"product_tag":[13988,13989,16271,13815,13849,13983,13987],"class_list":{"0":"post-82794","1":"product","2":"type-product","3":"status-publish","4":"has-post-thumbnail","6":"product_cat-aiamajad","7":"product_cat-tehtud-tood","8":"product_tag-varasto","9":"product_tag-kombi","10":"product_tag-aiamajade-paigaldus","11":"product_tag-kuur","12":"product_tag-shed","13":"product_tag-piharakennus","14":"product_tag-puukuur","15":"product_shipping_class-kuni-1000kg","16":"pa_garantii-2-aastat","17":"pa_kohaletoimetamine-alates-100e","18":"pa_pakendimoodud-23x12x08m","19":"pa_pindalam-14262","20":"pa_tellimisaeg-tilausaika-alekeskus","21":"pa_varv-viimistlemata","23":"first","24":"onbackorder","25":"taxable","26":"shipping-taxable","27":"purchasable","28":"product-type-simple"},"yoast_head":"<!-- This site is optimized with the Yoast SEO plugin v27.3 - https:\/\/yoast.com\/product\/yoast-seo-wordpress\/ -->\n<title>Kuur Combi 8,7m\u00b2 k\u00fcttepuude hoidlaga paigaldamine L\u00e4\u00e4ne-Virumaal - Alekeskus<\/title>\n<meta name=\"description\" content=\"Kuur k\u00fcttepuude hoidlaga\" \/>\n<meta name=\"robots\" content=\"index, follow, max-snippet:-1, max-image-preview:large, max-video-preview:-1\" \/>\n<link rel=\"canonical\" href=\"https:\/\/alekeskus.eu\/toode\/kuur-combi-87m\u00b2-kuttepuude-hoidlaga-2\/\" \/>\n<meta property=\"og:locale\" content=\"et_EE\" \/>\n<meta property=\"og:type\" content=\"article\" \/>\n<meta property=\"og:title\" content=\"Kuur Combi 8,7m\u00b2 k\u00fcttepuude hoidlaga paigaldamine L\u00e4\u00e4ne-Virumaal - Alekeskus\" \/>\n<meta property=\"og:description\" content=\"Kuur k\u00fcttepuude hoidlaga\" \/>\n<meta property=\"og:url\" content=\"https:\/\/alekeskus.eu\/toode\/kuur-combi-87m\u00b2-kuttepuude-hoidlaga-2\/\" \/>\n<meta property=\"og:site_name\" content=\"Alekeskus\" \/>\n<meta property=\"article:modified_time\" content=\"2023-05-30T11:26:04+00:00\" \/>\n<meta property=\"og:image\" content=\"https:\/\/alekeskus.eu\/wp-content\/uploads\/2023\/04\/Valmis-2.paev-kulg.jpg\" \/>\n\t<meta property=\"og:image:width\" content=\"1094\" \/>\n\t<meta property=\"og:image:height\" content=\"820\" \/>\n\t<meta property=\"og:image:type\" content=\"image\/jpeg\" \/>\n<meta name=\"twitter:card\" content=\"summary_large_image\" \/>\n<script type=\"application\/ld+json\" class=\"yoast-schema-graph\">{\"@context\":\"https:\\\/\\\/schema.org\",\"@graph\":[{\"@type\":\"WebPage\",\"@id\":\"https:\\\/\\\/alekeskus.eu\\\/toode\\\/kuur-combi-87m%c2%b2-kuttepuude-hoidlaga-2\\\/\",\"url\":\"https:\\\/\\\/alekeskus.eu\\\/toode\\\/kuur-combi-87m%c2%b2-kuttepuude-hoidlaga-2\\\/\",\"name\":\"Kuur Combi 8,7m\u00b2 k\u00fcttepuude hoidlaga paigaldamine L\u00e4\u00e4ne-Virumaal - Alekeskus\",\"isPartOf\":{\"@id\":\"https:\\\/\\\/alekeskus.eu\\\/#website\"},\"primaryImageOfPage\":{\"@id\":\"https:\\\/\\\/alekeskus.eu\\\/toode\\\/kuur-combi-87m%c2%b2-kuttepuude-hoidlaga-2\\\/#primaryimage\"},\"image\":{\"@id\":\"https:\\\/\\\/alekeskus.eu\\\/toode\\\/kuur-combi-87m%c2%b2-kuttepuude-hoidlaga-2\\\/#primaryimage\"},\"thumbnailUrl\":\"https:\\\/\\\/alekeskus.eu\\\/wp-content\\\/uploads\\\/2023\\\/04\\\/Valmis-2.paev-kulg.jpg\",\"datePublished\":\"2023-05-30T11:11:34+00:00\",\"dateModified\":\"2023-05-30T11:26:04+00:00\",\"description\":\"Kuur k\u00fcttepuude hoidlaga\",\"breadcrumb\":{\"@id\":\"https:\\\/\\\/alekeskus.eu\\\/toode\\\/kuur-combi-87m%c2%b2-kuttepuude-hoidlaga-2\\\/#breadcrumb\"},\"inLanguage\":\"et\",\"potentialAction\":[{\"@type\":\"ReadAction\",\"target\":[\"https:\\\/\\\/alekeskus.eu\\\/toode\\\/kuur-combi-87m%c2%b2-kuttepuude-hoidlaga-2\\\/\"]}]},{\"@type\":\"ImageObject\",\"inLanguage\":\"et\",\"@id\":\"https:\\\/\\\/alekeskus.eu\\\/toode\\\/kuur-combi-87m%c2%b2-kuttepuude-hoidlaga-2\\\/#primaryimage\",\"url\":\"https:\\\/\\\/alekeskus.eu\\\/wp-content\\\/uploads\\\/2023\\\/04\\\/Valmis-2.paev-kulg.jpg\",\"contentUrl\":\"https:\\\/\\\/alekeskus.eu\\\/wp-content\\\/uploads\\\/2023\\\/04\\\/Valmis-2.paev-kulg.jpg\",\"width\":1094,\"height\":820},{\"@type\":\"BreadcrumbList\",\"@id\":\"https:\\\/\\\/alekeskus.eu\\\/toode\\\/kuur-combi-87m%c2%b2-kuttepuude-hoidlaga-2\\\/#breadcrumb\",\"itemListElement\":[{\"@type\":\"ListItem\",\"position\":1,\"name\":\"Avaleht\",\"item\":\"https:\\\/\\\/alekeskus.eu\\\/et\\\/\"},{\"@type\":\"ListItem\",\"position\":2,\"name\":\"Pood\",\"item\":\"https:\\\/\\\/alekeskus.eu\\\/pood\\\/\"},{\"@type\":\"ListItem\",\"position\":3,\"name\":\"Kuur Combi 8,7m\u00b2 k\u00fcttepuude hoidlaga paigaldamine L\u00e4\u00e4ne-Virumaal\"}]},{\"@type\":\"WebSite\",\"@id\":\"https:\\\/\\\/alekeskus.eu\\\/#website\",\"url\":\"https:\\\/\\\/alekeskus.eu\\\/\",\"name\":\"Alekeskus\",\"description\":\"Alekeskus.eu\",\"potentialAction\":[{\"@type\":\"SearchAction\",\"target\":{\"@type\":\"EntryPoint\",\"urlTemplate\":\"https:\\\/\\\/alekeskus.eu\\\/?s={search_term_string}\"},\"query-input\":{\"@type\":\"PropertyValueSpecification\",\"valueRequired\":true,\"valueName\":\"search_term_string\"}}],\"inLanguage\":\"et\"}]}<\/script>\n<!-- \/ Yoast SEO plugin. -->","yoast_head_json":{"title":"Kuur Combi 8,7m\u00b2 k\u00fcttepuude hoidlaga paigaldamine L\u00e4\u00e4ne-Virumaal - Alekeskus","description":"Kuur k\u00fcttepuude hoidlaga","robots":{"index":"index","follow":"follow","max-snippet":"max-snippet:-1","max-image-preview":"max-image-preview:large","max-video-preview":"max-video-preview:-1"},"canonical":"https:\/\/alekeskus.eu\/toode\/kuur-combi-87m\u00b2-kuttepuude-hoidlaga-2\/","og_locale":"et_EE","og_type":"article","og_title":"Kuur Combi 8,7m\u00b2 k\u00fcttepuude hoidlaga paigaldamine L\u00e4\u00e4ne-Virumaal - Alekeskus","og_description":"Kuur k\u00fcttepuude hoidlaga","og_url":"https:\/\/alekeskus.eu\/toode\/kuur-combi-87m\u00b2-kuttepuude-hoidlaga-2\/","og_site_name":"Alekeskus","article_modified_time":"2023-05-30T11:26:04+00:00","og_image":[{"width":1094,"height":820,"url":"https:\/\/alekeskus.eu\/wp-content\/uploads\/2023\/04\/Valmis-2.paev-kulg.jpg","type":"image\/jpeg"}],"twitter_card":"summary_large_image","schema":{"@context":"https:\/\/schema.org","@graph":[{"@type":"WebPage","@id":"https:\/\/alekeskus.eu\/toode\/kuur-combi-87m%c2%b2-kuttepuude-hoidlaga-2\/","url":"https:\/\/alekeskus.eu\/toode\/kuur-combi-87m%c2%b2-kuttepuude-hoidlaga-2\/","name":"Kuur Combi 8,7m\u00b2 k\u00fcttepuude hoidlaga paigaldamine L\u00e4\u00e4ne-Virumaal - Alekeskus","isPartOf":{"@id":"https:\/\/alekeskus.eu\/#website"},"primaryImageOfPage":{"@id":"https:\/\/alekeskus.eu\/toode\/kuur-combi-87m%c2%b2-kuttepuude-hoidlaga-2\/#primaryimage"},"image":{"@id":"https:\/\/alekeskus.eu\/toode\/kuur-combi-87m%c2%b2-kuttepuude-hoidlaga-2\/#primaryimage"},"thumbnailUrl":"https:\/\/alekeskus.eu\/wp-content\/uploads\/2023\/04\/Valmis-2.paev-kulg.jpg","datePublished":"2023-05-30T11:11:34+00:00","dateModified":"2023-05-30T11:26:04+00:00","description":"Kuur k\u00fcttepuude hoidlaga","breadcrumb":{"@id":"https:\/\/alekeskus.eu\/toode\/kuur-combi-87m%c2%b2-kuttepuude-hoidlaga-2\/#breadcrumb"},"inLanguage":"et","potentialAction":[{"@type":"ReadAction","target":["https:\/\/alekeskus.eu\/toode\/kuur-combi-87m%c2%b2-kuttepuude-hoidlaga-2\/"]}]},{"@type":"ImageObject","inLanguage":"et","@id":"https:\/\/alekeskus.eu\/toode\/kuur-combi-87m%c2%b2-kuttepuude-hoidlaga-2\/#primaryimage","url":"https:\/\/alekeskus.eu\/wp-content\/uploads\/2023\/04\/Valmis-2.paev-kulg.jpg","contentUrl":"https:\/\/alekeskus.eu\/wp-content\/uploads\/2023\/04\/Valmis-2.paev-kulg.jpg","width":1094,"height":820},{"@type":"BreadcrumbList","@id":"https:\/\/alekeskus.eu\/toode\/kuur-combi-87m%c2%b2-kuttepuude-hoidlaga-2\/#breadcrumb","itemListElement":[{"@type":"ListItem","position":1,"name":"Avaleht","item":"https:\/\/alekeskus.eu\/et\/"},{"@type":"ListItem","position":2,"name":"Pood","item":"https:\/\/alekeskus.eu\/pood\/"},{"@type":"ListItem","position":3,"name":"Kuur Combi 8,7m\u00b2 k\u00fcttepuude hoidlaga paigaldamine L\u00e4\u00e4ne-Virumaal"}]},{"@type":"WebSite","@id":"https:\/\/alekeskus.eu\/#website","url":"https:\/\/alekeskus.eu\/","name":"Alekeskus","description":"Alekeskus.eu","potentialAction":[{"@type":"SearchAction","target":{"@type":"EntryPoint","urlTemplate":"https:\/\/alekeskus.eu\/?s={search_term_string}"},"query-input":{"@type":"PropertyValueSpecification","valueRequired":true,"valueName":"search_term_string"}}],"inLanguage":"et"}]}},"brands":[],"_links":{"self":[{"href":"https:\/\/alekeskus.eu\/et\/wp-json\/wp\/v2\/product\/82794","targetHints":{"allow":["GET"]}}],"collection":[{"href":"https:\/\/alekeskus.eu\/et\/wp-json\/wp\/v2\/product"}],"about":[{"href":"https:\/\/alekeskus.eu\/et\/wp-json\/wp\/v2\/types\/product"}],"wp:featuredmedia":[{"embeddable":true,"href":"https:\/\/alekeskus.eu\/et\/wp-json\/wp\/v2\/media\/82772"}],"wp:attachment":[{"href":"https:\/\/alekeskus.eu\/et\/wp-json\/wp\/v2\/media?parent=82794"}],"wp:term":[{"taxonomy":"pwb-brand","embeddable":true,"href":"https:\/\/alekeskus.eu\/et\/wp-json\/wp\/v2\/pwb-brand?post=82794"},{"taxonomy":"product_brand","embeddable":true,"href":"https:\/\/alekeskus.eu\/et\/wp-json\/wp\/v2\/product_brand?post=82794"},{"taxonomy":"product_cat","embeddable":true,"href":"https:\/\/alekeskus.eu\/et\/wp-json\/wp\/v2\/product_cat?post=82794"},{"taxonomy":"product_tag","embeddable":true,"href":"https:\/\/alekeskus.eu\/et\/wp-json\/wp\/v2\/product_tag?post=82794"}],"curies":[{"name":"wp","href":"https:\/\/api.w.org\/{rel}","templated":true}]}}

Kuur Combi 8,7m² küttepuude hoidlaga paigaldamine Lääne-Virumaal

<p>Lääne-Virumaal paigaldatud kuur.</p>
<p>Välismõõdud: <strong>2,4 x 3,6 m</strong>. Küttepuude hoidla 1.9 m². Sisemõõdud 228 x 261 ja 228 x 84 cm.</p>
<p>Küttepuude ladustamine kuuri tagaosas.</p>
<p>Seinad(valmiselemendid), põrand ja lagi 19 mm punnlauast. Põrandaprussid 44 x 94 mm, katusekandurid 44 x 63 mm. Katusekate Eternit Agro.</p>
<p>Garantii 2 aastat.</p>

<!-- This site is optimized with the Yoast SEO plugin v27.3 - https://yoast.com/product/yoast-seo-wordpress/ -->
<title>Kuur Combi 8,7m² küttepuude hoidlaga paigaldamine Lääne-Virumaal - Alekeskus</title>
<meta name="description" content="Kuur küttepuude hoidlaga" />
<meta name="robots" content="index, follow, max-snippet:-1, max-image-preview:large, max-video-preview:-1" />
<link rel="canonical" href="https://alekeskus.eu/toode/kuur-combi-87m²-kuttepuude-hoidlaga-2/" />
<meta property="og:locale" content="et_EE" />
<meta property="og:type" content="article" />
<meta property="og:title" content="Kuur Combi 8,7m² küttepuude hoidlaga paigaldamine Lääne-Virumaal - Alekeskus" />
<meta property="og:description" content="Kuur küttepuude hoidlaga" />
<meta property="og:url" content="https://alekeskus.eu/toode/kuur-combi-87m²-kuttepuude-hoidlaga-2/" />
<meta property="og:site_name" content="Alekeskus" />
<meta property="article:modified_time" content="2023-05-30T11:26:04+00:00" />
<meta property="og:image" content="https://alekeskus.eu/wp-content/uploads/2023/04/Valmis-2.paev-kulg.jpg" />
	<meta property="og:image:width" content="1094" />
	<meta property="og:image:height" content="820" />
	<meta property="og:image:type" content="image/jpeg" />
<meta name="twitter:card" content="summary_large_image" />
<script type="application/ld+json" class="yoast-schema-graph">{"@context":"https:\/\/schema.org","@graph":[{"@type":"WebPage","@id":"https:\/\/alekeskus.eu\/toode\/kuur-combi-87m%c2%b2-kuttepuude-hoidlaga-2\/","url":"https:\/\/alekeskus.eu\/toode\/kuur-combi-87m%c2%b2-kuttepuude-hoidlaga-2\/","name":"Kuur Combi 8,7m² küttepuude hoidlaga paigaldamine Lääne-Virumaal - Alekeskus","isPartOf":{"@id":"https:\/\/alekeskus.eu\/#website"},"primaryImageOfPage":{"@id":"https:\/\/alekeskus.eu\/toode\/kuur-combi-87m%c2%b2-kuttepuude-hoidlaga-2\/#primaryimage"},"image":{"@id":"https:\/\/alekeskus.eu\/toode\/kuur-combi-87m%c2%b2-kuttepuude-hoidlaga-2\/#primaryimage"},"thumbnailUrl":"https:\/\/alekeskus.eu\/wp-content\/uploads\/2023\/04\/Valmis-2.paev-kulg.jpg","datePublished":"2023-05-30T11:11:34+00:00","dateModified":"2023-05-30T11:26:04+00:00","description":"Kuur küttepuude hoidlaga","breadcrumb":{"@id":"https:\/\/alekeskus.eu\/toode\/kuur-combi-87m%c2%b2-kuttepuude-hoidlaga-2\/#breadcrumb"},"inLanguage":"et","potentialAction":[{"@type":"ReadAction","target":["https:\/\/alekeskus.eu\/toode\/kuur-combi-87m%c2%b2-kuttepuude-hoidlaga-2\/"]}]},{"@type":"ImageObject","inLanguage":"et","@id":"https:\/\/alekeskus.eu\/toode\/kuur-combi-87m%c2%b2-kuttepuude-hoidlaga-2\/#primaryimage","url":"https:\/\/alekeskus.eu\/wp-content\/uploads\/2023\/04\/Valmis-2.paev-kulg.jpg","contentUrl":"https:\/\/alekeskus.eu\/wp-content\/uploads\/2023\/04\/Valmis-2.paev-kulg.jpg","width":1094,"height":820},{"@type":"BreadcrumbList","@id":"https:\/\/alekeskus.eu\/toode\/kuur-combi-87m%c2%b2-kuttepuude-hoidlaga-2\/#breadcrumb","itemListElement":[{"@type":"ListItem","position":1,"name":"Avaleht","item":"https:\/\/alekeskus.eu\/et\/"},{"@type":"ListItem","position":2,"name":"Pood","item":"https:\/\/alekeskus.eu\/pood\/"},{"@type":"ListItem","position":3,"name":"Kuur Combi 8,7m² küttepuude hoidlaga paigaldamine Lääne-Virumaal"}]},{"@type":"WebSite","@id":"https:\/\/alekeskus.eu\/#website","url":"https:\/\/alekeskus.eu\/","name":"Alekeskus","description":"Alekeskus.eu","potentialAction":[{"@type":"SearchAction","target":{"@type":"EntryPoint","urlTemplate":"https:\/\/alekeskus.eu\/?s={search_term_string}"},"query-input":{"@type":"PropertyValueSpecification","valueRequired":true,"valueName":"search_term_string"}}],"inLanguage":"et"}]}</script>
<!-- / Yoast SEO plugin. -->

Kuur Combi 8,7m² küttepuude hoidlaga paigaldamine Lääne-Virumaal - Alekeskus

Kuur küttepuude hoidlaga
