{"id":83062,"date":"2023-07-03T08:42:41","date_gmt":"2023-07-03T08:42:41","guid":{"rendered":"https:\/\/alekeskus.eu\/?post_type=product&#038;p=83062"},"modified":"2024-01-10T11:04:22","modified_gmt":"2024-01-10T11:04:22","slug":"freespalksuvila-laren-1017-alekeskus","status":"publish","type":"product","link":"https:\/\/alekeskus.eu\/et\/toode\/freespalksuvila-laren-1017-alekeskus\/","title":{"rendered":"Freespalksuvila Laren 101,7 m\u00b2 2-korruseline ja 2 v\u00e4ljap\u00e4\u00e4suga"},"content":{"rendered":"","protected":false},"excerpt":{"rendered":"<p>Laren on eramu m\u00f5\u00f5tu suvemaja. Lisasoojustamisega sobiks kasutada kasv\u00f5i eramuna.<\/p>\n<p>V\u00e4lism\u00f5\u00f5dud: <strong>833<\/strong><b> x 941 cm<\/b><\/p>\n<ul>\n<li>tuuletapiga <strong>freespalk<\/strong>\u00a0<strong>70 mm <\/strong>keermelatt-tormikinnitustega<\/li>\n<li>harja k\u00f5rgus <strong>492 cm<\/strong> ja seina k\u00f5rgus <strong>354 cm<\/strong><\/li>\n<li>p\u00f5randalauad 28 mm, immutatud alusraam ja p\u00f5randatalad 45 x 70 mm<\/li>\n<li>punniga katuselauad 18 x 90 mm, katusetalad 70 x 140 mm<\/li>\n<li>pakettklaasiga silinderlukuga v\u00e4lisuksed 2 x 1580 x 2000 mm, pakettklaasiga silinderlukuga v\u00e4lisuks 827 x 2000 mm, siseuksed 3 x 827 x 2000 mm, 5 x 827 x 1850 mm<\/li>\n<li>kaldp\u00f6\u00f6rd sisseavanevad pakettaknad alumiiniumveeninadega 1374 x 1050 mm, 2 x 916 x 916 mm, 3 x 650 x 650 mm, 3 x 1800 x 610 mm ja 6 x 552 x 1729 mm<\/li>\n<li>trepp<\/li>\n<li>katuse kalle 15\u00b0 ja pindala 83 m<sup>2 <\/sup>, r\u00e4\u00e4stas 70 cm<\/li>\n<li>katusekate ei sisaldu hinnas<\/li>\n<li>kinnitusvahendid ja koostejuhend<\/li>\n<li>v\u00f5imalik teha m\u00f5\u00f5tudes ja avat\u00e4idetes muudatusi<\/li>\n<li>ehitusteatise jaoks vajalikud joonised<\/li>\n<li>tootmisse andmiseks piisab ka ettemaksust pool hinnast<\/li>\n<li>Eesti toode<\/li>\n<li>ilmastikukindel pakend<\/li>\n<\/ul>\n<p>K\u00fcsi paigaldust!<\/p>\n","protected":false},"featured_media":83064,"template":"","meta":{"_monsterinsights_skip_tracking":false,"_monsterinsights_sitenote_active":false,"_monsterinsights_sitenote_note":"","_monsterinsights_sitenote_category":0},"pwb-brand":[],"product_brand":[],"product_cat":[13540,13610],"product_tag":[17866,13913,17881,13970,18033,14252,14310,15285,13813,13840,17390],"class_list":{"0":"post-83062","1":"product","2":"type-product","3":"status-publish","4":"has-post-thumbnail","6":"product_cat-hooned-alekeskus","7":"product_cat-suvilad","8":"product_tag-hirsimokki","9":"product_tag-vierasmaja","10":"product_tag-hirsihuvila","11":"product_tag-suvila","12":"product_tag-rantamokki-2","13":"product_tag-suvemaja","14":"product_tag-kodukontor","15":"product_tag-kesamokki","16":"product_tag-aiamaja","17":"product_tag-kontor","18":"product_tag-freespalksuvila","19":"product_shipping_class-alates-1000kg","20":"pa_garantii-5-aastat","21":"pa_kohaletoimetamine-alates-180e","22":"pa_laoasukoht-tartumaa","23":"pa_pindalam-18165","24":"pa_seinapaksus-70-mm-2","25":"pa_tellimisaeg-6-8-nadalat","26":"pa_varv-viimistlemata","27":"pa_veame-eesti-ja-soome","29":"first","30":"onbackorder","31":"taxable","32":"shipping-taxable","33":"purchasable","34":"product-type-simple"},"yoast_head":"<!-- This site is optimized with the Yoast SEO plugin v27.3 - https:\/\/yoast.com\/product\/yoast-seo-wordpress\/ -->\n<title>Freespalksuvila Laren 101,7 m\u00b2 2-korruseline ja 2 v\u00e4ljap\u00e4\u00e4suga - Alekeskus<\/title>\n<meta name=\"description\" content=\"freespalksuvemaja\" \/>\n<meta name=\"robots\" content=\"index, follow, max-snippet:-1, max-image-preview:large, max-video-preview:-1\" \/>\n<link rel=\"canonical\" href=\"https:\/\/alekeskus.eu\/toode\/freespalksuvila-laren-1017-alekeskus\/\" \/>\n<meta property=\"og:locale\" content=\"et_EE\" \/>\n<meta property=\"og:type\" content=\"article\" \/>\n<meta property=\"og:title\" content=\"Freespalksuvila Laren 101,7 m\u00b2 2-korruseline ja 2 v\u00e4ljap\u00e4\u00e4suga - Alekeskus\" \/>\n<meta property=\"og:description\" content=\"freespalksuvemaja\" \/>\n<meta property=\"og:url\" content=\"https:\/\/alekeskus.eu\/toode\/freespalksuvila-laren-1017-alekeskus\/\" \/>\n<meta property=\"og:site_name\" content=\"Alekeskus\" \/>\n<meta property=\"article:modified_time\" content=\"2024-01-10T11:04:22+00:00\" \/>\n<meta property=\"og:image\" content=\"https:\/\/alekeskus.eu\/wp-content\/uploads\/2023\/07\/MA\u00a4laren-loodus-scaled.jpg\" \/>\n\t<meta property=\"og:image:width\" content=\"2560\" \/>\n\t<meta property=\"og:image:height\" content=\"1708\" \/>\n\t<meta property=\"og:image:type\" content=\"image\/jpeg\" \/>\n<meta name=\"twitter:card\" content=\"summary_large_image\" \/>\n<script type=\"application\/ld+json\" class=\"yoast-schema-graph\">{\"@context\":\"https:\\\/\\\/schema.org\",\"@graph\":[{\"@type\":\"WebPage\",\"@id\":\"https:\\\/\\\/alekeskus.eu\\\/toode\\\/freespalksuvila-laren-1017-alekeskus\\\/\",\"url\":\"https:\\\/\\\/alekeskus.eu\\\/toode\\\/freespalksuvila-laren-1017-alekeskus\\\/\",\"name\":\"Freespalksuvila Laren 101,7 m\u00b2 2-korruseline ja 2 v\u00e4ljap\u00e4\u00e4suga - Alekeskus\",\"isPartOf\":{\"@id\":\"https:\\\/\\\/alekeskus.eu\\\/#website\"},\"primaryImageOfPage\":{\"@id\":\"https:\\\/\\\/alekeskus.eu\\\/toode\\\/freespalksuvila-laren-1017-alekeskus\\\/#primaryimage\"},\"image\":{\"@id\":\"https:\\\/\\\/alekeskus.eu\\\/toode\\\/freespalksuvila-laren-1017-alekeskus\\\/#primaryimage\"},\"thumbnailUrl\":\"https:\\\/\\\/alekeskus.eu\\\/wp-content\\\/uploads\\\/2023\\\/07\\\/MA\u00a4laren-loodus-scaled.jpg\",\"datePublished\":\"2023-07-03T08:42:41+00:00\",\"dateModified\":\"2024-01-10T11:04:22+00:00\",\"description\":\"freespalksuvemaja\",\"breadcrumb\":{\"@id\":\"https:\\\/\\\/alekeskus.eu\\\/toode\\\/freespalksuvila-laren-1017-alekeskus\\\/#breadcrumb\"},\"inLanguage\":\"et\",\"potentialAction\":[{\"@type\":\"ReadAction\",\"target\":[\"https:\\\/\\\/alekeskus.eu\\\/toode\\\/freespalksuvila-laren-1017-alekeskus\\\/\"]}]},{\"@type\":\"ImageObject\",\"inLanguage\":\"et\",\"@id\":\"https:\\\/\\\/alekeskus.eu\\\/toode\\\/freespalksuvila-laren-1017-alekeskus\\\/#primaryimage\",\"url\":\"https:\\\/\\\/alekeskus.eu\\\/wp-content\\\/uploads\\\/2023\\\/07\\\/MA\u00a4laren-loodus-scaled.jpg\",\"contentUrl\":\"https:\\\/\\\/alekeskus.eu\\\/wp-content\\\/uploads\\\/2023\\\/07\\\/MA\u00a4laren-loodus-scaled.jpg\",\"width\":1600,\"height\":1068},{\"@type\":\"BreadcrumbList\",\"@id\":\"https:\\\/\\\/alekeskus.eu\\\/toode\\\/freespalksuvila-laren-1017-alekeskus\\\/#breadcrumb\",\"itemListElement\":[{\"@type\":\"ListItem\",\"position\":1,\"name\":\"Avaleht\",\"item\":\"https:\\\/\\\/alekeskus.eu\\\/et\\\/\"},{\"@type\":\"ListItem\",\"position\":2,\"name\":\"Pood\",\"item\":\"https:\\\/\\\/alekeskus.eu\\\/pood\\\/\"},{\"@type\":\"ListItem\",\"position\":3,\"name\":\"Freespalksuvila Laren 101,7 m\u00b2 2-korruseline ja 2 v\u00e4ljap\u00e4\u00e4suga\"}]},{\"@type\":\"WebSite\",\"@id\":\"https:\\\/\\\/alekeskus.eu\\\/#website\",\"url\":\"https:\\\/\\\/alekeskus.eu\\\/\",\"name\":\"Alekeskus\",\"description\":\"Alekeskus.eu\",\"potentialAction\":[{\"@type\":\"SearchAction\",\"target\":{\"@type\":\"EntryPoint\",\"urlTemplate\":\"https:\\\/\\\/alekeskus.eu\\\/?s={search_term_string}\"},\"query-input\":{\"@type\":\"PropertyValueSpecification\",\"valueRequired\":true,\"valueName\":\"search_term_string\"}}],\"inLanguage\":\"et\"}]}<\/script>\n<!-- \/ Yoast SEO plugin. -->","yoast_head_json":{"title":"Freespalksuvila Laren 101,7 m\u00b2 2-korruseline ja 2 v\u00e4ljap\u00e4\u00e4suga - Alekeskus","description":"freespalksuvemaja","robots":{"index":"index","follow":"follow","max-snippet":"max-snippet:-1","max-image-preview":"max-image-preview:large","max-video-preview":"max-video-preview:-1"},"canonical":"https:\/\/alekeskus.eu\/toode\/freespalksuvila-laren-1017-alekeskus\/","og_locale":"et_EE","og_type":"article","og_title":"Freespalksuvila Laren 101,7 m\u00b2 2-korruseline ja 2 v\u00e4ljap\u00e4\u00e4suga - Alekeskus","og_description":"freespalksuvemaja","og_url":"https:\/\/alekeskus.eu\/toode\/freespalksuvila-laren-1017-alekeskus\/","og_site_name":"Alekeskus","article_modified_time":"2024-01-10T11:04:22+00:00","og_image":[{"width":2560,"height":1708,"url":"https:\/\/alekeskus.eu\/wp-content\/uploads\/2023\/07\/MA\u00a4laren-loodus-scaled.jpg","type":"image\/jpeg"}],"twitter_card":"summary_large_image","schema":{"@context":"https:\/\/schema.org","@graph":[{"@type":"WebPage","@id":"https:\/\/alekeskus.eu\/toode\/freespalksuvila-laren-1017-alekeskus\/","url":"https:\/\/alekeskus.eu\/toode\/freespalksuvila-laren-1017-alekeskus\/","name":"Freespalksuvila Laren 101,7 m\u00b2 2-korruseline ja 2 v\u00e4ljap\u00e4\u00e4suga - Alekeskus","isPartOf":{"@id":"https:\/\/alekeskus.eu\/#website"},"primaryImageOfPage":{"@id":"https:\/\/alekeskus.eu\/toode\/freespalksuvila-laren-1017-alekeskus\/#primaryimage"},"image":{"@id":"https:\/\/alekeskus.eu\/toode\/freespalksuvila-laren-1017-alekeskus\/#primaryimage"},"thumbnailUrl":"https:\/\/alekeskus.eu\/wp-content\/uploads\/2023\/07\/MA\u00a4laren-loodus-scaled.jpg","datePublished":"2023-07-03T08:42:41+00:00","dateModified":"2024-01-10T11:04:22+00:00","description":"freespalksuvemaja","breadcrumb":{"@id":"https:\/\/alekeskus.eu\/toode\/freespalksuvila-laren-1017-alekeskus\/#breadcrumb"},"inLanguage":"et","potentialAction":[{"@type":"ReadAction","target":["https:\/\/alekeskus.eu\/toode\/freespalksuvila-laren-1017-alekeskus\/"]}]},{"@type":"ImageObject","inLanguage":"et","@id":"https:\/\/alekeskus.eu\/toode\/freespalksuvila-laren-1017-alekeskus\/#primaryimage","url":"https:\/\/alekeskus.eu\/wp-content\/uploads\/2023\/07\/MA\u00a4laren-loodus-scaled.jpg","contentUrl":"https:\/\/alekeskus.eu\/wp-content\/uploads\/2023\/07\/MA\u00a4laren-loodus-scaled.jpg","width":1600,"height":1068},{"@type":"BreadcrumbList","@id":"https:\/\/alekeskus.eu\/toode\/freespalksuvila-laren-1017-alekeskus\/#breadcrumb","itemListElement":[{"@type":"ListItem","position":1,"name":"Avaleht","item":"https:\/\/alekeskus.eu\/et\/"},{"@type":"ListItem","position":2,"name":"Pood","item":"https:\/\/alekeskus.eu\/pood\/"},{"@type":"ListItem","position":3,"name":"Freespalksuvila Laren 101,7 m\u00b2 2-korruseline ja 2 v\u00e4ljap\u00e4\u00e4suga"}]},{"@type":"WebSite","@id":"https:\/\/alekeskus.eu\/#website","url":"https:\/\/alekeskus.eu\/","name":"Alekeskus","description":"Alekeskus.eu","potentialAction":[{"@type":"SearchAction","target":{"@type":"EntryPoint","urlTemplate":"https:\/\/alekeskus.eu\/?s={search_term_string}"},"query-input":{"@type":"PropertyValueSpecification","valueRequired":true,"valueName":"search_term_string"}}],"inLanguage":"et"}]}},"brands":[],"_links":{"self":[{"href":"https:\/\/alekeskus.eu\/et\/wp-json\/wp\/v2\/product\/83062","targetHints":{"allow":["GET"]}}],"collection":[{"href":"https:\/\/alekeskus.eu\/et\/wp-json\/wp\/v2\/product"}],"about":[{"href":"https:\/\/alekeskus.eu\/et\/wp-json\/wp\/v2\/types\/product"}],"wp:featuredmedia":[{"embeddable":true,"href":"https:\/\/alekeskus.eu\/et\/wp-json\/wp\/v2\/media\/83064"}],"wp:attachment":[{"href":"https:\/\/alekeskus.eu\/et\/wp-json\/wp\/v2\/media?parent=83062"}],"wp:term":[{"taxonomy":"pwb-brand","embeddable":true,"href":"https:\/\/alekeskus.eu\/et\/wp-json\/wp\/v2\/pwb-brand?post=83062"},{"taxonomy":"product_brand","embeddable":true,"href":"https:\/\/alekeskus.eu\/et\/wp-json\/wp\/v2\/product_brand?post=83062"},{"taxonomy":"product_cat","embeddable":true,"href":"https:\/\/alekeskus.eu\/et\/wp-json\/wp\/v2\/product_cat?post=83062"},{"taxonomy":"product_tag","embeddable":true,"href":"https:\/\/alekeskus.eu\/et\/wp-json\/wp\/v2\/product_tag?post=83062"}],"curies":[{"name":"wp","href":"https:\/\/api.w.org\/{rel}","templated":true}]}}

Freespalksuvila Laren 101,7 m² 2-korruseline ja 2 väljapääsuga

<p>Laren on eramu mõõtu suvemaja. Lisasoojustamisega sobiks kasutada kasvõi eramuna.</p>
<p>Välismõõdud: <strong>833</strong><b> x 941 cm</b></p>
<ul>
<li>tuuletapiga <strong>freespalk</strong> <strong>70 mm </strong>keermelatt-tormikinnitustega</li>
<li>harja kõrgus <strong>492 cm</strong> ja seina kõrgus <strong>354 cm</strong></li>
<li>põrandalauad 28 mm, immutatud alusraam ja põrandatalad 45 x 70 mm</li>
<li>punniga katuselauad 18 x 90 mm, katusetalad 70 x 140 mm</li>
<li>pakettklaasiga silinderlukuga välisuksed 2 x 1580 x 2000 mm, pakettklaasiga silinderlukuga välisuks 827 x 2000 mm, siseuksed 3 x 827 x 2000 mm, 5 x 827 x 1850 mm</li>
<li>kaldpöörd sisseavanevad pakettaknad alumiiniumveeninadega 1374 x 1050 mm, 2 x 916 x 916 mm, 3 x 650 x 650 mm, 3 x 1800 x 610 mm ja 6 x 552 x 1729 mm</li>
<li>trepp</li>
<li>katuse kalle 15° ja pindala 83 m<sup>2 </sup>, räästas 70 cm</li>
<li>katusekate ei sisaldu hinnas</li>
<li>kinnitusvahendid ja koostejuhend</li>
<li>võimalik teha mõõtudes ja avatäidetes muudatusi</li>
<li>ehitusteatise jaoks vajalikud joonised</li>
<li>tootmisse andmiseks piisab ka ettemaksust pool hinnast</li>
<li>Eesti toode</li>
<li>ilmastikukindel pakend</li>
</ul>
<p>Küsi paigaldust!</p>

<!-- This site is optimized with the Yoast SEO plugin v27.3 - https://yoast.com/product/yoast-seo-wordpress/ -->
<title>Freespalksuvila Laren 101,7 m² 2-korruseline ja 2 väljapääsuga - Alekeskus</title>
<meta name="description" content="freespalksuvemaja" />
<meta name="robots" content="index, follow, max-snippet:-1, max-image-preview:large, max-video-preview:-1" />
<link rel="canonical" href="https://alekeskus.eu/toode/freespalksuvila-laren-1017-alekeskus/" />
<meta property="og:locale" content="et_EE" />
<meta property="og:type" content="article" />
<meta property="og:title" content="Freespalksuvila Laren 101,7 m² 2-korruseline ja 2 väljapääsuga - Alekeskus" />
<meta property="og:description" content="freespalksuvemaja" />
<meta property="og:url" content="https://alekeskus.eu/toode/freespalksuvila-laren-1017-alekeskus/" />
<meta property="og:site_name" content="Alekeskus" />
<meta property="article:modified_time" content="2024-01-10T11:04:22+00:00" />
<meta property="og:image" content="https://alekeskus.eu/wp-content/uploads/2023/07/MA¤laren-loodus-scaled.jpg" />
	<meta property="og:image:width" content="2560" />
	<meta property="og:image:height" content="1708" />
	<meta property="og:image:type" content="image/jpeg" />
<meta name="twitter:card" content="summary_large_image" />
<script type="application/ld+json" class="yoast-schema-graph">{"@context":"https:\/\/schema.org","@graph":[{"@type":"WebPage","@id":"https:\/\/alekeskus.eu\/toode\/freespalksuvila-laren-1017-alekeskus\/","url":"https:\/\/alekeskus.eu\/toode\/freespalksuvila-laren-1017-alekeskus\/","name":"Freespalksuvila Laren 101,7 m² 2-korruseline ja 2 väljapääsuga - Alekeskus","isPartOf":{"@id":"https:\/\/alekeskus.eu\/#website"},"primaryImageOfPage":{"@id":"https:\/\/alekeskus.eu\/toode\/freespalksuvila-laren-1017-alekeskus\/#primaryimage"},"image":{"@id":"https:\/\/alekeskus.eu\/toode\/freespalksuvila-laren-1017-alekeskus\/#primaryimage"},"thumbnailUrl":"https:\/\/alekeskus.eu\/wp-content\/uploads\/2023\/07\/MA¤laren-loodus-scaled.jpg","datePublished":"2023-07-03T08:42:41+00:00","dateModified":"2024-01-10T11:04:22+00:00","description":"freespalksuvemaja","breadcrumb":{"@id":"https:\/\/alekeskus.eu\/toode\/freespalksuvila-laren-1017-alekeskus\/#breadcrumb"},"inLanguage":"et","potentialAction":[{"@type":"ReadAction","target":["https:\/\/alekeskus.eu\/toode\/freespalksuvila-laren-1017-alekeskus\/"]}]},{"@type":"ImageObject","inLanguage":"et","@id":"https:\/\/alekeskus.eu\/toode\/freespalksuvila-laren-1017-alekeskus\/#primaryimage","url":"https:\/\/alekeskus.eu\/wp-content\/uploads\/2023\/07\/MA¤laren-loodus-scaled.jpg","contentUrl":"https:\/\/alekeskus.eu\/wp-content\/uploads\/2023\/07\/MA¤laren-loodus-scaled.jpg","width":1600,"height":1068},{"@type":"BreadcrumbList","@id":"https:\/\/alekeskus.eu\/toode\/freespalksuvila-laren-1017-alekeskus\/#breadcrumb","itemListElement":[{"@type":"ListItem","position":1,"name":"Avaleht","item":"https:\/\/alekeskus.eu\/et\/"},{"@type":"ListItem","position":2,"name":"Pood","item":"https:\/\/alekeskus.eu\/pood\/"},{"@type":"ListItem","position":3,"name":"Freespalksuvila Laren 101,7 m² 2-korruseline ja 2 väljapääsuga"}]},{"@type":"WebSite","@id":"https:\/\/alekeskus.eu\/#website","url":"https:\/\/alekeskus.eu\/","name":"Alekeskus","description":"Alekeskus.eu","potentialAction":[{"@type":"SearchAction","target":{"@type":"EntryPoint","urlTemplate":"https:\/\/alekeskus.eu\/?s={search_term_string}"},"query-input":{"@type":"PropertyValueSpecification","valueRequired":true,"valueName":"search_term_string"}}],"inLanguage":"et"}]}</script>
<!-- / Yoast SEO plugin. -->

Freespalksuvila Laren 101,7 m² 2-korruseline ja 2 väljapääsuga - Alekeskus
