{"id":83881,"date":"2023-08-28T09:52:58","date_gmt":"2023-08-28T09:52:58","guid":{"rendered":"https:\/\/alekeskus.eu\/?post_type=product&#038;p=83881"},"modified":"2024-01-10T10:57:42","modified_gmt":"2024-01-10T10:57:42","slug":"suvila-columbia-475-alekeskus","status":"publish","type":"product","link":"https:\/\/alekeskus.eu\/et\/toode\/suvila-columbia-475-alekeskus\/","title":{"rendered":"Suvila Columbia 47,5 m\u00b2 + terrass 6 m\u00b2"},"content":{"rendered":"<p>\u00dchtekokku 9 akent ja 2 klaasitud sissep\u00e4\u00e4su-ust teevad mudelist Columbia eriti valgusk\u00fcllase suvemaja.\u00a0 Columbia\u00b4l on suur ja avar elutuba ning pisike lisaruum, mis sobib suurep\u00e4raselt tualetiks v\u00f5i laoruumiks. \u00a0Majakomplekt sisaldab k\u00f5iki paigaldamiseks vajaminevaid detaile: immutatud alusraam, seinadetailid, p\u00f5randalauad ja p\u00f5randaliistud, katusetalad, katuselauad ja katuseliistud ning avat\u00e4ited. Lisaks on pakis ka juhend ja kinnitusvahendid (kruvid, naelad jms).<\/p>\n<p>Paigaldusjuhend: <a href=\"https:\/\/alekeskus.eu\/wp-content\/uploads\/2023\/08\/Columbia-KJ-eng-ger-fr.pdf\">Columbia KJ eng-ger-fr<\/a><\/p>\n<p>&nbsp;<\/p>\n","protected":false},"excerpt":{"rendered":"<p>V\u00e4lism\u00f5\u00f5dud: <strong>949<\/strong><b> x 664 cm<\/b><\/p>\n<ul>\n<li>tuuletapiga <strong>freespalk<\/strong>\u00a0<strong>70 mm <\/strong>keermelatt-tormikinnitustega<\/li>\n<li>harja k\u00f5rgus <strong>347 cm<\/strong> ja seina k\u00f5rgus <strong>231 cm<\/strong><\/li>\n<li>punniga p\u00f5randalauad 28 mm, s\u00fcgavimmutatud alusraam ja p\u00f5randatalad 45 x 70 mm<\/li>\n<li>punniga katuselauad 18 x 90 mm, katusetalad 70 x 170 mm<\/li>\n<li>terrass 1 x 6m, s\u00fcgavimmutatud terrassilauad 28 mm<\/li>\n<li>pakettklaasiga v\u00e4lisuksed 2 tk 83 x 193 cm, puidust siseuks 83 x 193 cm, silinderlukud<\/li>\n<li>kaldp\u00f6\u00f6rd sisseavanevad pakettaknad alumiiniumveeninadega 916 x 916 mm, 552 x 1729 mm, 650 x 650 mm, 2 x 702 x 1190 mm<\/li>\n<li>r\u00e4\u00e4stas ees 100 cm, katuse kalle 22\u00b0 ja pindala 73 m<sup>2\u00a0<\/sup><\/li>\n<li>katusekate lisahinnaga (bituumensindli kulu 21 pakki)<\/li>\n<li>kinnitusvahendid ja koostejuhend<\/li>\n<li>v\u00f5imalik teha m\u00f5\u00f5tudes ja avat\u00e4idetes muudatusi<\/li>\n<li>ehitusteatise jaoks vajalikud joonised<\/li>\n<li>tootmisse andmiseks piisab ka ettemaksust pool hinnast(tellimisaeg 2-3 kuud)<\/li>\n<li>Eesti toode<\/li>\n<li>ilmastikukindel pakend<\/li>\n<\/ul>\n<p>Vedu mandril tellijapoolse mahalaadimisega 180\u20ac v\u00f5i kraana-autoga 350\u20ac(suursaartele vastavalt 280\u20ac ja 590\u20ac).<\/p>\n<p>K\u00fcsi ka paigaldust!<\/p>\n","protected":false},"featured_media":83885,"template":"","meta":{"_monsterinsights_skip_tracking":false,"_monsterinsights_sitenote_active":false,"_monsterinsights_sitenote_note":"","_monsterinsights_sitenote_category":0},"pwb-brand":[],"product_brand":[],"product_cat":[17182,13592,13540,13608,13610],"product_tag":[13913,17390,13970,17866,14252,17881,18033,14310,15285,13813,13840],"class_list":{"0":"post-83881","1":"product","2":"type-product","3":"status-publish","4":"has-post-thumbnail","6":"product_cat-suvekoogid-alekeskus","7":"product_cat-aia-ja-grillmajad","8":"product_cat-hooned-alekeskus","9":"product_cat-kontorid","10":"product_cat-suvilad","11":"product_tag-vierasmaja","12":"product_tag-freespalksuvila","13":"product_tag-suvila","14":"product_tag-hirsimokki","15":"product_tag-suvemaja","16":"product_tag-hirsihuvila","17":"product_tag-rantamokki-2","18":"product_tag-kodukontor","19":"product_tag-kesamokki","20":"product_tag-aiamaja","21":"product_tag-kontor","22":"product_shipping_class-alates-1000kg","23":"pa_garantii-5-aastat","24":"pa_kohaletoimetamine-alates-180e","25":"pa_laoasukoht-tartumaa","26":"pa_pindalam-16038","27":"pa_seinapaksus-70-mm-2","28":"pa_tellimisaeg-6-8-nadalat","29":"pa_varv-viimistlemata","30":"pa_veame-eesti-ja-soome","32":"first","33":"onbackorder","34":"sale","35":"taxable","36":"shipping-taxable","37":"purchasable","38":"product-type-simple"},"yoast_head":"<!-- This site is optimized with the Yoast SEO plugin v27.3 - https:\/\/yoast.com\/product\/yoast-seo-wordpress\/ -->\n<title>Suvila Columbia 47,5 m\u00b2 + terrass 6 m\u00b2 - Alekeskus<\/title>\n<meta name=\"description\" content=\"freespalksuvemaja Columbia 70 mm freespalgist\" \/>\n<meta name=\"robots\" content=\"index, follow, max-snippet:-1, max-image-preview:large, max-video-preview:-1\" \/>\n<link rel=\"canonical\" href=\"https:\/\/alekeskus.eu\/toode\/suvila-columbia-475-alekeskus\/\" \/>\n<meta property=\"og:locale\" content=\"et_EE\" \/>\n<meta property=\"og:type\" content=\"article\" \/>\n<meta property=\"og:title\" content=\"Suvila Columbia 47,5 m\u00b2 + terrass 6 m\u00b2 - Alekeskus\" \/>\n<meta property=\"og:description\" content=\"freespalksuvemaja Columbia 70 mm freespalgist\" \/>\n<meta property=\"og:url\" content=\"https:\/\/alekeskus.eu\/toode\/suvila-columbia-475-alekeskus\/\" \/>\n<meta property=\"og:site_name\" content=\"Alekeskus\" \/>\n<meta property=\"article:modified_time\" content=\"2024-01-10T10:57:42+00:00\" \/>\n<meta property=\"og:image\" content=\"https:\/\/alekeskus.eu\/wp-content\/uploads\/2023\/08\/Columbia-aias-scaled.jpg\" \/>\n\t<meta property=\"og:image:width\" content=\"2560\" \/>\n\t<meta property=\"og:image:height\" content=\"1708\" \/>\n\t<meta property=\"og:image:type\" content=\"image\/jpeg\" \/>\n<meta name=\"twitter:card\" content=\"summary_large_image\" \/>\n<meta name=\"twitter:label1\" content=\"Est. reading time\" \/>\n\t<meta name=\"twitter:data1\" content=\"1 minut\" \/>\n<script type=\"application\/ld+json\" class=\"yoast-schema-graph\">{\"@context\":\"https:\\\/\\\/schema.org\",\"@graph\":[{\"@type\":\"WebPage\",\"@id\":\"https:\\\/\\\/alekeskus.eu\\\/toode\\\/suvila-columbia-475-alekeskus\\\/\",\"url\":\"https:\\\/\\\/alekeskus.eu\\\/toode\\\/suvila-columbia-475-alekeskus\\\/\",\"name\":\"Suvila Columbia 47,5 m\u00b2 + terrass 6 m\u00b2 - Alekeskus\",\"isPartOf\":{\"@id\":\"https:\\\/\\\/alekeskus.eu\\\/#website\"},\"primaryImageOfPage\":{\"@id\":\"https:\\\/\\\/alekeskus.eu\\\/toode\\\/suvila-columbia-475-alekeskus\\\/#primaryimage\"},\"image\":{\"@id\":\"https:\\\/\\\/alekeskus.eu\\\/toode\\\/suvila-columbia-475-alekeskus\\\/#primaryimage\"},\"thumbnailUrl\":\"https:\\\/\\\/alekeskus.eu\\\/wp-content\\\/uploads\\\/2023\\\/08\\\/Columbia-aias-scaled.jpg\",\"datePublished\":\"2023-08-28T09:52:58+00:00\",\"dateModified\":\"2024-01-10T10:57:42+00:00\",\"description\":\"freespalksuvemaja Columbia 70 mm freespalgist\",\"breadcrumb\":{\"@id\":\"https:\\\/\\\/alekeskus.eu\\\/toode\\\/suvila-columbia-475-alekeskus\\\/#breadcrumb\"},\"inLanguage\":\"et\",\"potentialAction\":[{\"@type\":\"ReadAction\",\"target\":[\"https:\\\/\\\/alekeskus.eu\\\/toode\\\/suvila-columbia-475-alekeskus\\\/\"]}]},{\"@type\":\"ImageObject\",\"inLanguage\":\"et\",\"@id\":\"https:\\\/\\\/alekeskus.eu\\\/toode\\\/suvila-columbia-475-alekeskus\\\/#primaryimage\",\"url\":\"https:\\\/\\\/alekeskus.eu\\\/wp-content\\\/uploads\\\/2023\\\/08\\\/Columbia-aias-scaled.jpg\",\"contentUrl\":\"https:\\\/\\\/alekeskus.eu\\\/wp-content\\\/uploads\\\/2023\\\/08\\\/Columbia-aias-scaled.jpg\",\"width\":1600,\"height\":1068},{\"@type\":\"BreadcrumbList\",\"@id\":\"https:\\\/\\\/alekeskus.eu\\\/toode\\\/suvila-columbia-475-alekeskus\\\/#breadcrumb\",\"itemListElement\":[{\"@type\":\"ListItem\",\"position\":1,\"name\":\"Avaleht\",\"item\":\"https:\\\/\\\/alekeskus.eu\\\/et\\\/\"},{\"@type\":\"ListItem\",\"position\":2,\"name\":\"Pood\",\"item\":\"https:\\\/\\\/alekeskus.eu\\\/pood\\\/\"},{\"@type\":\"ListItem\",\"position\":3,\"name\":\"Suvila Columbia 47,5 m\u00b2 + terrass 6 m\u00b2\"}]},{\"@type\":\"WebSite\",\"@id\":\"https:\\\/\\\/alekeskus.eu\\\/#website\",\"url\":\"https:\\\/\\\/alekeskus.eu\\\/\",\"name\":\"Alekeskus\",\"description\":\"Alekeskus.eu\",\"potentialAction\":[{\"@type\":\"SearchAction\",\"target\":{\"@type\":\"EntryPoint\",\"urlTemplate\":\"https:\\\/\\\/alekeskus.eu\\\/?s={search_term_string}\"},\"query-input\":{\"@type\":\"PropertyValueSpecification\",\"valueRequired\":true,\"valueName\":\"search_term_string\"}}],\"inLanguage\":\"et\"}]}<\/script>\n<!-- \/ Yoast SEO plugin. -->","yoast_head_json":{"title":"Suvila Columbia 47,5 m\u00b2 + terrass 6 m\u00b2 - Alekeskus","description":"freespalksuvemaja Columbia 70 mm freespalgist","robots":{"index":"index","follow":"follow","max-snippet":"max-snippet:-1","max-image-preview":"max-image-preview:large","max-video-preview":"max-video-preview:-1"},"canonical":"https:\/\/alekeskus.eu\/toode\/suvila-columbia-475-alekeskus\/","og_locale":"et_EE","og_type":"article","og_title":"Suvila Columbia 47,5 m\u00b2 + terrass 6 m\u00b2 - Alekeskus","og_description":"freespalksuvemaja Columbia 70 mm freespalgist","og_url":"https:\/\/alekeskus.eu\/toode\/suvila-columbia-475-alekeskus\/","og_site_name":"Alekeskus","article_modified_time":"2024-01-10T10:57:42+00:00","og_image":[{"width":2560,"height":1708,"url":"https:\/\/alekeskus.eu\/wp-content\/uploads\/2023\/08\/Columbia-aias-scaled.jpg","type":"image\/jpeg"}],"twitter_card":"summary_large_image","twitter_misc":{"Est. reading time":"1 minut"},"schema":{"@context":"https:\/\/schema.org","@graph":[{"@type":"WebPage","@id":"https:\/\/alekeskus.eu\/toode\/suvila-columbia-475-alekeskus\/","url":"https:\/\/alekeskus.eu\/toode\/suvila-columbia-475-alekeskus\/","name":"Suvila Columbia 47,5 m\u00b2 + terrass 6 m\u00b2 - Alekeskus","isPartOf":{"@id":"https:\/\/alekeskus.eu\/#website"},"primaryImageOfPage":{"@id":"https:\/\/alekeskus.eu\/toode\/suvila-columbia-475-alekeskus\/#primaryimage"},"image":{"@id":"https:\/\/alekeskus.eu\/toode\/suvila-columbia-475-alekeskus\/#primaryimage"},"thumbnailUrl":"https:\/\/alekeskus.eu\/wp-content\/uploads\/2023\/08\/Columbia-aias-scaled.jpg","datePublished":"2023-08-28T09:52:58+00:00","dateModified":"2024-01-10T10:57:42+00:00","description":"freespalksuvemaja Columbia 70 mm freespalgist","breadcrumb":{"@id":"https:\/\/alekeskus.eu\/toode\/suvila-columbia-475-alekeskus\/#breadcrumb"},"inLanguage":"et","potentialAction":[{"@type":"ReadAction","target":["https:\/\/alekeskus.eu\/toode\/suvila-columbia-475-alekeskus\/"]}]},{"@type":"ImageObject","inLanguage":"et","@id":"https:\/\/alekeskus.eu\/toode\/suvila-columbia-475-alekeskus\/#primaryimage","url":"https:\/\/alekeskus.eu\/wp-content\/uploads\/2023\/08\/Columbia-aias-scaled.jpg","contentUrl":"https:\/\/alekeskus.eu\/wp-content\/uploads\/2023\/08\/Columbia-aias-scaled.jpg","width":1600,"height":1068},{"@type":"BreadcrumbList","@id":"https:\/\/alekeskus.eu\/toode\/suvila-columbia-475-alekeskus\/#breadcrumb","itemListElement":[{"@type":"ListItem","position":1,"name":"Avaleht","item":"https:\/\/alekeskus.eu\/et\/"},{"@type":"ListItem","position":2,"name":"Pood","item":"https:\/\/alekeskus.eu\/pood\/"},{"@type":"ListItem","position":3,"name":"Suvila Columbia 47,5 m\u00b2 + terrass 6 m\u00b2"}]},{"@type":"WebSite","@id":"https:\/\/alekeskus.eu\/#website","url":"https:\/\/alekeskus.eu\/","name":"Alekeskus","description":"Alekeskus.eu","potentialAction":[{"@type":"SearchAction","target":{"@type":"EntryPoint","urlTemplate":"https:\/\/alekeskus.eu\/?s={search_term_string}"},"query-input":{"@type":"PropertyValueSpecification","valueRequired":true,"valueName":"search_term_string"}}],"inLanguage":"et"}]}},"brands":[],"_links":{"self":[{"href":"https:\/\/alekeskus.eu\/et\/wp-json\/wp\/v2\/product\/83881","targetHints":{"allow":["GET"]}}],"collection":[{"href":"https:\/\/alekeskus.eu\/et\/wp-json\/wp\/v2\/product"}],"about":[{"href":"https:\/\/alekeskus.eu\/et\/wp-json\/wp\/v2\/types\/product"}],"wp:featuredmedia":[{"embeddable":true,"href":"https:\/\/alekeskus.eu\/et\/wp-json\/wp\/v2\/media\/83885"}],"wp:attachment":[{"href":"https:\/\/alekeskus.eu\/et\/wp-json\/wp\/v2\/media?parent=83881"}],"wp:term":[{"taxonomy":"pwb-brand","embeddable":true,"href":"https:\/\/alekeskus.eu\/et\/wp-json\/wp\/v2\/pwb-brand?post=83881"},{"taxonomy":"product_brand","embeddable":true,"href":"https:\/\/alekeskus.eu\/et\/wp-json\/wp\/v2\/product_brand?post=83881"},{"taxonomy":"product_cat","embeddable":true,"href":"https:\/\/alekeskus.eu\/et\/wp-json\/wp\/v2\/product_cat?post=83881"},{"taxonomy":"product_tag","embeddable":true,"href":"https:\/\/alekeskus.eu\/et\/wp-json\/wp\/v2\/product_tag?post=83881"}],"curies":[{"name":"wp","href":"https:\/\/api.w.org\/{rel}","templated":true}]}}

<p>Ühtekokku 9 akent ja 2 klaasitud sissepääsu-ust teevad mudelist Columbia eriti valgusküllase suvemaja.  Columbia´l on suur ja avar elutuba ning pisike lisaruum, mis sobib suurepäraselt tualetiks või laoruumiks.  Majakomplekt sisaldab kõiki paigaldamiseks vajaminevaid detaile: immutatud alusraam, seinadetailid, põrandalauad ja põrandaliistud, katusetalad, katuselauad ja katuseliistud ning avatäited. Lisaks on pakis ka juhend ja kinnitusvahendid (kruvid, naelad jms).</p>
<p>Paigaldusjuhend: <a href="https://alekeskus.eu/wp-content/uploads/2023/08/Columbia-KJ-eng-ger-fr.pdf">Columbia KJ eng-ger-fr</a></p>
<p>&nbsp;</p>

<p>Välismõõdud: <strong>949</strong><b> x 664 cm</b></p>
<ul>
<li>tuuletapiga <strong>freespalk</strong> <strong>70 mm </strong>keermelatt-tormikinnitustega</li>
<li>harja kõrgus <strong>347 cm</strong> ja seina kõrgus <strong>231 cm</strong></li>
<li>punniga põrandalauad 28 mm, sügavimmutatud alusraam ja põrandatalad 45 x 70 mm</li>
<li>punniga katuselauad 18 x 90 mm, katusetalad 70 x 170 mm</li>
<li>terrass 1 x 6m, sügavimmutatud terrassilauad 28 mm</li>
<li>pakettklaasiga välisuksed 2 tk 83 x 193 cm, puidust siseuks 83 x 193 cm, silinderlukud</li>
<li>kaldpöörd sisseavanevad pakettaknad alumiiniumveeninadega 916 x 916 mm, 552 x 1729 mm, 650 x 650 mm, 2 x 702 x 1190 mm</li>
<li>räästas ees 100 cm, katuse kalle 22° ja pindala 73 m<sup>2 </sup></li>
<li>katusekate lisahinnaga (bituumensindli kulu 21 pakki)</li>
<li>kinnitusvahendid ja koostejuhend</li>
<li>võimalik teha mõõtudes ja avatäidetes muudatusi</li>
<li>ehitusteatise jaoks vajalikud joonised</li>
<li>tootmisse andmiseks piisab ka ettemaksust pool hinnast(tellimisaeg 2-3 kuud)</li>
<li>Eesti toode</li>
<li>ilmastikukindel pakend</li>
</ul>
<p>Vedu mandril tellijapoolse mahalaadimisega 180€ või kraana-autoga 350€(suursaartele vastavalt 280€ ja 590€).</p>
<p>Küsi ka paigaldust!</p>
