{"id":84959,"date":"2023-12-06T14:52:10","date_gmt":"2023-12-06T14:52:10","guid":{"rendered":"https:\/\/alekeskus.eu\/?post_type=product&#038;p=84959"},"modified":"2024-02-15T19:13:09","modified_gmt":"2024-02-15T19:13:09","slug":"varjualune-bianka-166-alekeskus","status":"publish","type":"product","link":"https:\/\/alekeskus.eu\/et\/toode\/varjualune-bianka-166-alekeskus\/","title":{"rendered":"Varjualune Bianka 16,6 m\u00b2"},"content":{"rendered":"<p><strong>Telli juurde:<\/strong><\/p>\n<p><strong>&#8211; sindelkatus 15 pakki <\/strong>\u00a0 \u00a0 \u00a0 \u00a0 \u00a0<img decoding=\"async\" src=\"http:\/\/pood.palmako.ee\/sites\/default\/files\/styles\/pictogram_thumbnail\/public\/field_pictogram_image\/pp25.png?itok=8xQVzSvW\" alt=\"\" \/><\/p>\n<div class=\"pictogram qtip-additional-element\">\n<div class=\"description\">\n<div class=\"pictogram qtip-additional-element\">\n<div class=\"image\">\n<div class=\"pictogram qtip-additional-element\">\n<div class=\"image\">Pakend: 4,5 x 1,2 x 0,8 m; kaal 1000 kg<\/div>\n<div><\/div>\n<div><\/div>\n<\/div>\n<div class=\"pictogram qtip-additional-element\">\n<div class=\"image\"><\/div>\n<\/div>\n<\/div>\n<\/div>\n<\/div>\n<\/div>\n","protected":false},"excerpt":{"rendered":"<p>V\u00e4lism\u00f5\u00f5dud: <strong>5,88 x 3,0 m<\/strong>.<\/p>\n<p><strong>TASUTA VEDU JA MAHALAADIMINE (ka suursaartel)!<\/strong><\/p>\n<ul>\n<li>harja k\u00f5rgus 323 cm ja seina k\u00f5rgus 210 cm<\/li>\n<li>liimpuidust postid 120 x 120 mm teraskingadega<\/li>\n<li>p\u00f5rand ei sisaldu hinnas<\/li>\n<li>katuse pindala 32 m\u00b2 ja kalle 30\u00ba, r\u00e4\u00e4stas 42 cm<\/li>\n<li>sarikad 44 x 120 mm, punniga katuselauad 19 mm<\/li>\n<li>katusekate ei sisaldu hinnas(kulu 15 pakki sindlit)<\/li>\n<li>tellitav puidukaitsevahendisse kastetuna +500\u20ac (pruun, hall v\u00f5i valkjas), tellimisaeg u 1 kuu<strong>\u00a0:\u00a0<img decoding=\"async\" class=\"\" src=\"https:\/\/www.palmako.ee\/sites\/default\/files\/styles\/product_list_item\/public\/2020-06\/BNDIP.jpg?itok=_LQkkeHM\" width=\"66\" height=\"66\" \/><img decoding=\"async\" class=\"\" src=\"https:\/\/www.palmako.ee\/sites\/default\/files\/styles\/product_list_item\/public\/2020-06\/GYDIP.jpg?itok=RrYf7KTV\" width=\"66\" height=\"66\" \/><img decoding=\"async\" class=\"\" src=\"https:\/\/www.palmako.ee\/sites\/default\/files\/styles\/product_list_item\/public\/2020-06\/WTDIP.jpg?itok=D9U46coI\" width=\"67\" height=\"67\" \/><\/strong><\/li>\n<li>5-aastane tehase garantii<\/li>\n<li>kinnitusvahendid ja koostejuhend<\/li>\n<li>Eesti toode<\/li>\n<li>vihmakindel pakend<\/li>\n<\/ul>\n<p>K\u00fcsi ka paigaldust!<\/p>\n","protected":false},"featured_media":84987,"template":"","meta":{"_monsterinsights_skip_tracking":false,"_monsterinsights_sitenote_active":false,"_monsterinsights_sitenote_note":"","_monsterinsights_sitenote_category":0},"pwb-brand":[],"product_brand":[],"product_cat":[17182,13540,13596],"product_tag":[14266,15264,15543,13848,13850,17742,13914,18309,13994,18311,14224,18319],"class_list":{"0":"post-84959","1":"product","2":"type-product","3":"status-publish","4":"has-post-thumbnail","6":"product_cat-suvekoogid-alekeskus","7":"product_cat-hooned-alekeskus","8":"product_cat-varjualused-talveaiad-alekeskus","9":"product_tag-katusealune","10":"product_tag-grillikatos","11":"product_tag-pihakatos","12":"product_tag-lehtla","13":"product_tag-paviljonki","14":"product_tag-grillvarjualune","15":"product_tag-kiosk","16":"product_tag-palmako-huvimaja","17":"product_tag-katos","18":"product_tag-bianca","19":"product_tag-varjualune","20":"product_tag-palmako-katos","21":"product_shipping_class-tasuta-transport-kuni-1000kg","22":"pa_garantii-5-aastat","23":"pa_kohaletoimetamine-eestis-tasuta-alekeskus","24":"pa_laoasukoht-tartumaa","25":"pa_pindalam-17334","26":"pa_seinapaksus-120-mm","27":"pa_tellimisaeg-2-10-toopaeva","28":"pa_varv-viimistlemata","29":"pa_varv-pruunikas-puidukaitse","30":"pa_varv-hallikas-puidukaitse","31":"pa_varv-valkjas-puidukaitse","32":"pa_veame-eesti-ja-soome","34":"first","35":"instock","36":"taxable","37":"shipping-taxable","38":"purchasable","39":"product-type-variable","40":"has-default-attributes"},"yoast_head":"<!-- This site is optimized with the Yoast SEO plugin v27.3 - https:\/\/yoast.com\/product\/yoast-seo-wordpress\/ -->\n<title>Varjualune Bianka 16,6 m\u00b2 - Alekeskus<\/title>\n<meta name=\"description\" content=\"katusealune\" \/>\n<meta name=\"robots\" content=\"index, follow, max-snippet:-1, max-image-preview:large, max-video-preview:-1\" \/>\n<link rel=\"canonical\" href=\"https:\/\/alekeskus.eu\/et\/toode\/varjualune-bianka-166-alekeskus\/\" \/>\n<meta property=\"og:locale\" content=\"et_EE\" \/>\n<meta property=\"og:type\" content=\"article\" \/>\n<meta property=\"og:title\" content=\"Varjualune Bianka 16,6 m\u00b2 - Alekeskus\" \/>\n<meta property=\"og:description\" content=\"katusealune\" \/>\n<meta property=\"og:url\" content=\"https:\/\/alekeskus.eu\/et\/toode\/varjualune-bianka-166-alekeskus\/\" \/>\n<meta property=\"og:site_name\" content=\"Alekeskus\" \/>\n<meta property=\"article:modified_time\" content=\"2024-02-15T19:13:09+00:00\" \/>\n<meta property=\"og:image\" content=\"https:\/\/alekeskus.eu\/wp-content\/uploads\/2023\/12\/Bianca_16.6-WTDIP.jpg\" \/>\n\t<meta property=\"og:image:width\" content=\"2500\" \/>\n\t<meta property=\"og:image:height\" content=\"1875\" \/>\n\t<meta property=\"og:image:type\" content=\"image\/jpeg\" \/>\n<meta name=\"twitter:card\" content=\"summary_large_image\" \/>\n<meta name=\"twitter:label1\" content=\"Est. reading time\" \/>\n\t<meta name=\"twitter:data1\" content=\"1 minut\" \/>\n<script type=\"application\/ld+json\" class=\"yoast-schema-graph\">{\"@context\":\"https:\\\/\\\/schema.org\",\"@graph\":[{\"@type\":\"WebPage\",\"@id\":\"https:\\\/\\\/alekeskus.eu\\\/et\\\/toode\\\/varjualune-bianka-166-alekeskus\\\/\",\"url\":\"https:\\\/\\\/alekeskus.eu\\\/et\\\/toode\\\/varjualune-bianka-166-alekeskus\\\/\",\"name\":\"Varjualune Bianka 16,6 m\u00b2 - Alekeskus\",\"isPartOf\":{\"@id\":\"https:\\\/\\\/alekeskus.eu\\\/#website\"},\"primaryImageOfPage\":{\"@id\":\"https:\\\/\\\/alekeskus.eu\\\/et\\\/toode\\\/varjualune-bianka-166-alekeskus\\\/#primaryimage\"},\"image\":{\"@id\":\"https:\\\/\\\/alekeskus.eu\\\/et\\\/toode\\\/varjualune-bianka-166-alekeskus\\\/#primaryimage\"},\"thumbnailUrl\":\"https:\\\/\\\/alekeskus.eu\\\/wp-content\\\/uploads\\\/2023\\\/12\\\/Bianca_16.6-WTDIP.jpg\",\"datePublished\":\"2023-12-06T14:52:10+00:00\",\"dateModified\":\"2024-02-15T19:13:09+00:00\",\"description\":\"katusealune\",\"breadcrumb\":{\"@id\":\"https:\\\/\\\/alekeskus.eu\\\/et\\\/toode\\\/varjualune-bianka-166-alekeskus\\\/#breadcrumb\"},\"inLanguage\":\"et\",\"potentialAction\":[{\"@type\":\"ReadAction\",\"target\":[\"https:\\\/\\\/alekeskus.eu\\\/et\\\/toode\\\/varjualune-bianka-166-alekeskus\\\/\"]}]},{\"@type\":\"ImageObject\",\"inLanguage\":\"et\",\"@id\":\"https:\\\/\\\/alekeskus.eu\\\/et\\\/toode\\\/varjualune-bianka-166-alekeskus\\\/#primaryimage\",\"url\":\"https:\\\/\\\/alekeskus.eu\\\/wp-content\\\/uploads\\\/2023\\\/12\\\/Bianca_16.6-WTDIP.jpg\",\"contentUrl\":\"https:\\\/\\\/alekeskus.eu\\\/wp-content\\\/uploads\\\/2023\\\/12\\\/Bianca_16.6-WTDIP.jpg\",\"width\":1600,\"height\":1200},{\"@type\":\"BreadcrumbList\",\"@id\":\"https:\\\/\\\/alekeskus.eu\\\/et\\\/toode\\\/varjualune-bianka-166-alekeskus\\\/#breadcrumb\",\"itemListElement\":[{\"@type\":\"ListItem\",\"position\":1,\"name\":\"Avaleht\",\"item\":\"https:\\\/\\\/alekeskus.eu\\\/et\\\/\"},{\"@type\":\"ListItem\",\"position\":2,\"name\":\"Pood\",\"item\":\"https:\\\/\\\/alekeskus.eu\\\/pood\\\/\"},{\"@type\":\"ListItem\",\"position\":3,\"name\":\"Varjualune Bianka 16,6 m\u00b2\"}]},{\"@type\":\"WebSite\",\"@id\":\"https:\\\/\\\/alekeskus.eu\\\/#website\",\"url\":\"https:\\\/\\\/alekeskus.eu\\\/\",\"name\":\"Alekeskus\",\"description\":\"Alekeskus.eu\",\"potentialAction\":[{\"@type\":\"SearchAction\",\"target\":{\"@type\":\"EntryPoint\",\"urlTemplate\":\"https:\\\/\\\/alekeskus.eu\\\/?s={search_term_string}\"},\"query-input\":{\"@type\":\"PropertyValueSpecification\",\"valueRequired\":true,\"valueName\":\"search_term_string\"}}],\"inLanguage\":\"et\"}]}<\/script>\n<!-- \/ Yoast SEO plugin. -->","yoast_head_json":{"title":"Varjualune Bianka 16,6 m\u00b2 - Alekeskus","description":"katusealune","robots":{"index":"index","follow":"follow","max-snippet":"max-snippet:-1","max-image-preview":"max-image-preview:large","max-video-preview":"max-video-preview:-1"},"canonical":"https:\/\/alekeskus.eu\/et\/toode\/varjualune-bianka-166-alekeskus\/","og_locale":"et_EE","og_type":"article","og_title":"Varjualune Bianka 16,6 m\u00b2 - Alekeskus","og_description":"katusealune","og_url":"https:\/\/alekeskus.eu\/et\/toode\/varjualune-bianka-166-alekeskus\/","og_site_name":"Alekeskus","article_modified_time":"2024-02-15T19:13:09+00:00","og_image":[{"width":2500,"height":1875,"url":"https:\/\/alekeskus.eu\/wp-content\/uploads\/2023\/12\/Bianca_16.6-WTDIP.jpg","type":"image\/jpeg"}],"twitter_card":"summary_large_image","twitter_misc":{"Est. reading time":"1 minut"},"schema":{"@context":"https:\/\/schema.org","@graph":[{"@type":"WebPage","@id":"https:\/\/alekeskus.eu\/et\/toode\/varjualune-bianka-166-alekeskus\/","url":"https:\/\/alekeskus.eu\/et\/toode\/varjualune-bianka-166-alekeskus\/","name":"Varjualune Bianka 16,6 m\u00b2 - Alekeskus","isPartOf":{"@id":"https:\/\/alekeskus.eu\/#website"},"primaryImageOfPage":{"@id":"https:\/\/alekeskus.eu\/et\/toode\/varjualune-bianka-166-alekeskus\/#primaryimage"},"image":{"@id":"https:\/\/alekeskus.eu\/et\/toode\/varjualune-bianka-166-alekeskus\/#primaryimage"},"thumbnailUrl":"https:\/\/alekeskus.eu\/wp-content\/uploads\/2023\/12\/Bianca_16.6-WTDIP.jpg","datePublished":"2023-12-06T14:52:10+00:00","dateModified":"2024-02-15T19:13:09+00:00","description":"katusealune","breadcrumb":{"@id":"https:\/\/alekeskus.eu\/et\/toode\/varjualune-bianka-166-alekeskus\/#breadcrumb"},"inLanguage":"et","potentialAction":[{"@type":"ReadAction","target":["https:\/\/alekeskus.eu\/et\/toode\/varjualune-bianka-166-alekeskus\/"]}]},{"@type":"ImageObject","inLanguage":"et","@id":"https:\/\/alekeskus.eu\/et\/toode\/varjualune-bianka-166-alekeskus\/#primaryimage","url":"https:\/\/alekeskus.eu\/wp-content\/uploads\/2023\/12\/Bianca_16.6-WTDIP.jpg","contentUrl":"https:\/\/alekeskus.eu\/wp-content\/uploads\/2023\/12\/Bianca_16.6-WTDIP.jpg","width":1600,"height":1200},{"@type":"BreadcrumbList","@id":"https:\/\/alekeskus.eu\/et\/toode\/varjualune-bianka-166-alekeskus\/#breadcrumb","itemListElement":[{"@type":"ListItem","position":1,"name":"Avaleht","item":"https:\/\/alekeskus.eu\/et\/"},{"@type":"ListItem","position":2,"name":"Pood","item":"https:\/\/alekeskus.eu\/pood\/"},{"@type":"ListItem","position":3,"name":"Varjualune Bianka 16,6 m\u00b2"}]},{"@type":"WebSite","@id":"https:\/\/alekeskus.eu\/#website","url":"https:\/\/alekeskus.eu\/","name":"Alekeskus","description":"Alekeskus.eu","potentialAction":[{"@type":"SearchAction","target":{"@type":"EntryPoint","urlTemplate":"https:\/\/alekeskus.eu\/?s={search_term_string}"},"query-input":{"@type":"PropertyValueSpecification","valueRequired":true,"valueName":"search_term_string"}}],"inLanguage":"et"}]}},"brands":[],"_links":{"self":[{"href":"https:\/\/alekeskus.eu\/et\/wp-json\/wp\/v2\/product\/84959","targetHints":{"allow":["GET"]}}],"collection":[{"href":"https:\/\/alekeskus.eu\/et\/wp-json\/wp\/v2\/product"}],"about":[{"href":"https:\/\/alekeskus.eu\/et\/wp-json\/wp\/v2\/types\/product"}],"wp:featuredmedia":[{"embeddable":true,"href":"https:\/\/alekeskus.eu\/et\/wp-json\/wp\/v2\/media\/84987"}],"wp:attachment":[{"href":"https:\/\/alekeskus.eu\/et\/wp-json\/wp\/v2\/media?parent=84959"}],"wp:term":[{"taxonomy":"pwb-brand","embeddable":true,"href":"https:\/\/alekeskus.eu\/et\/wp-json\/wp\/v2\/pwb-brand?post=84959"},{"taxonomy":"product_brand","embeddable":true,"href":"https:\/\/alekeskus.eu\/et\/wp-json\/wp\/v2\/product_brand?post=84959"},{"taxonomy":"product_cat","embeddable":true,"href":"https:\/\/alekeskus.eu\/et\/wp-json\/wp\/v2\/product_cat?post=84959"},{"taxonomy":"product_tag","embeddable":true,"href":"https:\/\/alekeskus.eu\/et\/wp-json\/wp\/v2\/product_tag?post=84959"}],"curies":[{"name":"wp","href":"https:\/\/api.w.org\/{rel}","templated":true}]}}

<p>Välismõõdud: <strong>5,88 x 3,0 m</strong>.</p>
<p><strong>TASUTA VEDU JA MAHALAADIMINE (ka suursaartel)!</strong></p>
<ul>
<li>harja kõrgus 323 cm ja seina kõrgus 210 cm</li>
<li>liimpuidust postid 120 x 120 mm teraskingadega</li>
<li>põrand ei sisaldu hinnas</li>
<li>katuse pindala 32 m² ja kalle 30º, räästas 42 cm</li>
<li>sarikad 44 x 120 mm, punniga katuselauad 19 mm</li>
<li>katusekate ei sisaldu hinnas(kulu 15 pakki sindlit)</li>
<li>tellitav puidukaitsevahendisse kastetuna +500€ (pruun, hall või valkjas), tellimisaeg u 1 kuu<strong> : <img decoding="async" class="" src="https://www.palmako.ee/sites/default/files/styles/product_list_item/public/2020-06/BNDIP.jpg?itok=_LQkkeHM" width="66" height="66" /><img decoding="async" class="" src="https://www.palmako.ee/sites/default/files/styles/product_list_item/public/2020-06/GYDIP.jpg?itok=RrYf7KTV" width="66" height="66" /><img decoding="async" class="" src="https://www.palmako.ee/sites/default/files/styles/product_list_item/public/2020-06/WTDIP.jpg?itok=D9U46coI" width="67" height="67" /></strong></li>
<li>5-aastane tehase garantii</li>
<li>kinnitusvahendid ja koostejuhend</li>
<li>Eesti toode</li>
<li>vihmakindel pakend</li>
</ul>
<p>Küsi ka paigaldust!</p>
