{"id":87002,"date":"2024-08-14T18:01:27","date_gmt":"2024-08-14T18:01:27","guid":{"rendered":"https:\/\/alekeskus.eu\/?post_type=product&#038;p=87002"},"modified":"2024-08-23T15:24:42","modified_gmt":"2024-08-23T15:24:42","slug":"vierasmaja-spee-87-tummanharmaa-kasattuna-alekeskus","status":"publish","type":"product","link":"https:\/\/alekeskus.eu\/et\/toode\/vierasmaja-spee-87-tummanharmaa-kasattuna-alekeskus\/","title":{"rendered":"Vierasmaja Spee 8.7 m\u00b2 tummanharmaa asennettuna Virossa"},"content":{"rendered":"","protected":false},"excerpt":{"rendered":"<p>Ulkosein\u00e4mitat: <b>300 x 300 cm.\u00a0<\/b><\/p>\n<div id=\"short_description_block\">\n<div id=\"short_description_content\" class=\"rte align_justify\">\n<ul>\n<li>tehtaalla sein\u00e4t k\u00e4sitelty sis\u00e4lt\u00e4 ja ulkoa tummanharmaalla 2x OSMO laatumaalilla. Ovi, ikkunat ja listat ovat k\u00e4sitelty kokonaan valkoiseksi. Katto ja kattopalkit valkoiset.<\/li>\n<li><strong>28 mm<\/strong> h\u00f6yl\u00e4hirsirakenne tuulitapilla ja myrskyvahvistuksilla<\/li>\n<li>harjakorkeus<strong> 245 cm<\/strong><\/li>\n<li><strong>etulippa 51 cm<\/strong><\/li>\n<li>pontatut kattolaudat 15 x 90 mm<\/li>\n<li>lattialaudat 15 x 90 mm ja painekyll\u00e4stetyt lattianiskat 45 x 45 mm<\/li>\n<li>sylinterilukollinen lasitettu pariovi 84 x 185 cm, avattavat ikkunat 69 x 88 ja 129 x 88 cm<\/li>\n<li>voidaan kasata peilikuvassa<\/li>\n<li>tehty Eestiss\u00e4<\/li>\n<li>hinta sis\u00e4lt\u00e4\u00e4 kasausta Eestiss\u00e4<\/li>\n<li>kattokate harmaa Icopalin pintakermi<\/li>\n<\/ul>\n<p>&nbsp;<\/p>\n<\/div>\n<\/div>\n","protected":false},"featured_media":87004,"template":"","meta":{"_monsterinsights_skip_tracking":false,"_monsterinsights_sitenote_active":false,"_monsterinsights_sitenote_note":"","_monsterinsights_sitenote_category":0},"pwb-brand":[],"product_brand":[],"product_cat":[13593,13539,17183,13541,13601,13595],"product_tag":[17223,17226,17370,17805,17806,17807,17173,17937,17175,17176],"class_list":{"0":"post-87002","1":"product","2":"type-product","3":"status-publish","4":"has-post-thumbnail","6":"product_cat-vierasmajat-alekeskus","7":"product_cat-ale","8":"product_cat-kesakeittiot","9":"product_cat-rakennukset","10":"product_cat-vajat-aitat-kioskit","11":"product_cat-leikkimokit","12":"product_tag-vierasmaja-fi","13":"product_tag-kesamokki-fi-2","14":"product_tag-pihavaja-fi-3","15":"product_tag-ale-fi","16":"product_tag-lopuunmyynti","17":"product_tag-loppuunmyynti-fi","18":"product_tag-pihamaja-fi-2","19":"product_tag-pihavarasto-fi","20":"product_tag-pihavaja-fi","21":"product_tag-hoylahirsi-fi-2","22":"product_shipping_class-tasuta-transport-kuni-1000kg-fi","23":"pa_laoasukoht-tartumaa-fi","24":"pa_pindalam-87-fi","25":"pa_seinapaksus-28-mm-fi","26":"pa_veame-eesti-ja-suomi","28":"first","29":"instock","30":"featured","31":"taxable","32":"shipping-taxable","33":"purchasable","34":"product-type-simple"},"yoast_head":"<!-- This site is optimized with the Yoast SEO plugin v27.3 - https:\/\/yoast.com\/product\/yoast-seo-wordpress\/ -->\n<title>Vierasmaja Spee 8.7 m\u00b2 tummanharmaa asennettuna Virossa - Alekeskus<\/title>\n<meta name=\"description\" content=\"loppuunmyynnin vierasmaja h\u00f6yl\u00e4hirrest\u00e4\" \/>\n<meta name=\"robots\" content=\"index, follow, max-snippet:-1, max-image-preview:large, max-video-preview:-1\" \/>\n<link rel=\"canonical\" href=\"https:\/\/alekeskus.eu\/fi\/tuote\/vierasmaja-spee-87-tummanharmaa-kasattuna-alekeskus\/\" \/>\n<meta property=\"og:locale\" content=\"et_EE\" \/>\n<meta property=\"og:type\" content=\"article\" \/>\n<meta property=\"og:title\" content=\"Vierasmaja Spee 8.7 m\u00b2 tummanharmaa asennettuna Virossa - Alekeskus\" \/>\n<meta property=\"og:description\" content=\"loppuunmyynnin vierasmaja h\u00f6yl\u00e4hirrest\u00e4\" \/>\n<meta property=\"og:url\" content=\"https:\/\/alekeskus.eu\/fi\/tuote\/vierasmaja-spee-87-tummanharmaa-kasattuna-alekeskus\/\" \/>\n<meta property=\"og:site_name\" content=\"Alekeskus\" \/>\n<meta property=\"article:modified_time\" content=\"2024-08-23T15:24:42+00:00\" \/>\n<meta property=\"og:image\" content=\"https:\/\/alekeskus.eu\/wp-content\/uploads\/2024\/08\/Eest-lahi.jpg\" \/>\n\t<meta property=\"og:image:width\" content=\"1159\" \/>\n\t<meta property=\"og:image:height\" content=\"869\" \/>\n\t<meta property=\"og:image:type\" content=\"image\/jpeg\" \/>\n<meta name=\"twitter:card\" content=\"summary_large_image\" \/>\n<meta name=\"twitter:label1\" content=\"Est. reading time\" \/>\n\t<meta name=\"twitter:data1\" content=\"1 minut\" \/>\n<script type=\"application\/ld+json\" class=\"yoast-schema-graph\">{\"@context\":\"https:\\\/\\\/schema.org\",\"@graph\":[{\"@type\":\"WebPage\",\"@id\":\"https:\\\/\\\/alekeskus.eu\\\/fi\\\/tuote\\\/vierasmaja-spee-87-tummanharmaa-kasattuna-alekeskus\\\/\",\"url\":\"https:\\\/\\\/alekeskus.eu\\\/fi\\\/tuote\\\/vierasmaja-spee-87-tummanharmaa-kasattuna-alekeskus\\\/\",\"name\":\"Vierasmaja Spee 8.7 m\u00b2 tummanharmaa asennettuna Virossa - Alekeskus\",\"isPartOf\":{\"@id\":\"https:\\\/\\\/alekeskus.eu\\\/#website\"},\"primaryImageOfPage\":{\"@id\":\"https:\\\/\\\/alekeskus.eu\\\/fi\\\/tuote\\\/vierasmaja-spee-87-tummanharmaa-kasattuna-alekeskus\\\/#primaryimage\"},\"image\":{\"@id\":\"https:\\\/\\\/alekeskus.eu\\\/fi\\\/tuote\\\/vierasmaja-spee-87-tummanharmaa-kasattuna-alekeskus\\\/#primaryimage\"},\"thumbnailUrl\":\"https:\\\/\\\/alekeskus.eu\\\/wp-content\\\/uploads\\\/2024\\\/08\\\/Eest-lahi.jpg\",\"datePublished\":\"2024-08-14T18:01:27+00:00\",\"dateModified\":\"2024-08-23T15:24:42+00:00\",\"description\":\"loppuunmyynnin vierasmaja h\u00f6yl\u00e4hirrest\u00e4\",\"breadcrumb\":{\"@id\":\"https:\\\/\\\/alekeskus.eu\\\/fi\\\/tuote\\\/vierasmaja-spee-87-tummanharmaa-kasattuna-alekeskus\\\/#breadcrumb\"},\"inLanguage\":\"et\",\"potentialAction\":[{\"@type\":\"ReadAction\",\"target\":[\"https:\\\/\\\/alekeskus.eu\\\/fi\\\/tuote\\\/vierasmaja-spee-87-tummanharmaa-kasattuna-alekeskus\\\/\"]}]},{\"@type\":\"ImageObject\",\"inLanguage\":\"et\",\"@id\":\"https:\\\/\\\/alekeskus.eu\\\/fi\\\/tuote\\\/vierasmaja-spee-87-tummanharmaa-kasattuna-alekeskus\\\/#primaryimage\",\"url\":\"https:\\\/\\\/alekeskus.eu\\\/wp-content\\\/uploads\\\/2024\\\/08\\\/Eest-lahi.jpg\",\"contentUrl\":\"https:\\\/\\\/alekeskus.eu\\\/wp-content\\\/uploads\\\/2024\\\/08\\\/Eest-lahi.jpg\",\"width\":1159,\"height\":869},{\"@type\":\"BreadcrumbList\",\"@id\":\"https:\\\/\\\/alekeskus.eu\\\/fi\\\/tuote\\\/vierasmaja-spee-87-tummanharmaa-kasattuna-alekeskus\\\/#breadcrumb\",\"itemListElement\":[{\"@type\":\"ListItem\",\"position\":1,\"name\":\"Avaleht\",\"item\":\"https:\\\/\\\/alekeskus.eu\\\/et\\\/\"},{\"@type\":\"ListItem\",\"position\":2,\"name\":\"Pood\",\"item\":\"https:\\\/\\\/alekeskus.eu\\\/pood\\\/\"},{\"@type\":\"ListItem\",\"position\":3,\"name\":\"Vierasmaja Spee 8.7 m\u00b2 tummanharmaa asennettuna Virossa\"}]},{\"@type\":\"WebSite\",\"@id\":\"https:\\\/\\\/alekeskus.eu\\\/#website\",\"url\":\"https:\\\/\\\/alekeskus.eu\\\/\",\"name\":\"Alekeskus\",\"description\":\"Alekeskus.eu\",\"potentialAction\":[{\"@type\":\"SearchAction\",\"target\":{\"@type\":\"EntryPoint\",\"urlTemplate\":\"https:\\\/\\\/alekeskus.eu\\\/?s={search_term_string}\"},\"query-input\":{\"@type\":\"PropertyValueSpecification\",\"valueRequired\":true,\"valueName\":\"search_term_string\"}}],\"inLanguage\":\"et\"}]}<\/script>\n<!-- \/ Yoast SEO plugin. -->","yoast_head_json":{"title":"Vierasmaja Spee 8.7 m\u00b2 tummanharmaa asennettuna Virossa - Alekeskus","description":"loppuunmyynnin vierasmaja h\u00f6yl\u00e4hirrest\u00e4","robots":{"index":"index","follow":"follow","max-snippet":"max-snippet:-1","max-image-preview":"max-image-preview:large","max-video-preview":"max-video-preview:-1"},"canonical":"https:\/\/alekeskus.eu\/fi\/tuote\/vierasmaja-spee-87-tummanharmaa-kasattuna-alekeskus\/","og_locale":"et_EE","og_type":"article","og_title":"Vierasmaja Spee 8.7 m\u00b2 tummanharmaa asennettuna Virossa - Alekeskus","og_description":"loppuunmyynnin vierasmaja h\u00f6yl\u00e4hirrest\u00e4","og_url":"https:\/\/alekeskus.eu\/fi\/tuote\/vierasmaja-spee-87-tummanharmaa-kasattuna-alekeskus\/","og_site_name":"Alekeskus","article_modified_time":"2024-08-23T15:24:42+00:00","og_image":[{"width":1159,"height":869,"url":"https:\/\/alekeskus.eu\/wp-content\/uploads\/2024\/08\/Eest-lahi.jpg","type":"image\/jpeg"}],"twitter_card":"summary_large_image","twitter_misc":{"Est. reading time":"1 minut"},"schema":{"@context":"https:\/\/schema.org","@graph":[{"@type":"WebPage","@id":"https:\/\/alekeskus.eu\/fi\/tuote\/vierasmaja-spee-87-tummanharmaa-kasattuna-alekeskus\/","url":"https:\/\/alekeskus.eu\/fi\/tuote\/vierasmaja-spee-87-tummanharmaa-kasattuna-alekeskus\/","name":"Vierasmaja Spee 8.7 m\u00b2 tummanharmaa asennettuna Virossa - Alekeskus","isPartOf":{"@id":"https:\/\/alekeskus.eu\/#website"},"primaryImageOfPage":{"@id":"https:\/\/alekeskus.eu\/fi\/tuote\/vierasmaja-spee-87-tummanharmaa-kasattuna-alekeskus\/#primaryimage"},"image":{"@id":"https:\/\/alekeskus.eu\/fi\/tuote\/vierasmaja-spee-87-tummanharmaa-kasattuna-alekeskus\/#primaryimage"},"thumbnailUrl":"https:\/\/alekeskus.eu\/wp-content\/uploads\/2024\/08\/Eest-lahi.jpg","datePublished":"2024-08-14T18:01:27+00:00","dateModified":"2024-08-23T15:24:42+00:00","description":"loppuunmyynnin vierasmaja h\u00f6yl\u00e4hirrest\u00e4","breadcrumb":{"@id":"https:\/\/alekeskus.eu\/fi\/tuote\/vierasmaja-spee-87-tummanharmaa-kasattuna-alekeskus\/#breadcrumb"},"inLanguage":"et","potentialAction":[{"@type":"ReadAction","target":["https:\/\/alekeskus.eu\/fi\/tuote\/vierasmaja-spee-87-tummanharmaa-kasattuna-alekeskus\/"]}]},{"@type":"ImageObject","inLanguage":"et","@id":"https:\/\/alekeskus.eu\/fi\/tuote\/vierasmaja-spee-87-tummanharmaa-kasattuna-alekeskus\/#primaryimage","url":"https:\/\/alekeskus.eu\/wp-content\/uploads\/2024\/08\/Eest-lahi.jpg","contentUrl":"https:\/\/alekeskus.eu\/wp-content\/uploads\/2024\/08\/Eest-lahi.jpg","width":1159,"height":869},{"@type":"BreadcrumbList","@id":"https:\/\/alekeskus.eu\/fi\/tuote\/vierasmaja-spee-87-tummanharmaa-kasattuna-alekeskus\/#breadcrumb","itemListElement":[{"@type":"ListItem","position":1,"name":"Avaleht","item":"https:\/\/alekeskus.eu\/et\/"},{"@type":"ListItem","position":2,"name":"Pood","item":"https:\/\/alekeskus.eu\/pood\/"},{"@type":"ListItem","position":3,"name":"Vierasmaja Spee 8.7 m\u00b2 tummanharmaa asennettuna Virossa"}]},{"@type":"WebSite","@id":"https:\/\/alekeskus.eu\/#website","url":"https:\/\/alekeskus.eu\/","name":"Alekeskus","description":"Alekeskus.eu","potentialAction":[{"@type":"SearchAction","target":{"@type":"EntryPoint","urlTemplate":"https:\/\/alekeskus.eu\/?s={search_term_string}"},"query-input":{"@type":"PropertyValueSpecification","valueRequired":true,"valueName":"search_term_string"}}],"inLanguage":"et"}]}},"brands":[],"_links":{"self":[{"href":"https:\/\/alekeskus.eu\/et\/wp-json\/wp\/v2\/product\/87002","targetHints":{"allow":["GET"]}}],"collection":[{"href":"https:\/\/alekeskus.eu\/et\/wp-json\/wp\/v2\/product"}],"about":[{"href":"https:\/\/alekeskus.eu\/et\/wp-json\/wp\/v2\/types\/product"}],"wp:featuredmedia":[{"embeddable":true,"href":"https:\/\/alekeskus.eu\/et\/wp-json\/wp\/v2\/media\/87004"}],"wp:attachment":[{"href":"https:\/\/alekeskus.eu\/et\/wp-json\/wp\/v2\/media?parent=87002"}],"wp:term":[{"taxonomy":"pwb-brand","embeddable":true,"href":"https:\/\/alekeskus.eu\/et\/wp-json\/wp\/v2\/pwb-brand?post=87002"},{"taxonomy":"product_brand","embeddable":true,"href":"https:\/\/alekeskus.eu\/et\/wp-json\/wp\/v2\/product_brand?post=87002"},{"taxonomy":"product_cat","embeddable":true,"href":"https:\/\/alekeskus.eu\/et\/wp-json\/wp\/v2\/product_cat?post=87002"},{"taxonomy":"product_tag","embeddable":true,"href":"https:\/\/alekeskus.eu\/et\/wp-json\/wp\/v2\/product_tag?post=87002"}],"curies":[{"name":"wp","href":"https:\/\/api.w.org\/{rel}","templated":true}]}}

<p>Ulkoseinämitat: <b>300 x 300 cm. </b></p>
<div id="short_description_block">
<div id="short_description_content" class="rte align_justify">
<ul>
<li>tehtaalla seinät käsitelty sisältä ja ulkoa tummanharmaalla 2x OSMO laatumaalilla. Ovi, ikkunat ja listat ovat käsitelty kokonaan valkoiseksi. Katto ja kattopalkit valkoiset.</li>
<li><strong>28 mm</strong> höylähirsirakenne tuulitapilla ja myrskyvahvistuksilla</li>
<li>harjakorkeus<strong> 245 cm</strong></li>
<li><strong>etulippa 51 cm</strong></li>
<li>pontatut kattolaudat 15 x 90 mm</li>
<li>lattialaudat 15 x 90 mm ja painekyllästetyt lattianiskat 45 x 45 mm</li>
<li>sylinterilukollinen lasitettu pariovi 84 x 185 cm, avattavat ikkunat 69 x 88 ja 129 x 88 cm</li>
<li>voidaan kasata peilikuvassa</li>
<li>tehty Eestissä</li>
<li>hinta sisältää kasausta Eestissä</li>
<li>kattokate harmaa Icopalin pintakermi</li>
</ul>
<p>&nbsp;</p>
</div>
</div>

<!-- This site is optimized with the Yoast SEO plugin v27.3 - https://yoast.com/product/yoast-seo-wordpress/ -->
<title>Vierasmaja Spee 8.7 m² tummanharmaa asennettuna Virossa - Alekeskus</title>
<meta name="description" content="loppuunmyynnin vierasmaja höylähirrestä" />
<meta name="robots" content="index, follow, max-snippet:-1, max-image-preview:large, max-video-preview:-1" />
<link rel="canonical" href="https://alekeskus.eu/fi/tuote/vierasmaja-spee-87-tummanharmaa-kasattuna-alekeskus/" />
<meta property="og:locale" content="et_EE" />
<meta property="og:type" content="article" />
<meta property="og:title" content="Vierasmaja Spee 8.7 m² tummanharmaa asennettuna Virossa - Alekeskus" />
<meta property="og:description" content="loppuunmyynnin vierasmaja höylähirrestä" />
<meta property="og:url" content="https://alekeskus.eu/fi/tuote/vierasmaja-spee-87-tummanharmaa-kasattuna-alekeskus/" />
<meta property="og:site_name" content="Alekeskus" />
<meta property="article:modified_time" content="2024-08-23T15:24:42+00:00" />
<meta property="og:image" content="https://alekeskus.eu/wp-content/uploads/2024/08/Eest-lahi.jpg" />
	<meta property="og:image:width" content="1159" />
	<meta property="og:image:height" content="869" />
	<meta property="og:image:type" content="image/jpeg" />
<meta name="twitter:card" content="summary_large_image" />
<meta name="twitter:label1" content="Est. reading time" />
	<meta name="twitter:data1" content="1 minut" />
<script type="application/ld+json" class="yoast-schema-graph">{"@context":"https:\/\/schema.org","@graph":[{"@type":"WebPage","@id":"https:\/\/alekeskus.eu\/fi\/tuote\/vierasmaja-spee-87-tummanharmaa-kasattuna-alekeskus\/","url":"https:\/\/alekeskus.eu\/fi\/tuote\/vierasmaja-spee-87-tummanharmaa-kasattuna-alekeskus\/","name":"Vierasmaja Spee 8.7 m² tummanharmaa asennettuna Virossa - Alekeskus","isPartOf":{"@id":"https:\/\/alekeskus.eu\/#website"},"primaryImageOfPage":{"@id":"https:\/\/alekeskus.eu\/fi\/tuote\/vierasmaja-spee-87-tummanharmaa-kasattuna-alekeskus\/#primaryimage"},"image":{"@id":"https:\/\/alekeskus.eu\/fi\/tuote\/vierasmaja-spee-87-tummanharmaa-kasattuna-alekeskus\/#primaryimage"},"thumbnailUrl":"https:\/\/alekeskus.eu\/wp-content\/uploads\/2024\/08\/Eest-lahi.jpg","datePublished":"2024-08-14T18:01:27+00:00","dateModified":"2024-08-23T15:24:42+00:00","description":"loppuunmyynnin vierasmaja höylähirrestä","breadcrumb":{"@id":"https:\/\/alekeskus.eu\/fi\/tuote\/vierasmaja-spee-87-tummanharmaa-kasattuna-alekeskus\/#breadcrumb"},"inLanguage":"et","potentialAction":[{"@type":"ReadAction","target":["https:\/\/alekeskus.eu\/fi\/tuote\/vierasmaja-spee-87-tummanharmaa-kasattuna-alekeskus\/"]}]},{"@type":"ImageObject","inLanguage":"et","@id":"https:\/\/alekeskus.eu\/fi\/tuote\/vierasmaja-spee-87-tummanharmaa-kasattuna-alekeskus\/#primaryimage","url":"https:\/\/alekeskus.eu\/wp-content\/uploads\/2024\/08\/Eest-lahi.jpg","contentUrl":"https:\/\/alekeskus.eu\/wp-content\/uploads\/2024\/08\/Eest-lahi.jpg","width":1159,"height":869},{"@type":"BreadcrumbList","@id":"https:\/\/alekeskus.eu\/fi\/tuote\/vierasmaja-spee-87-tummanharmaa-kasattuna-alekeskus\/#breadcrumb","itemListElement":[{"@type":"ListItem","position":1,"name":"Avaleht","item":"https:\/\/alekeskus.eu\/et\/"},{"@type":"ListItem","position":2,"name":"Pood","item":"https:\/\/alekeskus.eu\/pood\/"},{"@type":"ListItem","position":3,"name":"Vierasmaja Spee 8.7 m² tummanharmaa asennettuna Virossa"}]},{"@type":"WebSite","@id":"https:\/\/alekeskus.eu\/#website","url":"https:\/\/alekeskus.eu\/","name":"Alekeskus","description":"Alekeskus.eu","potentialAction":[{"@type":"SearchAction","target":{"@type":"EntryPoint","urlTemplate":"https:\/\/alekeskus.eu\/?s={search_term_string}"},"query-input":{"@type":"PropertyValueSpecification","valueRequired":true,"valueName":"search_term_string"}}],"inLanguage":"et"}]}</script>
<!-- / Yoast SEO plugin. -->

loppuunmyynnin vierasmaja höylähirrestä
