{"id":87047,"date":"2025-12-19T10:41:32","date_gmt":"2025-12-19T10:41:32","guid":{"rendered":"https:\/\/alekeskus.eu\/?post_type=product&#038;p=87047"},"modified":"2026-02-27T11:15:47","modified_gmt":"2026-02-27T11:15:47","slug":"kuur-varjualune-stlouis-alekeskus","status":"publish","type":"product","link":"https:\/\/alekeskus.eu\/et\/toode\/kuur-varjualune-stlouis-alekeskus\/","title":{"rendered":"Kuur varjualusega St. Louis 8,2+11 m\u00b2"},"content":{"rendered":"<p>V\u00c4RVIMISE TEENUSE KIRJELDUS:<\/p>\n<p>Sein v\u00e4rvitakse 3-st k\u00fcljest, sh punnsooned. Sisepind j\u00e4\u00e4b naturaalseks. Maja nurgad on v\u00e4rvitakse igast k\u00fcljest. V\u00e4rvi kantakse 2 kihti. \u27a2 P\u00f5randa- ja laelauad ning p\u00e4rlinid j\u00e4\u00e4vad v\u00e4rvimata. \u27a2 Aknad ja uksed v\u00e4rvitakse valgeks igast k\u00fcljest. \u27a2 K\u00f5ik v\u00e4lised liistud (viilulauad ja liistud) v\u00e4rvitakse valgeks. \u27a2 Kvaliteetne v\u00e4rv tuntud Saksa tootjalt OSMO<\/p>\n<p>Tellimisaeg pikem.<\/p>\n<p>&nbsp;<\/p>\n","protected":false},"excerpt":{"rendered":"<p>V\u00e4lism\u00f5\u00f5dud: <strong>6,8<\/strong>\u00a0<b>x 2,9 m. <\/b>Seina k\u00f5rgused<strong> 188 ja 211<\/strong><strong>\u00a0cm.<\/strong><\/p>\n<ul>\n<li>tuuletapiga freespalk <strong>28 mm<\/strong>, tormitugevdused<\/li>\n<li>punnitud katuselauad 15 x 90 mm, p\u00f5randat ei ole<\/li>\n<li>klaasiga paarisuks silinderlukuga 149 x 185 cm<\/li>\n<li>katuse kalle 4\u00b0, katuse pindala 22 m<sup>2<\/sup><\/li>\n<li>\n<div class=\"spec-name\">kinnitusvahendid, koostejuhend<\/div>\n<\/li>\n<li>katusekate lisahinnaga(tarve 4 rulli SBS-bituumenkatet)<\/li>\n<li>tellitav v\u00e4ljast v\u00e4rvituna +1000\u20ac (hele-ja tumehall, punane, roheline; uks ja liistud \u00fcleni valged; loe alt kirjeldust, tellimisaeg 3-4 n\u00e4dalat)<\/li>\n<li>tehase garantii 5 aastat<\/li>\n<li>ilmastikukindel pakend<\/li>\n<li>paigaldatav ka peegelpildis<\/li>\n<li>Eesti toode<\/li>\n<\/ul>\n<p>Vedu mandril tellijapoolse mahalaadimisega 180\u20ac v\u00f5i kraana-autoga 350\u20ac(suursaartele vastavalt 280\u20ac ja 590\u20ac).<\/p>\n<p>K\u00fcsi ka paigaldust!<\/p>\n","protected":false},"featured_media":99629,"template":"","meta":{"_monsterinsights_skip_tracking":false,"_monsterinsights_sitenote_active":false,"_monsterinsights_sitenote_note":"","_monsterinsights_sitenote_category":0},"pwb-brand":[18577],"product_brand":[],"product_cat":[17182,13538,13592,13540,13596,13600],"product_tag":[13994,13999,14224,18150,14264,14266,13813,14311,15516,13832,13833],"class_list":{"0":"post-87047","1":"product","2":"type-product","3":"status-publish","4":"has-post-thumbnail","6":"pwb-brand-eesti","7":"product_cat-suvekoogid-alekeskus","8":"product_cat-ale","9":"product_cat-aia-ja-grillmajad","10":"product_cat-hooned-alekeskus","11":"product_cat-varjualused-talveaiad-alekeskus","12":"product_cat-kuurid-aidad-kioskid","13":"product_tag-katos","14":"product_tag-hoylahirsi","15":"product_tag-varjualune","16":"product_tag-aiakuur-viimistletud","17":"product_tag-aiakuur","18":"product_tag-katusealune","19":"product_tag-aiamaja","20":"product_tag-freespalkaiamaja","21":"product_tag-suvekook","22":"product_tag-kesakeittio","23":"product_tag-pihamaja","24":"product_shipping_class-alates-1000kg","25":"pa_garantii-5-aastat","26":"pa_kohaletoimetamine-alates-180e","27":"pa_laoasukoht-tartumaa","28":"pa_pindalam-15762","29":"pa_seinapaksus-28-mm","30":"pa_tellimisaeg-tilausaika-alekeskus","31":"pa_varv-viimistlemata","32":"pa_varv-tumehall","33":"pa_varv-helehall","34":"pa_varv-roheline","35":"pa_varv-punane","36":"pa_veame-eesti-ja-soome","38":"first","39":"instock","40":"sale","41":"featured","42":"taxable","43":"shipping-taxable","44":"purchasable","45":"product-type-variable","46":"has-default-attributes"},"yoast_head":"<!-- This site is optimized with the Yoast SEO plugin v27.3 - https:\/\/yoast.com\/product\/yoast-seo-wordpress\/ -->\n<title>Kuur varjualusega St. Louis 8,2+11 m\u00b2 - Alekeskus<\/title>\n<meta name=\"description\" content=\"Varjualune kuuriga 28 mm freespalgist\" \/>\n<meta name=\"robots\" content=\"index, follow, max-snippet:-1, max-image-preview:large, max-video-preview:-1\" \/>\n<link rel=\"canonical\" href=\"https:\/\/alekeskus.eu\/et\/toode\/kuur-varjualune-stlouis-alekeskus\/\" \/>\n<meta property=\"og:locale\" content=\"et_EE\" \/>\n<meta property=\"og:type\" content=\"article\" \/>\n<meta property=\"og:title\" content=\"Kuur varjualusega St. Louis 8,2+11 m\u00b2 - Alekeskus\" \/>\n<meta property=\"og:description\" content=\"Varjualune kuuriga 28 mm freespalgist\" \/>\n<meta property=\"og:url\" content=\"https:\/\/alekeskus.eu\/et\/toode\/kuur-varjualune-stlouis-alekeskus\/\" \/>\n<meta property=\"og:site_name\" content=\"Alekeskus\" \/>\n<meta property=\"article:modified_time\" content=\"2026-02-27T11:15:47+00:00\" \/>\n<meta property=\"og:image\" content=\"https:\/\/alekeskus.eu\/wp-content\/uploads\/2025\/08\/StLouis_green-aias-1024x1024.jpg\" \/>\n\t<meta property=\"og:image:width\" content=\"1024\" \/>\n\t<meta property=\"og:image:height\" content=\"1024\" \/>\n\t<meta property=\"og:image:type\" content=\"image\/jpeg\" \/>\n<meta name=\"twitter:card\" content=\"summary_large_image\" \/>\n<meta name=\"twitter:label1\" content=\"Est. reading time\" \/>\n\t<meta name=\"twitter:data1\" content=\"1 minut\" \/>\n<script type=\"application\/ld+json\" class=\"yoast-schema-graph\">{\"@context\":\"https:\\\/\\\/schema.org\",\"@graph\":[{\"@type\":\"WebPage\",\"@id\":\"https:\\\/\\\/alekeskus.eu\\\/et\\\/toode\\\/kuur-varjualune-stlouis-alekeskus\\\/\",\"url\":\"https:\\\/\\\/alekeskus.eu\\\/et\\\/toode\\\/kuur-varjualune-stlouis-alekeskus\\\/\",\"name\":\"Kuur varjualusega St. Louis 8,2+11 m\u00b2 - Alekeskus\",\"isPartOf\":{\"@id\":\"https:\\\/\\\/alekeskus.eu\\\/#website\"},\"primaryImageOfPage\":{\"@id\":\"https:\\\/\\\/alekeskus.eu\\\/et\\\/toode\\\/kuur-varjualune-stlouis-alekeskus\\\/#primaryimage\"},\"image\":{\"@id\":\"https:\\\/\\\/alekeskus.eu\\\/et\\\/toode\\\/kuur-varjualune-stlouis-alekeskus\\\/#primaryimage\"},\"thumbnailUrl\":\"https:\\\/\\\/alekeskus.eu\\\/wp-content\\\/uploads\\\/2025\\\/08\\\/StLouis_green-aias.jpg\",\"datePublished\":\"2025-12-19T10:41:32+00:00\",\"dateModified\":\"2026-02-27T11:15:47+00:00\",\"description\":\"Varjualune kuuriga 28 mm freespalgist\",\"breadcrumb\":{\"@id\":\"https:\\\/\\\/alekeskus.eu\\\/et\\\/toode\\\/kuur-varjualune-stlouis-alekeskus\\\/#breadcrumb\"},\"inLanguage\":\"et\",\"potentialAction\":[{\"@type\":\"ReadAction\",\"target\":[\"https:\\\/\\\/alekeskus.eu\\\/et\\\/toode\\\/kuur-varjualune-stlouis-alekeskus\\\/\"]}]},{\"@type\":\"ImageObject\",\"inLanguage\":\"et\",\"@id\":\"https:\\\/\\\/alekeskus.eu\\\/et\\\/toode\\\/kuur-varjualune-stlouis-alekeskus\\\/#primaryimage\",\"url\":\"https:\\\/\\\/alekeskus.eu\\\/wp-content\\\/uploads\\\/2025\\\/08\\\/StLouis_green-aias.jpg\",\"contentUrl\":\"https:\\\/\\\/alekeskus.eu\\\/wp-content\\\/uploads\\\/2025\\\/08\\\/StLouis_green-aias.jpg\",\"width\":2500,\"height\":1667},{\"@type\":\"BreadcrumbList\",\"@id\":\"https:\\\/\\\/alekeskus.eu\\\/et\\\/toode\\\/kuur-varjualune-stlouis-alekeskus\\\/#breadcrumb\",\"itemListElement\":[{\"@type\":\"ListItem\",\"position\":1,\"name\":\"Avaleht\",\"item\":\"https:\\\/\\\/alekeskus.eu\\\/et\\\/\"},{\"@type\":\"ListItem\",\"position\":2,\"name\":\"Pood\",\"item\":\"https:\\\/\\\/alekeskus.eu\\\/pood\\\/\"},{\"@type\":\"ListItem\",\"position\":3,\"name\":\"Kuur varjualusega St. Louis 8,2+11 m\u00b2\"}]},{\"@type\":\"WebSite\",\"@id\":\"https:\\\/\\\/alekeskus.eu\\\/#website\",\"url\":\"https:\\\/\\\/alekeskus.eu\\\/\",\"name\":\"Alekeskus\",\"description\":\"Alekeskus.eu\",\"potentialAction\":[{\"@type\":\"SearchAction\",\"target\":{\"@type\":\"EntryPoint\",\"urlTemplate\":\"https:\\\/\\\/alekeskus.eu\\\/?s={search_term_string}\"},\"query-input\":{\"@type\":\"PropertyValueSpecification\",\"valueRequired\":true,\"valueName\":\"search_term_string\"}}],\"inLanguage\":\"et\"}]}<\/script>\n<!-- \/ Yoast SEO plugin. -->","yoast_head_json":{"title":"Kuur varjualusega St. Louis 8,2+11 m\u00b2 - Alekeskus","description":"Varjualune kuuriga 28 mm freespalgist","robots":{"index":"index","follow":"follow","max-snippet":"max-snippet:-1","max-image-preview":"max-image-preview:large","max-video-preview":"max-video-preview:-1"},"canonical":"https:\/\/alekeskus.eu\/et\/toode\/kuur-varjualune-stlouis-alekeskus\/","og_locale":"et_EE","og_type":"article","og_title":"Kuur varjualusega St. Louis 8,2+11 m\u00b2 - Alekeskus","og_description":"Varjualune kuuriga 28 mm freespalgist","og_url":"https:\/\/alekeskus.eu\/et\/toode\/kuur-varjualune-stlouis-alekeskus\/","og_site_name":"Alekeskus","article_modified_time":"2026-02-27T11:15:47+00:00","og_image":[{"width":1024,"height":1024,"url":"https:\/\/alekeskus.eu\/wp-content\/uploads\/2025\/08\/StLouis_green-aias-1024x1024.jpg","type":"image\/jpeg"}],"twitter_card":"summary_large_image","twitter_misc":{"Est. reading time":"1 minut"},"schema":{"@context":"https:\/\/schema.org","@graph":[{"@type":"WebPage","@id":"https:\/\/alekeskus.eu\/et\/toode\/kuur-varjualune-stlouis-alekeskus\/","url":"https:\/\/alekeskus.eu\/et\/toode\/kuur-varjualune-stlouis-alekeskus\/","name":"Kuur varjualusega St. Louis 8,2+11 m\u00b2 - Alekeskus","isPartOf":{"@id":"https:\/\/alekeskus.eu\/#website"},"primaryImageOfPage":{"@id":"https:\/\/alekeskus.eu\/et\/toode\/kuur-varjualune-stlouis-alekeskus\/#primaryimage"},"image":{"@id":"https:\/\/alekeskus.eu\/et\/toode\/kuur-varjualune-stlouis-alekeskus\/#primaryimage"},"thumbnailUrl":"https:\/\/alekeskus.eu\/wp-content\/uploads\/2025\/08\/StLouis_green-aias.jpg","datePublished":"2025-12-19T10:41:32+00:00","dateModified":"2026-02-27T11:15:47+00:00","description":"Varjualune kuuriga 28 mm freespalgist","breadcrumb":{"@id":"https:\/\/alekeskus.eu\/et\/toode\/kuur-varjualune-stlouis-alekeskus\/#breadcrumb"},"inLanguage":"et","potentialAction":[{"@type":"ReadAction","target":["https:\/\/alekeskus.eu\/et\/toode\/kuur-varjualune-stlouis-alekeskus\/"]}]},{"@type":"ImageObject","inLanguage":"et","@id":"https:\/\/alekeskus.eu\/et\/toode\/kuur-varjualune-stlouis-alekeskus\/#primaryimage","url":"https:\/\/alekeskus.eu\/wp-content\/uploads\/2025\/08\/StLouis_green-aias.jpg","contentUrl":"https:\/\/alekeskus.eu\/wp-content\/uploads\/2025\/08\/StLouis_green-aias.jpg","width":2500,"height":1667},{"@type":"BreadcrumbList","@id":"https:\/\/alekeskus.eu\/et\/toode\/kuur-varjualune-stlouis-alekeskus\/#breadcrumb","itemListElement":[{"@type":"ListItem","position":1,"name":"Avaleht","item":"https:\/\/alekeskus.eu\/et\/"},{"@type":"ListItem","position":2,"name":"Pood","item":"https:\/\/alekeskus.eu\/pood\/"},{"@type":"ListItem","position":3,"name":"Kuur varjualusega St. Louis 8,2+11 m\u00b2"}]},{"@type":"WebSite","@id":"https:\/\/alekeskus.eu\/#website","url":"https:\/\/alekeskus.eu\/","name":"Alekeskus","description":"Alekeskus.eu","potentialAction":[{"@type":"SearchAction","target":{"@type":"EntryPoint","urlTemplate":"https:\/\/alekeskus.eu\/?s={search_term_string}"},"query-input":{"@type":"PropertyValueSpecification","valueRequired":true,"valueName":"search_term_string"}}],"inLanguage":"et"}]}},"brands":[{"id":18577,"name":"Eesti","slug":"eesti"}],"_links":{"self":[{"href":"https:\/\/alekeskus.eu\/et\/wp-json\/wp\/v2\/product\/87047","targetHints":{"allow":["GET"]}}],"collection":[{"href":"https:\/\/alekeskus.eu\/et\/wp-json\/wp\/v2\/product"}],"about":[{"href":"https:\/\/alekeskus.eu\/et\/wp-json\/wp\/v2\/types\/product"}],"wp:featuredmedia":[{"embeddable":true,"href":"https:\/\/alekeskus.eu\/et\/wp-json\/wp\/v2\/media\/99629"}],"wp:attachment":[{"href":"https:\/\/alekeskus.eu\/et\/wp-json\/wp\/v2\/media?parent=87047"}],"wp:term":[{"taxonomy":"pwb-brand","embeddable":true,"href":"https:\/\/alekeskus.eu\/et\/wp-json\/wp\/v2\/pwb-brand?post=87047"},{"taxonomy":"product_brand","embeddable":true,"href":"https:\/\/alekeskus.eu\/et\/wp-json\/wp\/v2\/product_brand?post=87047"},{"taxonomy":"product_cat","embeddable":true,"href":"https:\/\/alekeskus.eu\/et\/wp-json\/wp\/v2\/product_cat?post=87047"},{"taxonomy":"product_tag","embeddable":true,"href":"https:\/\/alekeskus.eu\/et\/wp-json\/wp\/v2\/product_tag?post=87047"}],"curies":[{"name":"wp","href":"https:\/\/api.w.org\/{rel}","templated":true}]}}

<p>VÄRVIMISE TEENUSE KIRJELDUS:</p>
<p>Sein värvitakse 3-st küljest, sh punnsooned. Sisepind jääb naturaalseks. Maja nurgad on värvitakse igast küljest. Värvi kantakse 2 kihti. ➢ Põranda- ja laelauad ning pärlinid jäävad värvimata. ➢ Aknad ja uksed värvitakse valgeks igast küljest. ➢ Kõik välised liistud (viilulauad ja liistud) värvitakse valgeks. ➢ Kvaliteetne värv tuntud Saksa tootjalt OSMO</p>
<p>Tellimisaeg pikem.</p>
<p>&nbsp;</p>

<p>Välismõõdud: <strong>6,8</strong> <b>x 2,9 m. </b>Seina kõrgused<strong> 188 ja 211</strong><strong> cm.</strong></p>
<ul>
<li>tuuletapiga freespalk <strong>28 mm</strong>, tormitugevdused</li>
<li>punnitud katuselauad 15 x 90 mm, põrandat ei ole</li>
<li>klaasiga paarisuks silinderlukuga 149 x 185 cm</li>
<li>katuse kalle 4°, katuse pindala 22 m<sup>2</sup></li>
<li>
<div class="spec-name">kinnitusvahendid, koostejuhend</div>
</li>
<li>katusekate lisahinnaga(tarve 4 rulli SBS-bituumenkatet)</li>
<li>tellitav väljast värvituna +1000€ (hele-ja tumehall, punane, roheline; uks ja liistud üleni valged; loe alt kirjeldust, tellimisaeg 3-4 nädalat)</li>
<li>tehase garantii 5 aastat</li>
<li>ilmastikukindel pakend</li>
<li>paigaldatav ka peegelpildis</li>
<li>Eesti toode</li>
</ul>
<p>Vedu mandril tellijapoolse mahalaadimisega 180€ või kraana-autoga 350€(suursaartele vastavalt 280€ ja 590€).</p>
<p>Küsi ka paigaldust!</p>
