{"id":87212,"date":"2026-02-28T18:24:54","date_gmt":"2026-02-28T18:24:54","guid":{"rendered":"https:\/\/alekeskus.eu\/?post_type=product&#038;p=87212"},"modified":"2026-03-30T14:22:06","modified_gmt":"2026-03-30T14:22:06","slug":"aiamaja-andres-katusealune-alekeskus","status":"publish","type":"product","link":"https:\/\/alekeskus.eu\/et\/toode\/aiamaja-andres-katusealune-alekeskus\/","title":{"rendered":"Aiamaja Andres 12,3 m\u00b2 + katusealune 9,8 m\u00b2, 44 mm sein, pakettklaasid"},"content":{"rendered":"","protected":false},"excerpt":{"rendered":"<p>V\u00e4lism\u00f5\u00f5dud: <strong>3,6 x 3,6 m + katusealune 3,6 x 2,7 m. <\/strong>Seina k\u00f5rgused<strong>\u00a0222 ja 234 cm.\u00a0\u00a0<\/strong><\/p>\n<ul>\n<li>tuuletapiga freespalk <strong>44 mm<\/strong> tormitugevdustega<\/li>\n<li>punnitud p\u00f5randa- ja katuselauad 18 x 90 mm<\/li>\n<li>s\u00fcvaimmutatud alustalad 45 x 70 mm<\/li>\n<li>s\u00fcvaimmutatud terrassilauad 19 x 90 mm<\/li>\n<li>2 silinderlukuga pakettklaasidega ust 159 x 196 cm; liimpuidust ukselengid; metalliga kaetud k\u00fcnnised<\/li>\n<li>pakettklaasiga sisse avanev aken 56 x 178 cm<\/li>\n<li>r\u00e4\u00e4stad 28 cm, katuse kalle 2\u00b0, katuse pindala 29 m<sup>2<\/sup><\/li>\n<li>kinnitusvahendid ja juhend<\/li>\n<li>lisahinnaga: kestev SBS-bituumenkate 3 rulli<\/li>\n<li>tellitav v\u00e4ljast v\u00e4rvituna +2000\u20ac(helehall, tumehall, punane v\u00f5i roheline; avat\u00e4ited-liistud \u00fcleni valged; loe alt kirjeldust; tellimisaeg 3-4 n\u00e4dalat pikem)<\/li>\n<li>tehase\u00a0garantii 5 a<strong>\u00a0<\/strong><\/li>\n<li>Eesti toode<\/li>\n<li>ilmastikukindel pakend<\/li>\n<li>peegelpildis paigaldatav<\/li>\n<\/ul>\n<p>Vedu mandril tellijapoolse mahalaadimisega 180\u20ac v\u00f5i kraana-autoga 350\u20ac(suursaartele vastavalt 280\u20ac ja 590\u20ac).<\/p>\n<p>K\u00fcsi ka paigaldust!<\/p>\n","protected":false},"featured_media":101167,"template":"","meta":{"_monsterinsights_skip_tracking":false,"_monsterinsights_sitenote_active":false,"_monsterinsights_sitenote_note":"","_monsterinsights_sitenote_category":0},"pwb-brand":[18577],"product_brand":[],"product_cat":[17182,13538,13592,13540,13596,13600],"product_tag":[18909,13832,15463,18910,15516,19088,19136,13864,19143,13913,13994,13999,14252,13813,14277,18330,14310,13831,15264],"class_list":{"0":"post-87212","1":"product","2":"type-product","3":"status-publish","4":"has-post-thumbnail","6":"pwb-brand-eesti","7":"product_cat-suvekoogid-alekeskus","8":"product_cat-ale","9":"product_cat-aia-ja-grillmajad","10":"product_cat-hooned-alekeskus","11":"product_cat-varjualused-talveaiad-alekeskus","12":"product_cat-kuurid-aidad-kioskid","13":"product_tag-aiamaja-soodus","14":"product_tag-kesakeittio","15":"product_tag-soodusmaja","16":"product_tag-aiamaja-ale","17":"product_tag-suvekook","18":"product_tag-aiamaja-ehitus","19":"product_tag-aiamajade-muuk","20":"product_tag-huvimaja","21":"product_tag-aiamaja-muuk","22":"product_tag-vierasmaja","23":"product_tag-katos","24":"product_tag-hoylahirsi","25":"product_tag-suvemaja","26":"product_tag-aiamaja","27":"product_tag-freespalk","28":"product_tag-palmako-vierasmaja","29":"product_tag-kodukontor","30":"product_tag-mokki","31":"product_tag-grillikatos","32":"product_shipping_class-alates-1000kg","33":"pa_garantii-5-aastat","34":"pa_kohaletoimetamine-alates-180e","35":"pa_laoasukoht-tartumaa","36":"pa_pindalam-17833","37":"pa_seinapaksus-17405","38":"pa_tellimisaeg-tilausaika-alekeskus","39":"pa_varv-roheline","40":"pa_varv-punane","41":"pa_varv-viimistlemata","42":"pa_varv-tumehall","43":"pa_varv-helehall","44":"pa_veame-eesti-ja-soome","46":"first","47":"instock","48":"sale","49":"featured","50":"taxable","51":"shipping-taxable","52":"purchasable","53":"product-type-variable","54":"has-default-attributes"},"yoast_head":"<!-- This site is optimized with the Yoast SEO plugin v27.3 - https:\/\/yoast.com\/product\/yoast-seo-wordpress\/ -->\n<title>Aiamaja Andres 12,3 m\u00b2 + katusealune 9,8 m\u00b2, 44 mm sein, pakettklaasid - Alekeskus<\/title>\n<meta name=\"description\" content=\"lamekatusega aiamaja Andres katusealusega.\" \/>\n<meta name=\"robots\" content=\"index, follow, max-snippet:-1, max-image-preview:large, max-video-preview:-1\" \/>\n<link rel=\"canonical\" href=\"https:\/\/alekeskus.eu\/et\/toode\/aiamaja-andres-katusealune-alekeskus\/\" \/>\n<meta property=\"og:locale\" content=\"et_EE\" \/>\n<meta property=\"og:type\" content=\"article\" \/>\n<meta property=\"og:title\" content=\"Aiamaja Andres 12,3 m\u00b2 + katusealune 9,8 m\u00b2, 44 mm sein, pakettklaasid - Alekeskus\" \/>\n<meta property=\"og:description\" content=\"lamekatusega aiamaja Andres katusealusega.\" \/>\n<meta property=\"og:url\" content=\"https:\/\/alekeskus.eu\/et\/toode\/aiamaja-andres-katusealune-alekeskus\/\" \/>\n<meta property=\"og:site_name\" content=\"Alekeskus\" \/>\n<meta property=\"article:modified_time\" content=\"2026-03-30T14:22:06+00:00\" \/>\n<meta property=\"og:image\" content=\"https:\/\/alekeskus.eu\/wp-content\/uploads\/2025\/10\/Andres-green-aias-scaled.jpg\" \/>\n\t<meta property=\"og:image:width\" content=\"2560\" \/>\n\t<meta property=\"og:image:height\" content=\"1708\" \/>\n\t<meta property=\"og:image:type\" content=\"image\/jpeg\" \/>\n<meta name=\"twitter:card\" content=\"summary_large_image\" \/>\n<meta name=\"twitter:label1\" content=\"Est. reading time\" \/>\n\t<meta name=\"twitter:data1\" content=\"1 minut\" \/>\n<script type=\"application\/ld+json\" class=\"yoast-schema-graph\">{\"@context\":\"https:\\\/\\\/schema.org\",\"@graph\":[{\"@type\":\"WebPage\",\"@id\":\"https:\\\/\\\/alekeskus.eu\\\/et\\\/toode\\\/aiamaja-andres-katusealune-alekeskus\\\/\",\"url\":\"https:\\\/\\\/alekeskus.eu\\\/et\\\/toode\\\/aiamaja-andres-katusealune-alekeskus\\\/\",\"name\":\"Aiamaja Andres 12,3 m\u00b2 + katusealune 9,8 m\u00b2, 44 mm sein, pakettklaasid - Alekeskus\",\"isPartOf\":{\"@id\":\"https:\\\/\\\/alekeskus.eu\\\/#website\"},\"primaryImageOfPage\":{\"@id\":\"https:\\\/\\\/alekeskus.eu\\\/et\\\/toode\\\/aiamaja-andres-katusealune-alekeskus\\\/#primaryimage\"},\"image\":{\"@id\":\"https:\\\/\\\/alekeskus.eu\\\/et\\\/toode\\\/aiamaja-andres-katusealune-alekeskus\\\/#primaryimage\"},\"thumbnailUrl\":\"https:\\\/\\\/alekeskus.eu\\\/wp-content\\\/uploads\\\/2025\\\/10\\\/Andres-green-aias-scaled.jpg\",\"datePublished\":\"2026-02-28T18:24:54+00:00\",\"dateModified\":\"2026-03-30T14:22:06+00:00\",\"description\":\"lamekatusega aiamaja Andres katusealusega.\",\"breadcrumb\":{\"@id\":\"https:\\\/\\\/alekeskus.eu\\\/et\\\/toode\\\/aiamaja-andres-katusealune-alekeskus\\\/#breadcrumb\"},\"inLanguage\":\"et\",\"potentialAction\":[{\"@type\":\"ReadAction\",\"target\":[\"https:\\\/\\\/alekeskus.eu\\\/et\\\/toode\\\/aiamaja-andres-katusealune-alekeskus\\\/\"]}]},{\"@type\":\"ImageObject\",\"inLanguage\":\"et\",\"@id\":\"https:\\\/\\\/alekeskus.eu\\\/et\\\/toode\\\/aiamaja-andres-katusealune-alekeskus\\\/#primaryimage\",\"url\":\"https:\\\/\\\/alekeskus.eu\\\/wp-content\\\/uploads\\\/2025\\\/10\\\/Andres-green-aias-scaled.jpg\",\"contentUrl\":\"https:\\\/\\\/alekeskus.eu\\\/wp-content\\\/uploads\\\/2025\\\/10\\\/Andres-green-aias-scaled.jpg\",\"width\":2560,\"height\":1708},{\"@type\":\"BreadcrumbList\",\"@id\":\"https:\\\/\\\/alekeskus.eu\\\/et\\\/toode\\\/aiamaja-andres-katusealune-alekeskus\\\/#breadcrumb\",\"itemListElement\":[{\"@type\":\"ListItem\",\"position\":1,\"name\":\"Avaleht\",\"item\":\"https:\\\/\\\/alekeskus.eu\\\/et\\\/\"},{\"@type\":\"ListItem\",\"position\":2,\"name\":\"Pood\",\"item\":\"https:\\\/\\\/alekeskus.eu\\\/pood\\\/\"},{\"@type\":\"ListItem\",\"position\":3,\"name\":\"Aiamaja Andres 12,3 m\u00b2 + katusealune 9,8 m\u00b2, 44 mm sein, pakettklaasid\"}]},{\"@type\":\"WebSite\",\"@id\":\"https:\\\/\\\/alekeskus.eu\\\/#website\",\"url\":\"https:\\\/\\\/alekeskus.eu\\\/\",\"name\":\"Alekeskus\",\"description\":\"Alekeskus.eu\",\"potentialAction\":[{\"@type\":\"SearchAction\",\"target\":{\"@type\":\"EntryPoint\",\"urlTemplate\":\"https:\\\/\\\/alekeskus.eu\\\/?s={search_term_string}\"},\"query-input\":{\"@type\":\"PropertyValueSpecification\",\"valueRequired\":true,\"valueName\":\"search_term_string\"}}],\"inLanguage\":\"et\"}]}<\/script>\n<!-- \/ Yoast SEO plugin. -->","yoast_head_json":{"title":"Aiamaja Andres 12,3 m\u00b2 + katusealune 9,8 m\u00b2, 44 mm sein, pakettklaasid - Alekeskus","description":"lamekatusega aiamaja Andres katusealusega.","robots":{"index":"index","follow":"follow","max-snippet":"max-snippet:-1","max-image-preview":"max-image-preview:large","max-video-preview":"max-video-preview:-1"},"canonical":"https:\/\/alekeskus.eu\/et\/toode\/aiamaja-andres-katusealune-alekeskus\/","og_locale":"et_EE","og_type":"article","og_title":"Aiamaja Andres 12,3 m\u00b2 + katusealune 9,8 m\u00b2, 44 mm sein, pakettklaasid - Alekeskus","og_description":"lamekatusega aiamaja Andres katusealusega.","og_url":"https:\/\/alekeskus.eu\/et\/toode\/aiamaja-andres-katusealune-alekeskus\/","og_site_name":"Alekeskus","article_modified_time":"2026-03-30T14:22:06+00:00","og_image":[{"width":2560,"height":1708,"url":"https:\/\/alekeskus.eu\/wp-content\/uploads\/2025\/10\/Andres-green-aias-scaled.jpg","type":"image\/jpeg"}],"twitter_card":"summary_large_image","twitter_misc":{"Est. reading time":"1 minut"},"schema":{"@context":"https:\/\/schema.org","@graph":[{"@type":"WebPage","@id":"https:\/\/alekeskus.eu\/et\/toode\/aiamaja-andres-katusealune-alekeskus\/","url":"https:\/\/alekeskus.eu\/et\/toode\/aiamaja-andres-katusealune-alekeskus\/","name":"Aiamaja Andres 12,3 m\u00b2 + katusealune 9,8 m\u00b2, 44 mm sein, pakettklaasid - Alekeskus","isPartOf":{"@id":"https:\/\/alekeskus.eu\/#website"},"primaryImageOfPage":{"@id":"https:\/\/alekeskus.eu\/et\/toode\/aiamaja-andres-katusealune-alekeskus\/#primaryimage"},"image":{"@id":"https:\/\/alekeskus.eu\/et\/toode\/aiamaja-andres-katusealune-alekeskus\/#primaryimage"},"thumbnailUrl":"https:\/\/alekeskus.eu\/wp-content\/uploads\/2025\/10\/Andres-green-aias-scaled.jpg","datePublished":"2026-02-28T18:24:54+00:00","dateModified":"2026-03-30T14:22:06+00:00","description":"lamekatusega aiamaja Andres katusealusega.","breadcrumb":{"@id":"https:\/\/alekeskus.eu\/et\/toode\/aiamaja-andres-katusealune-alekeskus\/#breadcrumb"},"inLanguage":"et","potentialAction":[{"@type":"ReadAction","target":["https:\/\/alekeskus.eu\/et\/toode\/aiamaja-andres-katusealune-alekeskus\/"]}]},{"@type":"ImageObject","inLanguage":"et","@id":"https:\/\/alekeskus.eu\/et\/toode\/aiamaja-andres-katusealune-alekeskus\/#primaryimage","url":"https:\/\/alekeskus.eu\/wp-content\/uploads\/2025\/10\/Andres-green-aias-scaled.jpg","contentUrl":"https:\/\/alekeskus.eu\/wp-content\/uploads\/2025\/10\/Andres-green-aias-scaled.jpg","width":2560,"height":1708},{"@type":"BreadcrumbList","@id":"https:\/\/alekeskus.eu\/et\/toode\/aiamaja-andres-katusealune-alekeskus\/#breadcrumb","itemListElement":[{"@type":"ListItem","position":1,"name":"Avaleht","item":"https:\/\/alekeskus.eu\/et\/"},{"@type":"ListItem","position":2,"name":"Pood","item":"https:\/\/alekeskus.eu\/pood\/"},{"@type":"ListItem","position":3,"name":"Aiamaja Andres 12,3 m\u00b2 + katusealune 9,8 m\u00b2, 44 mm sein, pakettklaasid"}]},{"@type":"WebSite","@id":"https:\/\/alekeskus.eu\/#website","url":"https:\/\/alekeskus.eu\/","name":"Alekeskus","description":"Alekeskus.eu","potentialAction":[{"@type":"SearchAction","target":{"@type":"EntryPoint","urlTemplate":"https:\/\/alekeskus.eu\/?s={search_term_string}"},"query-input":{"@type":"PropertyValueSpecification","valueRequired":true,"valueName":"search_term_string"}}],"inLanguage":"et"}]}},"brands":[{"id":18577,"name":"Eesti","slug":"eesti"}],"_links":{"self":[{"href":"https:\/\/alekeskus.eu\/et\/wp-json\/wp\/v2\/product\/87212","targetHints":{"allow":["GET"]}}],"collection":[{"href":"https:\/\/alekeskus.eu\/et\/wp-json\/wp\/v2\/product"}],"about":[{"href":"https:\/\/alekeskus.eu\/et\/wp-json\/wp\/v2\/types\/product"}],"wp:featuredmedia":[{"embeddable":true,"href":"https:\/\/alekeskus.eu\/et\/wp-json\/wp\/v2\/media\/101167"}],"wp:attachment":[{"href":"https:\/\/alekeskus.eu\/et\/wp-json\/wp\/v2\/media?parent=87212"}],"wp:term":[{"taxonomy":"pwb-brand","embeddable":true,"href":"https:\/\/alekeskus.eu\/et\/wp-json\/wp\/v2\/pwb-brand?post=87212"},{"taxonomy":"product_brand","embeddable":true,"href":"https:\/\/alekeskus.eu\/et\/wp-json\/wp\/v2\/product_brand?post=87212"},{"taxonomy":"product_cat","embeddable":true,"href":"https:\/\/alekeskus.eu\/et\/wp-json\/wp\/v2\/product_cat?post=87212"},{"taxonomy":"product_tag","embeddable":true,"href":"https:\/\/alekeskus.eu\/et\/wp-json\/wp\/v2\/product_tag?post=87212"}],"curies":[{"name":"wp","href":"https:\/\/api.w.org\/{rel}","templated":true}]}}

<p>Välismõõdud: <strong>3,6 x 3,6 m + katusealune 3,6 x 2,7 m. </strong>Seina kõrgused<strong> 222 ja 234 cm.  </strong></p>
<ul>
<li>tuuletapiga freespalk <strong>44 mm</strong> tormitugevdustega</li>
<li>punnitud põranda- ja katuselauad 18 x 90 mm</li>
<li>süvaimmutatud alustalad 45 x 70 mm</li>
<li>süvaimmutatud terrassilauad 19 x 90 mm</li>
<li>2 silinderlukuga pakettklaasidega ust 159 x 196 cm; liimpuidust ukselengid; metalliga kaetud künnised</li>
<li>pakettklaasiga sisse avanev aken 56 x 178 cm</li>
<li>räästad 28 cm, katuse kalle 2°, katuse pindala 29 m<sup>2</sup></li>
<li>kinnitusvahendid ja juhend</li>
<li>lisahinnaga: kestev SBS-bituumenkate 3 rulli</li>
<li>tellitav väljast värvituna +2000€(helehall, tumehall, punane või roheline; avatäited-liistud üleni valged; loe alt kirjeldust; tellimisaeg 3-4 nädalat pikem)</li>
<li>tehase garantii 5 a<strong> </strong></li>
<li>Eesti toode</li>
<li>ilmastikukindel pakend</li>
<li>peegelpildis paigaldatav</li>
</ul>
<p>Vedu mandril tellijapoolse mahalaadimisega 180€ või kraana-autoga 350€(suursaartele vastavalt 280€ ja 590€).</p>
<p>Küsi ka paigaldust!</p>
