{"id":93833,"date":"2025-11-10T15:44:41","date_gmt":"2025-11-10T15:44:41","guid":{"rendered":"https:\/\/alekeskus.eu\/?post_type=product&#038;p=93833"},"modified":"2026-02-26T12:25:28","modified_gmt":"2026-02-26T12:25:28","slug":"saunsuvila-suvi-alekeskus","status":"publish","type":"product","link":"https:\/\/alekeskus.eu\/et\/toode\/saunsuvila-suvi-alekeskus\/","title":{"rendered":"Saunsuvila Suvi 27,4 m\u00b2+magamiskorrus 10 m\u00b2"},"content":{"rendered":"","protected":false},"excerpt":{"rendered":"<p>V\u00e4lism\u00f5\u00f5dud:<strong> 5,9 x 5,0 m<\/strong>. Harja k\u00f5rgus <strong>3,74 m<\/strong>, seina k\u00f5rgus<strong> 2,72 m.<\/strong><\/p>\n<ul>\n<li>tuuletapiga freespalk <strong>70 mm<\/strong> (90 mm hind 17990\u20ac), keermelatt-tormikinnitused<\/li>\n<li>immutatud alusprussid 45 x 96 mm, laetalad 44 x 120 mm, katusep\u00e4rlinid 70 x 170 mm<\/li>\n<li>madal magamiskorrus 10 <span class=\"super-position\">m<sup>2<\/sup><\/span><\/li>\n<li>sisse kaldp\u00f6\u00f6rd-avatavad aknad alumiiniumist tilganinadega ja pakettklaasiga 55 x 173 cm, 65 x 65 cm, 51 x 51 cm, 92 x 92 cm ja 137 x 92 cm<\/li>\n<li>\n<div class=\"spec-multi\">klaasist leiliruumi uks 69 x 189 cm, silinderlukuga pakettklaasiga paarisuks 149 x 200 cm koos kinniste k\u00fclgakendega 55 x 173 cm, puidust siseuks 83 x 200 cm, puidust liuguks 83 x 200 cm<\/div>\n<\/li>\n<li>punnsoonega p\u00f5randa- ja katuselauad 18 x 90 mm<\/li>\n<li>trepp-redel 70 cm lai<\/li>\n<li>r\u00e4\u00e4stas ees 50 cm, katuse pindala 39 <span class=\"super-position\">m<sup>2 <\/sup><\/span>, katuse kalle 22\u00b0<\/li>\n<li>katusekate, keris ja saunalava lisahinnaga<\/li>\n<li>kinnitusvahendid ja koostejuhend<\/li>\n<li>tehase garantii 5 aastat<\/li>\n<li>v\u00f5imalik teha m\u00f5\u00f5tudes ja avat\u00e4idetes muudatusi<\/li>\n<li>ehitusteatise jaoks vajalikud joonised<\/li>\n<li>tootmisaeg 10 n\u00e4dalat(maksetingimus: 5000\u20ac tootmise alustamiseks ja l\u00f5puosa enne kohale toimetamist)<\/li>\n<li>Eesti toode<\/li>\n<\/ul>\n<p>K\u00fcsi ka paigaldust!<\/p>\n","protected":false},"featured_media":93927,"template":"","meta":{"_monsterinsights_skip_tracking":false,"_monsterinsights_sitenote_active":false,"_monsterinsights_sitenote_note":"","_monsterinsights_sitenote_category":0},"pwb-brand":[18577],"product_brand":[],"product_cat":[17182,13538,13592,13540,13604,13608,13610],"product_tag":[13970,13999,17515,14252,17973,18033,13813,14311,18558,13831,15121,15285,15562,18764,13864,13910,13913],"class_list":{"0":"post-93833","1":"product","2":"type-product","3":"status-publish","4":"has-post-thumbnail","6":"pwb-brand-eesti","7":"product_cat-suvekoogid-alekeskus","8":"product_cat-ale","9":"product_cat-aia-ja-grillmajad","10":"product_cat-hooned-alekeskus","11":"product_cat-saunad","12":"product_cat-kontorid","13":"product_cat-suvilad","14":"product_tag-suvila","15":"product_tag-hoylahirsi","16":"product_tag-saunamokki","17":"product_tag-suvemaja","18":"product_tag-aiasaun","19":"product_tag-rantamokki-2","20":"product_tag-aiamaja","21":"product_tag-freespalkaiamaja","22":"product_tag-lomamokki-2","23":"product_tag-mokki","24":"product_tag-puhkus","25":"product_tag-kesamokki","26":"product_tag-palk","27":"product_tag-saunsuvila","28":"product_tag-huvimaja","29":"product_tag-majutus","30":"product_tag-vierasmaja","31":"product_shipping_class-alates-1000kg","32":"pa_garantii-5-aastat","33":"pa_kohaletoimetamine-alates-180e","34":"pa_laoasukoht-tartumaa","35":"pa_pindalam-18566","36":"pa_seinapaksus-90-mm","37":"pa_seinapaksus-70-mm","38":"pa_tellimisaeg-2-3-kuud","39":"pa_varv-viimistlemata","40":"pa_veame-eesti-ja-soome","42":"first","43":"onbackorder","44":"sale","45":"featured","46":"taxable","47":"shipping-taxable","48":"purchasable","49":"product-type-simple"},"yoast_head":"<!-- This site is optimized with the Yoast SEO plugin v27.3 - https:\/\/yoast.com\/product\/yoast-seo-wordpress\/ -->\n<title>Saunsuvila Suvi 27,4 m\u00b2+magamiskorrus 10 m\u00b2 - Alekeskus<\/title>\n<meta name=\"description\" content=\"freespalksuvila j\u00e4rve v\u00f5i mere kaldale\" \/>\n<meta name=\"robots\" content=\"index, follow, max-snippet:-1, max-image-preview:large, max-video-preview:-1\" \/>\n<link rel=\"canonical\" href=\"https:\/\/alekeskus.eu\/et\/toode\/saunsuvila-suvi-alekeskus\/\" \/>\n<meta property=\"og:locale\" content=\"et_EE\" \/>\n<meta property=\"og:type\" content=\"article\" \/>\n<meta property=\"og:title\" content=\"Saunsuvila Suvi 27,4 m\u00b2+magamiskorrus 10 m\u00b2 - Alekeskus\" \/>\n<meta property=\"og:description\" content=\"freespalksuvila j\u00e4rve v\u00f5i mere kaldale\" \/>\n<meta property=\"og:url\" content=\"https:\/\/alekeskus.eu\/et\/toode\/saunsuvila-suvi-alekeskus\/\" \/>\n<meta property=\"og:site_name\" content=\"Alekeskus\" \/>\n<meta property=\"article:modified_time\" content=\"2026-02-26T12:25:28+00:00\" \/>\n<meta property=\"og:image\" content=\"https:\/\/alekeskus.eu\/wp-content\/uploads\/2025\/11\/Suvi-aias-1-1-scaled.jpg\" \/>\n\t<meta property=\"og:image:width\" content=\"1600\" \/>\n\t<meta property=\"og:image:height\" content=\"900\" \/>\n\t<meta property=\"og:image:type\" content=\"image\/jpeg\" \/>\n<meta name=\"twitter:card\" content=\"summary_large_image\" \/>\n<meta name=\"twitter:label1\" content=\"Est. reading time\" \/>\n\t<meta name=\"twitter:data1\" content=\"1 minut\" \/>\n<script type=\"application\/ld+json\" class=\"yoast-schema-graph\">{\"@context\":\"https:\\\/\\\/schema.org\",\"@graph\":[{\"@type\":\"WebPage\",\"@id\":\"https:\\\/\\\/alekeskus.eu\\\/et\\\/toode\\\/saunsuvila-suvi-alekeskus\\\/\",\"url\":\"https:\\\/\\\/alekeskus.eu\\\/et\\\/toode\\\/saunsuvila-suvi-alekeskus\\\/\",\"name\":\"Saunsuvila Suvi 27,4 m\u00b2+magamiskorrus 10 m\u00b2 - Alekeskus\",\"isPartOf\":{\"@id\":\"https:\\\/\\\/alekeskus.eu\\\/#website\"},\"primaryImageOfPage\":{\"@id\":\"https:\\\/\\\/alekeskus.eu\\\/et\\\/toode\\\/saunsuvila-suvi-alekeskus\\\/#primaryimage\"},\"image\":{\"@id\":\"https:\\\/\\\/alekeskus.eu\\\/et\\\/toode\\\/saunsuvila-suvi-alekeskus\\\/#primaryimage\"},\"thumbnailUrl\":\"https:\\\/\\\/alekeskus.eu\\\/wp-content\\\/uploads\\\/2025\\\/11\\\/Suvi-aias-1-1-scaled.jpg\",\"datePublished\":\"2025-11-10T15:44:41+00:00\",\"dateModified\":\"2026-02-26T12:25:28+00:00\",\"description\":\"freespalksuvila j\u00e4rve v\u00f5i mere kaldale\",\"breadcrumb\":{\"@id\":\"https:\\\/\\\/alekeskus.eu\\\/et\\\/toode\\\/saunsuvila-suvi-alekeskus\\\/#breadcrumb\"},\"inLanguage\":\"et\",\"potentialAction\":[{\"@type\":\"ReadAction\",\"target\":[\"https:\\\/\\\/alekeskus.eu\\\/et\\\/toode\\\/saunsuvila-suvi-alekeskus\\\/\"]}]},{\"@type\":\"ImageObject\",\"inLanguage\":\"et\",\"@id\":\"https:\\\/\\\/alekeskus.eu\\\/et\\\/toode\\\/saunsuvila-suvi-alekeskus\\\/#primaryimage\",\"url\":\"https:\\\/\\\/alekeskus.eu\\\/wp-content\\\/uploads\\\/2025\\\/11\\\/Suvi-aias-1-1-scaled.jpg\",\"contentUrl\":\"https:\\\/\\\/alekeskus.eu\\\/wp-content\\\/uploads\\\/2025\\\/11\\\/Suvi-aias-1-1-scaled.jpg\",\"width\":1600,\"height\":900},{\"@type\":\"BreadcrumbList\",\"@id\":\"https:\\\/\\\/alekeskus.eu\\\/et\\\/toode\\\/saunsuvila-suvi-alekeskus\\\/#breadcrumb\",\"itemListElement\":[{\"@type\":\"ListItem\",\"position\":1,\"name\":\"Avaleht\",\"item\":\"https:\\\/\\\/alekeskus.eu\\\/et\\\/\"},{\"@type\":\"ListItem\",\"position\":2,\"name\":\"Pood\",\"item\":\"https:\\\/\\\/alekeskus.eu\\\/pood\\\/\"},{\"@type\":\"ListItem\",\"position\":3,\"name\":\"Saunsuvila Suvi 27,4 m\u00b2+magamiskorrus 10 m\u00b2\"}]},{\"@type\":\"WebSite\",\"@id\":\"https:\\\/\\\/alekeskus.eu\\\/#website\",\"url\":\"https:\\\/\\\/alekeskus.eu\\\/\",\"name\":\"Alekeskus\",\"description\":\"Alekeskus.eu\",\"potentialAction\":[{\"@type\":\"SearchAction\",\"target\":{\"@type\":\"EntryPoint\",\"urlTemplate\":\"https:\\\/\\\/alekeskus.eu\\\/?s={search_term_string}\"},\"query-input\":{\"@type\":\"PropertyValueSpecification\",\"valueRequired\":true,\"valueName\":\"search_term_string\"}}],\"inLanguage\":\"et\"}]}<\/script>\n<!-- \/ Yoast SEO plugin. -->","yoast_head_json":{"title":"Saunsuvila Suvi 27,4 m\u00b2+magamiskorrus 10 m\u00b2 - Alekeskus","description":"freespalksuvila j\u00e4rve v\u00f5i mere kaldale","robots":{"index":"index","follow":"follow","max-snippet":"max-snippet:-1","max-image-preview":"max-image-preview:large","max-video-preview":"max-video-preview:-1"},"canonical":"https:\/\/alekeskus.eu\/et\/toode\/saunsuvila-suvi-alekeskus\/","og_locale":"et_EE","og_type":"article","og_title":"Saunsuvila Suvi 27,4 m\u00b2+magamiskorrus 10 m\u00b2 - Alekeskus","og_description":"freespalksuvila j\u00e4rve v\u00f5i mere kaldale","og_url":"https:\/\/alekeskus.eu\/et\/toode\/saunsuvila-suvi-alekeskus\/","og_site_name":"Alekeskus","article_modified_time":"2026-02-26T12:25:28+00:00","og_image":[{"width":1600,"height":900,"url":"https:\/\/alekeskus.eu\/wp-content\/uploads\/2025\/11\/Suvi-aias-1-1-scaled.jpg","type":"image\/jpeg"}],"twitter_card":"summary_large_image","twitter_misc":{"Est. reading time":"1 minut"},"schema":{"@context":"https:\/\/schema.org","@graph":[{"@type":"WebPage","@id":"https:\/\/alekeskus.eu\/et\/toode\/saunsuvila-suvi-alekeskus\/","url":"https:\/\/alekeskus.eu\/et\/toode\/saunsuvila-suvi-alekeskus\/","name":"Saunsuvila Suvi 27,4 m\u00b2+magamiskorrus 10 m\u00b2 - Alekeskus","isPartOf":{"@id":"https:\/\/alekeskus.eu\/#website"},"primaryImageOfPage":{"@id":"https:\/\/alekeskus.eu\/et\/toode\/saunsuvila-suvi-alekeskus\/#primaryimage"},"image":{"@id":"https:\/\/alekeskus.eu\/et\/toode\/saunsuvila-suvi-alekeskus\/#primaryimage"},"thumbnailUrl":"https:\/\/alekeskus.eu\/wp-content\/uploads\/2025\/11\/Suvi-aias-1-1-scaled.jpg","datePublished":"2025-11-10T15:44:41+00:00","dateModified":"2026-02-26T12:25:28+00:00","description":"freespalksuvila j\u00e4rve v\u00f5i mere kaldale","breadcrumb":{"@id":"https:\/\/alekeskus.eu\/et\/toode\/saunsuvila-suvi-alekeskus\/#breadcrumb"},"inLanguage":"et","potentialAction":[{"@type":"ReadAction","target":["https:\/\/alekeskus.eu\/et\/toode\/saunsuvila-suvi-alekeskus\/"]}]},{"@type":"ImageObject","inLanguage":"et","@id":"https:\/\/alekeskus.eu\/et\/toode\/saunsuvila-suvi-alekeskus\/#primaryimage","url":"https:\/\/alekeskus.eu\/wp-content\/uploads\/2025\/11\/Suvi-aias-1-1-scaled.jpg","contentUrl":"https:\/\/alekeskus.eu\/wp-content\/uploads\/2025\/11\/Suvi-aias-1-1-scaled.jpg","width":1600,"height":900},{"@type":"BreadcrumbList","@id":"https:\/\/alekeskus.eu\/et\/toode\/saunsuvila-suvi-alekeskus\/#breadcrumb","itemListElement":[{"@type":"ListItem","position":1,"name":"Avaleht","item":"https:\/\/alekeskus.eu\/et\/"},{"@type":"ListItem","position":2,"name":"Pood","item":"https:\/\/alekeskus.eu\/pood\/"},{"@type":"ListItem","position":3,"name":"Saunsuvila Suvi 27,4 m\u00b2+magamiskorrus 10 m\u00b2"}]},{"@type":"WebSite","@id":"https:\/\/alekeskus.eu\/#website","url":"https:\/\/alekeskus.eu\/","name":"Alekeskus","description":"Alekeskus.eu","potentialAction":[{"@type":"SearchAction","target":{"@type":"EntryPoint","urlTemplate":"https:\/\/alekeskus.eu\/?s={search_term_string}"},"query-input":{"@type":"PropertyValueSpecification","valueRequired":true,"valueName":"search_term_string"}}],"inLanguage":"et"}]}},"brands":[{"id":18577,"name":"Eesti","slug":"eesti"}],"_links":{"self":[{"href":"https:\/\/alekeskus.eu\/et\/wp-json\/wp\/v2\/product\/93833","targetHints":{"allow":["GET"]}}],"collection":[{"href":"https:\/\/alekeskus.eu\/et\/wp-json\/wp\/v2\/product"}],"about":[{"href":"https:\/\/alekeskus.eu\/et\/wp-json\/wp\/v2\/types\/product"}],"wp:featuredmedia":[{"embeddable":true,"href":"https:\/\/alekeskus.eu\/et\/wp-json\/wp\/v2\/media\/93927"}],"wp:attachment":[{"href":"https:\/\/alekeskus.eu\/et\/wp-json\/wp\/v2\/media?parent=93833"}],"wp:term":[{"taxonomy":"pwb-brand","embeddable":true,"href":"https:\/\/alekeskus.eu\/et\/wp-json\/wp\/v2\/pwb-brand?post=93833"},{"taxonomy":"product_brand","embeddable":true,"href":"https:\/\/alekeskus.eu\/et\/wp-json\/wp\/v2\/product_brand?post=93833"},{"taxonomy":"product_cat","embeddable":true,"href":"https:\/\/alekeskus.eu\/et\/wp-json\/wp\/v2\/product_cat?post=93833"},{"taxonomy":"product_tag","embeddable":true,"href":"https:\/\/alekeskus.eu\/et\/wp-json\/wp\/v2\/product_tag?post=93833"}],"curies":[{"name":"wp","href":"https:\/\/api.w.org\/{rel}","templated":true}]}}

<p>Välismõõdud:<strong> 5,9 x 5,0 m</strong>. Harja kõrgus <strong>3,74 m</strong>, seina kõrgus<strong> 2,72 m.</strong></p>
<ul>
<li>tuuletapiga freespalk <strong>70 mm</strong> (90 mm hind 17990€), keermelatt-tormikinnitused</li>
<li>immutatud alusprussid 45 x 96 mm, laetalad 44 x 120 mm, katusepärlinid 70 x 170 mm</li>
<li>madal magamiskorrus 10 <span class="super-position">m<sup>2</sup></span></li>
<li>sisse kaldpöörd-avatavad aknad alumiiniumist tilganinadega ja pakettklaasiga 55 x 173 cm, 65 x 65 cm, 51 x 51 cm, 92 x 92 cm ja 137 x 92 cm</li>
<li>
<div class="spec-multi">klaasist leiliruumi uks 69 x 189 cm, silinderlukuga pakettklaasiga paarisuks 149 x 200 cm koos kinniste külgakendega 55 x 173 cm, puidust siseuks 83 x 200 cm, puidust liuguks 83 x 200 cm</div>
</li>
<li>punnsoonega põranda- ja katuselauad 18 x 90 mm</li>
<li>trepp-redel 70 cm lai</li>
<li>räästas ees 50 cm, katuse pindala 39 <span class="super-position">m<sup>2 </sup></span>, katuse kalle 22°</li>
<li>katusekate, keris ja saunalava lisahinnaga</li>
<li>kinnitusvahendid ja koostejuhend</li>
<li>tehase garantii 5 aastat</li>
<li>võimalik teha mõõtudes ja avatäidetes muudatusi</li>
<li>ehitusteatise jaoks vajalikud joonised</li>
<li>tootmisaeg 10 nädalat(maksetingimus: 5000€ tootmise alustamiseks ja lõpuosa enne kohale toimetamist)</li>
<li>Eesti toode</li>
</ul>
<p>Küsi ka paigaldust!</p>

<!-- This site is optimized with the Yoast SEO plugin v27.3 - https://yoast.com/product/yoast-seo-wordpress/ -->
<title>Saunsuvila Suvi 27,4 m²+magamiskorrus 10 m² - Alekeskus</title>
<meta name="description" content="freespalksuvila järve või mere kaldale" />
<meta name="robots" content="index, follow, max-snippet:-1, max-image-preview:large, max-video-preview:-1" />
<link rel="canonical" href="https://alekeskus.eu/et/toode/saunsuvila-suvi-alekeskus/" />
<meta property="og:locale" content="et_EE" />
<meta property="og:type" content="article" />
<meta property="og:title" content="Saunsuvila Suvi 27,4 m²+magamiskorrus 10 m² - Alekeskus" />
<meta property="og:description" content="freespalksuvila järve või mere kaldale" />
<meta property="og:url" content="https://alekeskus.eu/et/toode/saunsuvila-suvi-alekeskus/" />
<meta property="og:site_name" content="Alekeskus" />
<meta property="article:modified_time" content="2026-02-26T12:25:28+00:00" />
<meta property="og:image" content="https://alekeskus.eu/wp-content/uploads/2025/11/Suvi-aias-1-1-scaled.jpg" />
	<meta property="og:image:width" content="1600" />
	<meta property="og:image:height" content="900" />
	<meta property="og:image:type" content="image/jpeg" />
<meta name="twitter:card" content="summary_large_image" />
<meta name="twitter:label1" content="Est. reading time" />
	<meta name="twitter:data1" content="1 minut" />
<script type="application/ld+json" class="yoast-schema-graph">{"@context":"https:\/\/schema.org","@graph":[{"@type":"WebPage","@id":"https:\/\/alekeskus.eu\/et\/toode\/saunsuvila-suvi-alekeskus\/","url":"https:\/\/alekeskus.eu\/et\/toode\/saunsuvila-suvi-alekeskus\/","name":"Saunsuvila Suvi 27,4 m²+magamiskorrus 10 m² - Alekeskus","isPartOf":{"@id":"https:\/\/alekeskus.eu\/#website"},"primaryImageOfPage":{"@id":"https:\/\/alekeskus.eu\/et\/toode\/saunsuvila-suvi-alekeskus\/#primaryimage"},"image":{"@id":"https:\/\/alekeskus.eu\/et\/toode\/saunsuvila-suvi-alekeskus\/#primaryimage"},"thumbnailUrl":"https:\/\/alekeskus.eu\/wp-content\/uploads\/2025\/11\/Suvi-aias-1-1-scaled.jpg","datePublished":"2025-11-10T15:44:41+00:00","dateModified":"2026-02-26T12:25:28+00:00","description":"freespalksuvila järve või mere kaldale","breadcrumb":{"@id":"https:\/\/alekeskus.eu\/et\/toode\/saunsuvila-suvi-alekeskus\/#breadcrumb"},"inLanguage":"et","potentialAction":[{"@type":"ReadAction","target":["https:\/\/alekeskus.eu\/et\/toode\/saunsuvila-suvi-alekeskus\/"]}]},{"@type":"ImageObject","inLanguage":"et","@id":"https:\/\/alekeskus.eu\/et\/toode\/saunsuvila-suvi-alekeskus\/#primaryimage","url":"https:\/\/alekeskus.eu\/wp-content\/uploads\/2025\/11\/Suvi-aias-1-1-scaled.jpg","contentUrl":"https:\/\/alekeskus.eu\/wp-content\/uploads\/2025\/11\/Suvi-aias-1-1-scaled.jpg","width":1600,"height":900},{"@type":"BreadcrumbList","@id":"https:\/\/alekeskus.eu\/et\/toode\/saunsuvila-suvi-alekeskus\/#breadcrumb","itemListElement":[{"@type":"ListItem","position":1,"name":"Avaleht","item":"https:\/\/alekeskus.eu\/et\/"},{"@type":"ListItem","position":2,"name":"Pood","item":"https:\/\/alekeskus.eu\/pood\/"},{"@type":"ListItem","position":3,"name":"Saunsuvila Suvi 27,4 m²+magamiskorrus 10 m²"}]},{"@type":"WebSite","@id":"https:\/\/alekeskus.eu\/#website","url":"https:\/\/alekeskus.eu\/","name":"Alekeskus","description":"Alekeskus.eu","potentialAction":[{"@type":"SearchAction","target":{"@type":"EntryPoint","urlTemplate":"https:\/\/alekeskus.eu\/?s={search_term_string}"},"query-input":{"@type":"PropertyValueSpecification","valueRequired":true,"valueName":"search_term_string"}}],"inLanguage":"et"}]}</script>
<!-- / Yoast SEO plugin. -->

freespalksuvila järve või mere kaldale
